Now
Today
Yesterday
This Month
This Year
Monthly Records
All Time Records
NOAA Style Reports
Archive Data
Trends
Gauges
Clifton PWS


Report for 2022 May
                   Monthly Climatological Summary for May 2022

Name: Shap Weather Station   City: Shap   State: Cumbria
Elevation: 257 m  Lat: N 54° 31' 31"   Lon: W 002° 40' 30"

                  Temperature (°C), Rain (mm), Wind Speed (mph)

                                      Heat  Cool        Avg
    Mean                              Deg   Deg         Wind                 Dom
Day Temp  High   Time   Low    Time   Days  Days  Rain  Speed High   Time    Dir
----------------------------------------------------------------------------------
01  10.1  13.3   15:08   7.6   00:00   8.2   0.0   1.4   1.7  19.7   13:14    SW
02  10.0  15.7   13:38   6.3   23:50   8.3   0.0   0.6   0.9  14.8   18:44   ESE
03   9.1  14.3   14:43   6.2   04:59   9.2   0.0   0.6   0.8  17.0   16:26    SW
07  12.3  15.1   17:51   0.0   13:56   2.5   0.0   0.0   0.8  14.3   15:13   ESE
08  12.4  21.0   15:04   4.4   02:44   6.0   0.1   0.0   1.3  12.5   13:13    SW
09  12.2  17.8   14:10  10.0   22:00   6.1   0.0   9.5   4.5  34.5   17:52    SW
10  11.2  15.5   17:47   8.2   04:30   7.1   0.0   7.8   8.1  35.4   20:35    SW
11  10.2  14.8   16:39   6.6   23:25   8.0   0.0   3.4   4.2  28.7   00:55   WSW
12   9.5  15.1   16:11   5.4   01:38   8.7   0.0   2.0   4.0  30.5   10:25   WSW
13  10.6  13.9   17:10   8.3   23:55   7.7   0.0   0.0   3.8  33.6   13:52   WSW
14  13.1  23.5   16:36   7.1   04:31   5.8   0.6   0.0   0.8  14.3   16:04    SW
15  12.9  19.3   12:02   6.3   01:32   5.4   0.0   1.4   2.1  26.4   10:56   ESE
16  12.6  22.0   17:48   8.8   06:44   5.8   0.1   7.8   1.5  18.4   06:22    SE
17  14.5  22.0   16:48   9.8   23:51   4.1   0.4   2.2   2.0  29.6   21:06   SSW
18  13.6  20.9   17:22   9.6   00:33   4.8   0.1   5.0   5.2  37.2   06:00    SW
19  12.5  18.6   15:26   7.7   23:10   5.8   0.0   0.3   4.3  32.3   01:19    SW
20  11.0  16.0   15:06   8.5   01:04   7.2   0.0   2.8   2.8  30.5   17:48    SW
21  12.2  18.6   18:30   8.7   05:39   6.1   0.0   0.3   2.7  31.8   15:38   WSW
22  12.0  14.9   13:35  10.4   00:01   6.3   0.0   6.2   3.4  26.0   03:37    SW
----------------------------------------------------------------------------------
    11.7  23.5    14     0.0     7   123.1   1.3  51.3   3.1  37.2    18      SW

Max >=  27.0  0
Max <=   0.0  0
Min <=   0.0  1
Min <= -18.0  0
Max Rain: 9.5 on day 9
Days of Rain: 15 (>= 0.2 mm)  9 (>= 2.0 mm)  0 (>= 20.0 mm)
Heat Base: 18.3  Cool Base: 18.3  Method: Integration
Page Updated 04/05/2022 22:30:33
Powered by Cumulus v3.15.2 (3171)