Now
Today
Yesterday
This Month
This Year
Monthly Records
All Time Records
NOAA Style Reports
Archive Data
Trends
Gauges
Clifton PWS

Select a Year or Month report

Report for 2022 Jan
                   Monthly Climatological Summary for Jan 2022

Name: Shap Weather Station   City: Shap   State: Cumbria
Elevation: 257 m  Lat: N 54° 31' 31"   Lon: W 002° 40' 30"

                  Temperature (°C), Rain (mm), Wind Speed (mph)

                                      Heat  Cool        Avg
    Mean                              Deg   Deg         Wind                 Dom
Day Temp  High   Time   Low    Time   Days  Days  Rain  Speed High   Time    Dir
----------------------------------------------------------------------------------
01  10.3  11.4   10:10   8.9   23:48   8.0   0.0   4.2   0.0   0.0   00:00     N
02   8.0   8.9   00:00   7.4   17:55  10.3   0.0   8.7   0.0   0.0   00:00     N
03   5.9   7.6   13:43   0.2   23:32  12.4   0.0   8.4   0.0   0.0   00:00     N
04  -0.1   1.3   23:43  -2.5   05:58  18.4   0.0   0.0   0.0   0.0   00:00     N
05   0.2   2.1   13:21  -3.7   23:19  18.1   0.0   0.0   0.0   0.0   00:00     N
06   1.0   4.0   19:35  -3.3   00:00  17.3   0.0   0.6   0.0   0.0   00:00     N
07   0.7   2.1   00:49  -1.4   20:36  17.6   0.0   0.0   0.0   0.0   00:00     N
08   3.1   5.6   11:05   0.3   00:00  15.2   0.0   2.5   0.0  10.8   15:44     N
09   3.5   5.5   12:48   1.6   05:16  14.8   0.0   0.3   0.0   0.0   00:00     N
10   5.6   7.2   23:06   3.2   02:06  12.6   0.0   1.1   0.0  13.0   09:48     N
11   3.9   7.2   01:25   1.4   09:12  14.4   0.0   0.0   0.0   7.6   17:35     N
12   5.3   8.0   14:30   3.3   00:02  13.0   0.0   0.0   0.0   0.0   00:00     N
13   3.0   5.9   13:32  -0.1   22:17  15.3   0.0   0.0   0.0   0.0   00:00     N
14   2.8   4.9   12:17   0.1   23:07  15.5   0.0   0.0   0.0   0.0   00:00     N
15   2.9   6.1   14:24  -1.1   03:23  15.4   0.0   0.0   0.0   0.0   00:00     N
16   4.2   6.3   13:10   0.6   23:57  14.1   0.0   0.0   0.0   0.0   00:00     N
17   0.5   4.0   13:24  -1.9   08:36  17.8   0.0   0.0   0.0   0.0   00:00     N
18   2.5   5.8   12:12  -2.7   05:04  15.8   0.0   0.3   0.0   0.0   00:00     N
19   4.8   8.2   06:11   1.3   23:03  13.5   0.0   1.7   0.0   0.0   00:00     N
20   0.2   3.2   13:19  -2.1   06:37  18.1   0.0   0.0   0.0   0.0   00:00     N
21   2.6   6.5   13:36  -1.7   00:01  15.7   0.0   0.0   0.0   0.4   09:52     N
22   4.0   7.2   13:28  -1.2   00:22  14.3   0.0   0.0   0.0   0.0   00:00     N
23   4.7   5.6   13:46   3.2   17:13  13.6   0.0   0.0   0.0   0.0   00:00     N
24   3.8   5.3   14:05   2.3   07:56  14.5   0.0   0.0   0.0   0.0   00:00     N
25   2.6   4.0   00:15   1.5   10:47  15.7   0.0   0.0   0.0   2.2   11:28     N
26   5.4   8.7   23:51   1.0   00:51  12.9   0.0   0.6   0.0   0.0   00:00     N
27   6.6   9.4   01:38   3.3   23:19  11.7   0.0   0.3   0.0   0.0   00:00     N
28   6.0   9.3   23:47   2.7   04:36  12.3   0.0   0.3   0.0   0.0   00:00     N
----------------------------------------------------------------------------------
     3.7  11.4     1    -3.7     5   408.3   0.0  29.0   0.0  13.0    10       E

Max >=  27.0  0
Max <=   0.0  0
Min <=   0.0 11
Min <= -18.0  0
Max Rain: 8.7 on day 2
Days of Rain: 12 (>= 0.2 mm)  4 (>= 2.0 mm)  0 (>= 20.0 mm)
Heat Base: 18.3  Cool Base: 18.3  Method: Integration
Page Updated 29/01/2022 08:15:17
Powered by Cumulus v3.10.4 (3121)