Now
Today
Yesterday
This Month
This Year
Monthly Records
All Time Records
NOAA Style Reports
Archive Data
Trends
Gauges
Clifton PWS


Report for 2018 Aug
                   Monthly Climatological Summary for Aug 2018

Name: Shap Weather Station   City: Shap   State: Cumbria
Elevation: 257 m  Lat: N 54 31 31   Lon: W 002 40 30

                  Temperature (°C), Rain (mm), Wind Speed (mph)

                                      Heat  Cool        Avg
    Mean                              Deg   Deg         Wind                 Dom
Day Temp  High   Time   Low    Time   Days  Days  Rain  Speed High   Time    Dir
----------------------------------------------------------------------------------
01  15.9  19.4   12:10  13.7   06:47   2.5   0.1   0.0   7.1  36.7   02:59     S
02  17.1  21.2   12:21  13.9   03:03   1.8   0.6   1.1   8.2  36.7   00:45     S
03  17.9  21.0   17:24  15.5   23:44   0.9   0.5   2.2   4.9  29.6   02:01   SSW
04  16.1  20.8   15:19  12.6   23:46   2.6   0.4   0.0   3.3  27.8   20:09    NW
05  16.6  22.1   14:33  10.4   03:17   2.8   1.1   0.0   2.8  22.8   18:32   SSW
06  16.2  18.1   10:03  14.4   01:06   2.1   0.0   0.0   5.5  37.2   13:40     S
07  16.3  19.7   14:41  12.5   23:04   2.1   0.1   0.0   4.4  24.2   15:21   SSW
08  14.3  18.2   11:08  11.2   23:57   4.0   0.0   0.0   4.6  33.2   10:19   SSW
09  13.4  18.3   13:23   9.0   06:13   4.9   0.0   0.0   3.5  28.2   12:17    SW
10  12.3  15.4   13:39  10.0   05:14   6.0   0.0   0.3   3.7  34.0   15:47   WNW
11  13.7  19.2   14:37   6.3   05:17   4.7   0.1   2.0   3.9  27.3   14:11     S
12  17.3  21.6   14:12  14.7   00:00   1.5   0.5   5.3   4.4  26.0   12:29     S
13  17.2  20.9   15:50  13.8   23:15   1.4   0.3   1.7   3.2  27.3   18:37    NW
14  16.1  19.8   14:22  13.4   03:54   2.2   0.1   0.0   4.6  28.2   17:41   SSW
----------------------------------------------------------------------------------
    15.7  22.1     5     6.3    11    39.5   3.8  12.6   4.6  37.2     6     SSW

Max >=  27.0  0
Max <=   0.0  0
Min <=   0.0  0
Min <= -18.0  0
Max Rain: 5.3 on day 12
Days of Rain: 6 (>= 0.2 mm)  3 (>= 2.0 mm)  0 (>= 20.0 mm)
Heat Base: 18.3  Cool Base: 18.3  Method: Integration
Page Updated 15/08/2018 04:55:03
Powered by Cumulus v3.0.0 (3043)