Now
Today
Yesterday
This Month
This Year
Monthly Records
All Time Records
NOAA Style Reports
Archive Data
Trends
Gauges
Clifton PWS


Report for 2019
                   Annual Climatological Summary for 2019

Name: Shap Weather Station   City: Shap   State: Cumbria
Elevation: 257 m  Lat: N 54 31 31   Lon: W 002 40 30

                  Temperature (°C), Heat Base: 18.3  Cool Base: 18.3
                          Dep.  Heat  Cool                       Max  Max  Min  Min
        Mean  Mean        From  Deg   Deg                        >=   <=   <=   <=
 YR MO  Max   Min   Mean  Norm  Days  Days  Hi  Date  Low  Date 27.0  0.0  0.0 -18.0
------------------------------------------------------------------------------------
 19  1   5.0   0.4   2.9   0.0   476     0  10.4   7  -8.0   31    0    1   13    0
 19  2   8.5   2.5   5.5   0.0   358     0  15.2  26  -7.6    1    0    0    5    0
 19  3   8.7   2.8   5.8   0.0   382     0  14.0  21  -1.5    8    0    0    2    0
 19  4  12.5   3.2   7.8   0.0   318     2  22.1  20  -2.7   13    0    0    7    0
 19  5  14.2   5.3   9.7   0.0   260     2  22.2  15   0.0    4    0    0    1    0
 19  6  16.9   8.7  12.8   0.0   172     6  27.1  29   3.7   10    1    0    0    0
 19  7  20.4  12.3  16.3   0.0    82    19  30.3  25   6.1    3    1    0    0    0
 19  8  18.7  11.8  15.1   0.0   112    12  26.3  25   7.2   13    0    0    0    0
 19  9  15.6   8.7  12.1   0.0   186     0  20.2  21   5.0    8    0    0    0    0
 19 10  10.6   4.6   7.5   0.0   334     0  13.6  12  -2.0   30    0    0    4    0
 19 11   6.4   1.8   4.3   0.0   418     0  11.8   1  -5.0   30    0    0    8    0
 19 12   6.4   2.2   4.3   0.0   435     0  10.7   5  -5.7    1    0    0    4    0
------------------------------------------------------------------------------------
        12.0   5.4   8.7   0.0  3532    40  30.3 Jul  -8.0  Jan    2    1   44    0

                                Precipitation (mm)

              Dep.   Max        Days of Rain
              From   Obs.           >=
 YR MO Total  Norm   Day Date  0.2  2.0 20.0
---------------------------------------------
 19  1  26.7-204.1  12.3  26    14    4    0
 19  2  94.7 -70.8  35.6   8    13    8    1
 19  3 179.8  20.2  35.6  12    19   14    3
 19  4  42.1 -48.8  15.4  27     9    5    0
 19  5  23.7-135.9   5.6   7    18    4    0
 19  6  97.6  10.1  14.8   8    19   12    0
 19  7 101.7   3.2  19.9  27    16   13    0
 19  8 148.0  35.4  25.2   9    23   16    2
 19  9  59.3 -69.0  10.4  29    16   12    0
 19 10  90.1-103.0  15.4   6    23   11    0
 19 11  62.3-136.7   9.2  11    19   12    0
 19 12 104.5-111.1  27.7  10    24   12    1
---------------------------------------------
      1030.5-810.5  35.6  Feb  213  123    7

                                Wind Speed (mph)
                          Dom
 YR MO   Avg.  Hi   Date  Dir
------------------------------
 19  1   5.0  59.6   14     W
 19  2   6.5  66.8    8   SSW
 19  3   7.7  69.0   13   WSW
 19  4   5.1  53.8    5    SE
 19  5   3.9  53.8   31    SW
 19  6   5.1  69.0    2   SSW
 19  7   4.5  62.3   22    SW
 19  8   5.7  53.8   17   SSW
 19  9   4.5  39.0   11    SW
 19 10   4.4  59.6    7   SSW
 19 11   4.5  37.6   11   WNW
 19 12   6.5  85.1    7   SSW
------------------------------
         5.3  85.1  Dec    SW
Page Updated 02/12/2021 05:55:20
Powered by Cumulus v3.10.4 (3121)