Now
Today
Yesterday
This Month
This Year
Monthly Records
All Time Records
NOAA Style Reports
Archive Data
Trends
Gauges
Clifton PWS


Report for 2022 Mar
                   Monthly Climatological Summary for Mar 2022

Name: Shap Weather Station   City: Shap   State: Cumbria
Elevation: 257 m  Lat: N 54° 31' 31"   Lon: W 002° 40' 30"

                  Temperature (°C), Rain (mm), Wind Speed (mph)

                                      Heat  Cool        Avg
    Mean                              Deg   Deg         Wind                 Dom
Day Temp  High   Time   Low    Time   Days  Days  Rain  Speed High   Time    Dir
----------------------------------------------------------------------------------
01   2.2   7.1   14:59  -2.2   07:29  16.0   0.0   0.0   0.0   0.0   00:00     N
02   4.2   5.9   16:06   1.2   00:00  14.1   0.0   4.2   0.0   0.0   00:00     N
03   5.6   7.8   12:35   4.4   23:55  12.7   0.0   4.5   0.0   0.0   00:00     N
04   4.0   6.6   14:45   1.9   22:48  14.3   0.0   4.5   0.0   3.6   14:52     N
05   2.6   6.2   14:25  -0.6   06:53  15.7   0.0   0.3   0.0   0.9   07:53     N
06   2.7   7.1   13:10  -0.4   22:59  15.6   0.0   0.0   0.1   6.7   15:47   ESE
07   1.8   5.3   14:59  -2.0   07:53  16.5   0.0   0.0   1.0  18.8   20:54   ESE
08   4.5   8.8   14:30  -0.5   06:52  13.8   0.0   0.0   2.6  23.3   22:34   ESE
09   7.5  10.9   13:20   5.5   00:47  10.8   0.0   5.6   3.3  26.4   07:29   ESE
10   8.2  10.3   12:08   6.0   19:07  10.1   0.0   0.0   1.7  19.3   14:54   ESE
11   8.8  10.1   10:44   6.9   21:47   9.5   0.0   8.7   2.9  22.8   00:25   ESE
12   7.1   8.9   14:28   5.4   07:53  11.2   0.0   2.5   3.0  31.8   08:27   ESE
13   7.3   9.7   14:51   5.8   23:56  11.0   0.0   2.5   2.4  22.0   16:39   ESE
14   5.5   7.8   11:19   3.4   04:04  12.7   0.0   2.2   3.3  30.9   11:50   ESE
15   6.8  11.8   14:43   3.0   06:19  11.5   0.0   0.3   2.0  30.9   13:51   ESE
16   5.7   8.1   11:34   2.4   22:52  12.6   0.0   2.8   0.8  22.4   13:08   ESE
17   5.8  10.2   10:09   0.0   04:22  12.5   0.0   2.0   2.4  27.8   10:11   WSW
18   7.2  13.4   15:24   0.6   06:16  11.0   0.0   0.0   0.7  19.3   11:26    SW
19   7.9  13.4   14:52   3.2   05:25  10.3   0.0   0.0   1.7  29.1   09:10    SE
20   4.9   9.2   14:22  -1.2   23:47  13.4   0.0   0.0   1.6  24.2   01:13    SE
21   4.6  11.2   14:26  -3.3   03:48  13.7   0.0   0.0   0.5  20.2   14:14    SW
22   9.8  16.1   14:41   4.7   04:26   8.5   0.0   0.0   0.7  24.2   16:39    SE
23   9.6  17.4   14:02   3.5   05:12   8.7   0.0   0.0   0.6  23.3   13:45   SSW
24   8.9  14.9   12:03   1.8   03:18   9.4   0.0   0.0   0.5  20.2   12:51    SW
25  10.3  18.1   14:42   4.3   23:50   8.0   0.0   0.0   0.4  16.1   16:19   WSW
26   9.3  17.0   17:19   1.2   05:39   9.0   0.0   0.0   0.4   9.0   18:34   ENE
27  10.2  17.5   15:06   1.5   06:30   7.8   0.0   0.0   0.3   8.1   16:43   SSE
28   9.8  11.8   15:32   7.8   23:44   8.5   0.0   2.5   0.3   9.0   18:21   ESE
29   8.3  12.2   11:48   5.8   06:39  10.0   0.0   0.3   0.3  13.0   19:49   ESE
30   2.3   6.1   00:00  -0.6   23:16  16.0   0.0   3.6   0.7  26.4   15:17    NE
31   1.1   4.4   15:08  -1.1   02:10  17.2   0.0   0.0   1.4  22.8   07:36   NNE
----------------------------------------------------------------------------------
     6.3  18.1    25    -3.3    21   372.1   0.0  46.5   1.2  31.8    12     ESE

Max >=  27.0  0
Max <=   0.0  0
Min <=   0.0 10
Min <= -18.0  0
Max Rain: 8.7 on day 11
Days of Rain: 15 (>= 0.2 mm)  12 (>= 2.0 mm)  0 (>= 20.0 mm)
Heat Base: 18.3  Cool Base: 18.3  Method: Integration
Page Updated 04/05/2022 22:30:33
Powered by Cumulus v3.15.2 (3171)