Select a Year or Month report
Report for 2021 Feb
Monthly Climatological Summary for Feb 2021
Name: Shap Weather Station City: Shap State: Cumbria
Elevation: 257 m Lat: N 54° 31' 31" Lon: W 002° 40' 30"
Temperature (°C), Rain (mm), Wind Speed (mph)
Heat Cool Avg
Mean Deg Deg Wind Dom
Day Temp High Time Low Time Days Days Rain Speed High Time Dir
----------------------------------------------------------------------------------
01 -0.3 3.2 14:30 -4.3 04:47 18.6 0.0 0.0 2.9 29.6 22:18 SE
02 0.5 1.7 23:52 -0.5 07:21 17.8 0.0 14.6 11.0 35.4 05:08 SE
03 1.9 3.0 10:31 1.2 20:55 16.4 0.0 17.1 7.1 31.4 00:13 ESE
04 3.0 4.6 14:16 1.1 07:08 15.3 0.0 9.5 7.9 39.4 12:58 SE
05 4.4 6.4 13:33 2.7 20:20 13.9 0.0 1.1 4.8 32.3 02:55 SE
06 3.1 4.9 06:07 1.0 23:48 15.2 0.0 2.0 5.3 28.2 21:56 NE
07 -0.1 1.1 00:00 -0.8 22:59 18.4 0.0 0.0 6.3 32.7 00:39 N
08 -1.7 -0.2 12:44 -5.7 23:56 20.0 0.0 0.0 4.9 38.5 13:57 NNW
09 -3.2 -0.6 12:52 -6.8 07:51 21.5 0.0 0.0 2.5 24.6 13:43 NE
10 -3.1 -0.1 13:08 -7.1 23:18 21.4 0.0 0.0 2.6 24.6 01:36 NNW
11 -4.2 -0.3 13:08 -8.8 02:54 22.5 0.0 0.0 4.7 30.5 16:34 SE
12 -2.5 0.1 12:15 -3.9 01:42 20.8 0.0 0.0 7.8 31.8 12:35 SSE
13 -2.5 -0.7 22:14 -4.8 05:41 20.8 0.0 0.0 11.0 57.3 10:09 SSE
14 2.5 4.8 18:55 -0.8 00:01 15.8 0.0 12.6 11.4 58.7 17:48 S
15 6.1 7.6 18:55 4.6 08:19 12.2 0.0 1.1 6.1 31.4 13:55 S
16 6.7 8.5 13:55 4.8 20:15 11.6 0.0 8.1 10.3 55.6 08:03 SSW
17 6.0 7.7 23:38 4.2 02:22 12.3 0.0 3.6 11.1 53.3 04:56 S
18 5.6 8.1 01:30 4.1 09:29 12.7 0.0 12.3 13.5 59.1 01:00 SSW
19 6.4 9.0 18:04 2.7 02:33 11.9 0.0 30.5 15.8 60.5 16:25 S
20 9.1 10.4 16:38 7.2 23:49 9.2 0.0 33.9 14.8 62.3 10:31 S
21 7.1 9.3 14:33 5.3 07:24 11.2 0.0 1.1 7.2 47.0 02:38 S
22 6.2 8.5 13:42 4.1 20:29 12.1 0.0 1.4 3.8 29.1 15:12 S
23 7.6 10.0 20:17 4.8 02:40 10.7 0.0 39.5 14.7 60.0 16:29 S
24 8.0 9.6 00:00 6.4 21:11 10.3 0.0 21.0 9.0 63.2 00:49 SSW
25 5.0 7.3 12:53 1.7 23:57 13.3 0.0 0.0 4.8 35.4 07:26 WSW
26 4.4 8.8 12:57 0.8 03:22 13.9 0.0 0.0 2.9 23.7 16:30 S
27 6.7 9.9 13:39 3.9 07:46 11.6 0.0 0.0 2.6 23.3 14:01 S
28 4.1 8.2 15:15 0.3 07:21 14.2 0.0 0.0 0.5 17.0 16:10 NNW
----------------------------------------------------------------------------------
3.1 10.4 20 -8.8 11 425.6 0.0 209.4 7.4 63.2 24 S
Max >= 27.0 0
Max <= 0.0 5
Min <= 0.0 10
Min <= -18.0 0
Max Rain: 39.5 on day 23
Days of Rain: 16 (>= 0.2 mm) 12 (>= 2.0 mm) 4 (>= 20.0 mm)
Heat Base: 18.3 Cool Base: 18.3 Method: Integration