Select a Year or Month report
Report for 2020 Dec
Monthly Climatological Summary for Dec 2020
Name: Shap Weather Station City: Shap State: Cumbria
Elevation: 257 m Lat: N 54° 31' 31" Lon: W 002° 40' 30"
Temperature (°C), Rain (mm), Wind Speed (mph)
Heat Cool Avg
Mean Deg Deg Wind Dom
Day Temp High Time Low Time Days Days Rain Speed High Time Dir
----------------------------------------------------------------------------------
01 1.9 4.2 14:16 -1.4 06:01 16.4 0.0 0.0 1.3 16.1 09:14 SE
02 4.0 6.4 12:12 2.1 03:20 14.3 0.0 1.1 4.1 27.3 12:21 SW
03 1.9 3.5 01:31 0.8 23:58 16.4 0.0 3.1 4.6 30.0 22:40 SW
04 1.7 4.6 16:30 0.0 07:59 16.6 0.0 5.3 8.4 33.2 19:33 NW
05 1.9 3.8 13:45 -0.8 21:16 16.4 0.0 0.3 2.2 30.0 04:27 N
06 2.9 4.5 13:26 1.5 00:00 15.4 0.0 0.0 2.1 19.3 02:50 NW
07 2.0 2.8 13:56 0.0 23:52 16.3 0.0 0.0 2.2 24.2 12:08 NW
08 4.0 6.2 12:24 0.2 00:00 14.3 0.0 0.3 2.4 25.5 10:15 SW
09 4.1 5.0 00:00 2.5 23:14 14.2 0.0 0.3 2.4 22.4 16:47 S
10 4.6 5.5 13:17 2.9 00:00 13.7 0.0 4.8 7.5 30.0 09:36 S
11 5.9 6.5 11:52 5.0 00:02 12.4 0.0 0.3 3.3 26.4 01:03 SE
12 5.4 6.4 07:49 2.2 23:09 12.9 0.0 0.6 2.0 32.7 10:59 NW
13 5.6 8.8 18:52 2.7 00:00 12.7 0.0 7.3 8.9 38.1 21:20 S
14 6.9 8.1 00:00 5.6 23:22 11.4 0.0 11.8 13.8 60.5 05:26 S
15 5.6 6.5 17:48 5.0 05:40 12.7 0.0 0.3 7.8 34.0 11:06 S
16 6.3 7.6 11:21 5.0 00:00 12.0 0.0 25.2 12.6 61.8 08:48 S
17 6.5 8.8 23:33 5.1 03:26 11.8 0.0 12.6 9.2 37.2 22:04 S
18 10.3 11.4 13:43 8.8 00:00 8.0 0.0 17.9 14.2 60.0 00:52 S
19 6.9 10.5 00:00 4.7 16:02 11.4 0.0 10.1 14.3 62.3 08:57 S
20 5.1 6.4 07:13 3.8 18:23 13.2 0.0 8.4 8.1 39.4 00:33 SSW
21 4.8 6.3 17:02 2.5 07:08 13.5 0.0 1.1 3.0 23.7 01:32 S
22 2.4 4.2 00:00 1.0 05:40 15.9 0.0 0.0 1.7 24.2 12:19 S
23 3.1 4.4 16:44 1.0 23:59 15.2 0.0 3.4 5.2 30.0 16:55 NNW
24 0.1 1.3 13:13 -1.5 22:59 18.2 0.0 0.0 6.2 36.3 14:28 NW
25 0.2 5.4 23:26 -4.3 06:27 18.1 0.0 0.0 3.0 31.8 23:09 SSW
26 5.5 6.4 03:13 4.9 07:06 12.8 0.0 27.7 10.2 73.9 20:09 SSW
27 1.8 6.0 00:00 0.4 20:46 16.5 0.0 3.9 5.7 33.6 00:04 SW
28 -0.7 1.0 01:43 -2.9 23:04 19.1 0.0 0.0 1.9 23.3 00:02 SE
29 -0.3 1.7 13:29 -2.9 03:23 18.6 0.0 0.0 2.5 27.3 10:00 NNW
30 -1.7 0.3 00:00 -3.4 18:46 20.0 0.0 0.0 0.3 17.0 21:34 S
31 0.3 1.2 23:53 -1.3 00:00 18.0 0.0 0.0 1.7 25.5 21:00 NW
----------------------------------------------------------------------------------
3.5 11.4 18 -4.3 25 458.4 0.0 145.8 5.6 73.9 26 SSW
Max >= 27.0 0
Max <= 0.0 0
Min <= 0.0 10
Min <= -18.0 0
Max Rain: 27.7 on day 26
Days of Rain: 21 (>= 0.2 mm) 13 (>= 2.0 mm) 2 (>= 20.0 mm)
Heat Base: 18.3 Cool Base: 18.3 Method: Integration