Now
Today
Yesterday
This Month
This Year
Monthly Records
All Time Records
NOAA Style Reports
Archive Data
Trends
Gauges
Clifton PWS


Report for 2019 Apr
                   Monthly Climatological Summary for Apr 2019

Name: Shap Weather Station   City: Shap   State: Cumbria
Elevation: 257 m  Lat: N 54 31 31   Lon: W 002 40 30

                  Temperature (°C), Rain (mm), Wind Speed (mph)

                                      Heat  Cool        Avg
    Mean                              Deg   Deg         Wind                 Dom
Day Temp  High   Time   Low    Time   Days  Days  Rain  Speed High   Time    Dir
----------------------------------------------------------------------------------
01   3.9   8.0   15:19  -1.3   05:15  14.4   0.0   1.4   4.4  30.5   16:42     S
02   3.8   7.0   13:14   0.6   23:51  14.5   0.0   4.8   4.2  26.9   12:27   WNW
03   2.1   4.9   16:39   0.0   01:49  16.2   0.0   9.0   4.1  26.0   15:01   WNW
04   4.0   7.3   16:10   1.2   03:55  14.3   0.0   0.6   7.4  34.5   16:26   ESE
05   7.0  11.2   12:32   3.1   06:45  11.3   0.0   0.0   8.8  53.8   12:35    SE
06   6.6  11.3   16:46   1.3   06:31  11.7   0.0   0.0   3.0  26.4   11:40     N
07   7.9  11.8   17:02   6.0   03:12  10.4   0.0   0.0   4.5  34.9   19:18    SE
08   7.4  10.5   12:20   5.0   05:55  10.9   0.0   0.0   4.4  28.7   11:17    SE
09   6.0   9.2   12:34   1.7   23:58  12.3   0.0   0.0   5.2  29.1   11:42     E
10   3.8   8.8   17:27  -1.3   06:52  14.5   0.0   0.0   2.9  28.7   13:13   ESE
11   4.8   9.7   15:21  -0.1   01:29  13.5   0.0   0.0   3.2  25.5   16:30     S
12   4.3   9.8   13:30  -0.4   05:50  14.0   0.0   0.0   4.4  30.0   14:28    SE
13   2.9   8.3   14:18  -2.7   06:39  15.4   0.0   0.0   6.2  30.5   13:20    SE
14   3.3   6.8   13:59  -0.4   04:52  15.0   0.0   0.0   7.0  32.3   14:40    SE
15   5.7  10.5   15:38   1.1   04:50  12.6   0.0   0.3  10.8  44.4   16:13    SE
16   7.8  12.2   16:09   4.2   05:18  10.5   0.0   0.0   6.0  29.1   06:29    SE
17   8.9  15.1   15:42   5.2   01:37   9.4   0.0   0.0   6.1  31.4   22:25   ESE
18  10.4  16.4   15:28   4.7   05:08   7.9   0.0   0.0   4.4  26.0   16:33    SE
19  12.7  20.5   14:32   4.1   05:40   6.0   0.4   0.0   2.6  27.8   11:29   SSE
20  15.8  22.1   15:12   9.6   01:18   3.6   1.1   0.0   2.7  26.0   10:13     S
21  15.2  20.5   12:49   9.8   23:00   3.6   0.5   0.0   4.6  31.4   14:27     S
22  13.7  19.9   16:26   5.9   06:28   4.9   0.2   0.0   4.4  27.3   18:30    SE
23  12.0  16.5   15:23   7.0   06:15   6.3   0.0   0.0   5.0  30.0   13:43    SE
24  10.4  15.4   16:10   5.8   02:28   7.9   0.0   2.5   6.9  38.1   18:59    SE
25   9.5  14.0   14:30   5.5   06:22   8.8   0.0   0.8   5.1  27.8   10:31   SSE
26   8.0  11.1   09:41   6.0   22:13  10.3   0.0   7.3   9.6  35.4   23:16     S
27   6.6  11.2   16:04   4.8   06:51  11.7   0.0  15.4   6.7  39.0   00:39   WNW
28   8.1  13.0   16:52   2.6   02:54  10.2   0.0   0.0   2.0  25.5   00:07   NNW
29   9.4  15.4   14:30   2.7   05:40   8.9   0.0   0.0   2.7  27.8   17:41   SSE
30  11.6  17.5   15:10   5.0   02:25   6.7   0.0   0.0   2.6  26.0   09:19     S
----------------------------------------------------------------------------------
     7.8  22.1    20    -2.7    13   317.7   2.2  42.1   5.1  53.8     5      SE

Max >=  27.0  0
Max <=   0.0  0
Min <=   0.0  7
Min <= -18.0  0
Max Rain: 15.4 on day 27
Days of Rain: 9 (>= 0.2 mm)  5 (>= 2.0 mm)  0 (>= 20.0 mm)
Heat Base: 18.3  Cool Base: 18.3  Method: Integration
Page Updated 23/10/2021 13:30:15
Powered by Cumulus v3.10.4 (3121)