Select a Year or Month report
Report for 2018 Nov
Monthly Climatological Summary for Nov 2018
Name: Shap Weather Station City: Shap State: Cumbria
Elevation: 257 m Lat: N 54 31 31 Lon: W 002 40 30
Temperature (°C), Rain (mm), Wind Speed (mph)
Heat Cool Avg
Mean Deg Deg Wind Dom
Day Temp High Time Low Time Days Days Rain Speed High Time Dir
----------------------------------------------------------------------------------
01 5.3 7.9 12:49 2.2 23:45 13.0 0.0 1.4 4.2 24.2 21:46 WNW
02 5.7 9.1 12:57 2.2 00:22 12.6 0.0 0.0 5.1 30.5 23:41 SW
03 8.8 10.6 12:01 5.8 02:44 9.5 0.0 17.6 16.2 62.7 18:07 S
04 10.2 11.5 12:59 9.7 22:54 8.1 0.0 2.5 8.1 44.8 01:13 S
05 9.0 11.2 14:31 7.6 07:17 9.3 0.0 0.0 3.3 28.2 11:36 SSE
06 10.7 12.3 14:12 8.6 04:53 7.6 0.0 0.8 8.7 38.5 20:02 S
07 10.1 12.1 11:22 7.1 23:20 8.2 0.0 3.4 8.5 35.8 08:16 SSE
08 7.8 9.9 17:44 5.2 05:41 10.5 0.0 3.6 10.7 58.7 21:21 S
09 8.7 9.8 15:28 7.4 05:39 9.6 0.0 14.8 12.6 61.8 18:40 SSE
10 8.8 10.1 11:56 6.5 05:58 9.5 0.0 3.9 9.3 57.3 01:23 S
11 7.6 8.9 12:56 7.0 01:05 10.7 0.0 11.8 6.2 33.2 12:43 S
12 8.1 10.0 12:05 7.1 23:48 10.2 0.0 12.3 10.4 49.7 18:29 S
13 8.8 10.0 13:23 7.3 00:00 9.5 0.0 0.8 8.0 35.8 13:00 SSW
14 9.8 11.6 14:12 8.1 23:41 8.5 0.0 0.6 10.5 58.2 06:40 S
15 8.9 11.7 13:24 6.2 07:40 9.4 0.0 0.0 5.2 29.1 01:48 S
16 10.1 12.3 10:48 6.7 21:20 8.2 0.0 0.0 3.5 27.8 10:49 SSE
17 6.4 9.4 12:58 2.6 06:43 11.9 0.0 0.0 4.3 26.9 21:35 SE
18 6.2 9.4 13:20 3.0 03:26 12.1 0.0 0.0 3.3 27.3 00:23 SE
19 6.4 8.4 12:22 4.8 00:05 11.9 0.0 0.0 3.7 27.3 12:56 ENE
20 5.2 6.3 12:04 3.9 18:16 13.1 0.0 1.7 6.0 32.3 17:19 NE
21 3.4 5.0 00:17 1.6 23:23 14.9 0.0 0.8 6.3 30.9 17:14 SE
22 2.1 5.2 21:24 -2.2 06:28 16.2 0.0 0.0 1.5 22.8 18:08 ESE
23 4.6 6.0 12:48 0.0 01:39 13.7 0.0 0.0 2.2 24.6 15:08 ESE
24 5.4 7.9 12:39 2.5 17:56 12.9 0.0 0.0 2.0 23.3 06:30 E
25 4.8 7.5 11:53 2.6 23:50 13.5 0.0 0.0 2.0 24.6 12:10 NE
26 1.6 5.2 13:34 -2.9 07:09 16.7 0.0 0.0 0.6 11.2 12:25 NE
27 4.4 6.9 23:36 0.6 01:23 13.9 0.0 5.3 7.2 37.2 10:19 SSE
28 9.6 12.7 13:21 6.4 00:00 8.7 0.0 22.7 14.5 82.4 16:53 S
29 9.1 12.6 10:10 7.2 21:05 9.2 0.0 14.6 14.2 66.8 18:42 S
30 6.6 8.1 00:46 4.5 22:21 11.7 0.0 7.6 9.3 35.4 02:29 SW
----------------------------------------------------------------------------------
7.1 12.7 28 -2.9 26 334.8 0.0 126.2 6.9 82.4 28 S
Max >= 27.0 0
Max <= 0.0 0
Min <= 0.0 3
Min <= -18.0 0
Max Rain: 22.7 on day 28
Days of Rain: 18 (>= 0.2 mm) 12 (>= 2.0 mm) 1 (>= 20.0 mm)
Heat Base: 18.3 Cool Base: 18.3 Method: Integration