Now
Today
Yesterday
This Month
This Year
Monthly Records
All Time Records
NOAA Style Reports
Archive Data
Trends
Gauges
Clifton PWS


Report for 2018 Jul
                   Monthly Climatological Summary for Jul 2018

Name: Shap Weather Station   City: Shap   State: Cumbria
Elevation: 257 m  Lat: N 54 31 31   Lon: W 002 40 30

                  Temperature (°C), Rain (mm), Wind Speed (mph)

                                      Heat  Cool        Avg
    Mean                              Deg   Deg         Wind                 Dom
Day Temp  High   Time   Low    Time   Days  Days  Rain  Speed High   Time    Dir
----------------------------------------------------------------------------------
01  18.1  25.6   14:40   8.5   04:45   2.7   2.5   0.0   3.0  26.0   13:55    SE
02  17.5  22.6   13:41  11.2   05:25   2.3   1.5   0.0   3.4  25.5   18:32   ESE
03  16.5  22.0   15:11  10.0   04:58   2.8   1.0   0.0   3.5  25.1   15:13    SE
04  18.4  24.8   14:19   9.0   05:30   2.4   2.5   0.0   2.6  25.1   17:01     S
05  18.2  25.0   12:44  10.7   05:23   2.0   1.9   0.0   1.8  22.0   09:51     E
06  17.8  24.2   14:36  11.1   04:36   2.1   1.6   0.0   2.2  22.4   10:16   WNW
07  19.1  25.2   12:58  11.8   04:59   1.6   2.4   0.0   1.6  26.4   12:07    SW
08  19.3  25.8   14:41  12.8   03:08   1.5   2.5   0.0   3.0  28.7   16:10    NW
09  17.3  23.1   16:43  12.2   05:00   1.9   0.9   0.0   2.8  26.4   19:03     N
10  16.4  21.3   18:06  12.7   05:58   2.4   0.5   0.0   2.6  22.8   16:26   NNW
11  16.0  22.5   15:39   8.9   05:45   3.2   0.9   0.0   2.4  25.1   20:36   NNE
12  17.1  23.1   16:38  11.8   04:50   2.1   1.0   0.0   3.3  26.9   18:29    SE
13  16.6  20.3   18:12  13.4   04:32   2.0   0.3   0.3   3.1  23.7   12:14     S
14  17.8  22.9   13:52  11.4   03:46   1.9   1.5   0.0   4.2  24.2   14:58   SSW
15  18.7  23.2   13:49  14.6   01:16   1.1   1.5   0.0   6.0  34.0   15:30   SSW
16  16.2  18.9   15:16  12.5   22:43   2.1   0.0   3.9   3.9  29.6   04:58     S
17  14.9  19.7   16:56  10.1   04:09   3.5   0.1   0.0   3.2  26.0   13:59   SSW
18  16.4  22.4   12:52   9.6   02:07   3.0   1.1   0.0   3.2  25.5   10:31     S
19  17.2  22.9   12:36  12.1   23:19   2.2   1.1   0.0   2.6  26.0   17:37   SSW
20  13.8  16.2   09:06  11.2   02:01   4.5   0.0   2.8   3.7  24.6   11:14     S
21  16.6  20.5   15:40  13.4   04:27   2.0   0.2   0.0   2.4  26.0   18:44     S
22  18.5  23.4   14:56  14.6   03:42   1.2   1.4   0.0   3.3  30.0   23:30     S
23  19.1  23.7   12:16  16.5   05:05   0.4   1.2   0.0   5.8  27.8   00:38     S
24  16.2  19.8   17:40  11.7   23:44   2.2   0.1   2.4   3.4  27.8   01:02    SW
25  16.4  22.8   14:34   8.6   04:38   3.2   1.3   0.0   1.6  22.4   14:07     S
26  19.5  26.7   15:50   9.8   04:54   2.1   3.3   0.0   2.8  27.8   12:17     S
27  21.2  28.4   16:07  13.6   05:54   0.8   3.7   0.0   4.0  31.8   10:20     S
28  14.4  18.7   00:08  10.5   21:23   3.9   0.0  17.4   7.8  59.6   13:20     S
29  14.2  17.9   14:53  10.9   02:31   4.1   0.0  11.8   8.9  52.9   16:26     S
30  15.0  19.9   15:13  11.1   23:45   3.5   0.1   0.3   5.5  28.7   19:17     S
31  14.9  18.1   15:29  10.9   00:32   3.4   0.0   0.0   7.7  56.4   17:00   SSW
----------------------------------------------------------------------------------
    17.1  28.4    27     8.5     1    74.1  36.1  38.9   3.7  59.6    28       S

Max >=  27.0  1
Max <=   0.0  0
Min <=   0.0  0
Min <= -18.0  0
Max Rain: 17.4 on day 28
Days of Rain: 7 (>= 0.2 mm)  5 (>= 2.0 mm)  0 (>= 20.0 mm)
Heat Base: 18.3  Cool Base: 18.3  Method: Integration
Page Updated 02/12/2021 06:45:11
Powered by Cumulus v3.10.4 (3121)