Now
Today
Yesterday
This Month
This Year
Monthly Records
All Time Records
NOAA Style Reports
Archive Data
Trends
Gauges
Clifton PWS


Report for 2018 Feb
                   Monthly Climatological Summary for Feb 2018

Name: Shap Weather Station   City: Shap   State: Cumbria
Elevation: 257 m  Lat: N 54 31 31   Lon: W 002 40 30

                  Temperature (°C), Rain (mm), Wind Speed (mph)

                                      Heat  Cool        Avg
    Mean                              Deg   Deg         Wind                 Dom
Day Temp  High   Time   Low    Time   Days  Days  Rain  Speed High   Time    Dir
----------------------------------------------------------------------------------
01   2.8   4.8   13:15   1.0   00:04  15.5   0.0   0.0  12.5  58.2   18:39    NW
02   2.6   4.5   14:24   0.0   20:27  15.7   0.0   0.0   6.4  34.0   01:26    NW
03   1.7   2.5   02:59   0.7   08:05  16.6   0.0   2.5   3.0  22.4   23:12   WNW
04   1.2   3.4   14:19  -1.1   23:07  17.1   0.0   0.3   1.9  21.1   15:19     N
05   0.0   1.8   12:28  -1.3   00:11  18.2   0.0   0.0   0.8  18.4   14:06   SSE
06  -0.7   0.8   13:42  -4.0   23:27  19.0   0.0   1.4   4.2  25.5   15:09   WNW
07  -2.7   1.2   23:36  -7.4   07:26  21.0   0.0   0.0   3.1  28.2   22:06     S
08   3.4   5.9   13:49   1.0   00:00  14.9   0.0   0.6   6.9  31.4   11:53     S
09   1.5   3.6   00:00  -1.3   21:33  16.8   0.0   3.4   6.7  29.6   10:35   WNW
10   3.3   6.5   14:48  -1.0   00:07  15.0   0.0  12.0   9.1  39.0   06:52     S
11   0.8   2.1   13:51  -0.4   22:57  17.5   0.0   2.0  10.9  59.1   02:41   WNW
12   1.0   3.8   13:40  -1.3   04:03  17.3   0.0   0.3   6.4  29.6   19:11    SW
13   0.5   2.1   15:13  -2.1   22:26  17.8   0.0   6.4   8.5  41.2   05:22     S
14   1.2   3.8   21:38  -1.5   00:04  17.1   0.0   6.2   9.8  39.0   07:45     S
15   2.7   4.4   02:31   1.1   23:19  15.6   0.0   2.0  11.0  40.8   09:10    SW
16   3.0   5.3   13:36   0.8   07:14  15.3   0.0   0.0   6.3  28.7   14:29   SSW
17   3.2   5.3   13:29   1.4   02:08  15.1   0.0   4.2   5.5  25.1   08:47     S
18   4.2   5.8   11:35   2.0   07:27  14.1   0.0   3.4   4.0  29.1   18:59     S
19   8.2  11.0   13:31   5.2   00:00  10.1   0.0   1.1   4.3  28.7   14:44   WNW
20   5.3   7.8   13:54   1.8   23:39  13.0   0.0   0.8   6.9  32.7   02:47    NW
21   2.9   7.2   15:08  -0.6   07:38  15.4   0.0   0.0   1.5  22.8   17:16    SE
22   0.1   4.2   14:38  -2.8   07:31  18.2   0.0   0.0   3.0  26.0   12:42   SSE
23  -0.1   3.6   12:34  -3.0   01:20  18.4   0.0   0.0   5.1  27.3   11:56    SE
24   0.5   4.6   14:52  -2.0   05:39  17.8   0.0   0.0   6.5  28.7   16:25    SE
25  -0.3   3.4   14:25  -3.2   23:08  18.6   0.0   0.0   4.3  26.9   12:32    SE
26  -1.0   0.9   11:48  -2.9   00:00  19.3   0.0   0.0   3.6  29.6   14:49     E
27  -2.2   0.0   12:29  -4.2   23:55  20.5   0.0   1.7   4.5  25.5   06:13   NNE
28  -5.0  -2.6   11:31  -6.4   21:36  23.3   0.0   0.0   5.4  29.6   14:47     E
----------------------------------------------------------------------------------
     1.4  11.0    19    -7.4     7   474.2   0.0  48.3   5.8  59.1    11      SW

Max >=  27.0  0
Max <=   0.0  2
Min <=   0.0 19
Min <= -18.0  0
Max Rain: 12.0 on day 10
Days of Rain: 16 (>= 0.2 mm)  9 (>= 2.0 mm)  0 (>= 20.0 mm)
Heat Base: 18.3  Cool Base: 18.3  Method: Integration
Page Updated 02/12/2021 05:55:20
Powered by Cumulus v3.10.4 (3121)