Now
Today
Yesterday
This Month
This Year
Monthly Records
All Time Records
NOAA Style Reports
Archive Data
Trends
Gauges
Clifton PWS


Report for 2017 May
                   Monthly Climatological Summary for May 2017

Name: Shap Weather Station   City: Shap   State: Cumbria
Elevation: 257 m  Lat: N 54 31 31   Lon: W 002 40 30

                  Temperature (°C), Rain (mm), Wind Speed (mph)

                                      Heat  Cool        Avg
    Mean                              Deg   Deg         Wind                 Dom
Day Temp  High   Time   Low    Time   Days  Days  Rain  Speed High   Time    Dir
----------------------------------------------------------------------------------
01  10.6  14.6   13:36   7.7   01:35   7.7   0.0   0.0   3.5  30.0   14:53    NE
02  10.2  15.1   14:09   5.7   23:56   8.1   0.0   0.0   3.1  28.2   14:32    NE
03   9.4  14.5   12:43   3.2   06:06   8.9   0.0   0.0   5.5  32.3   13:39   NNW
04   9.5  14.4   11:41   5.3   05:53   8.8   0.0   0.0   5.0  33.2   14:31   NNE
05   8.6  13.5   14:03   2.3   04:58   9.7   0.0   0.0   4.6  32.3   13:31    NE
06   8.6  12.8   14:09   3.9   05:47   9.7   0.0   0.0   3.2  28.2   10:14     N
07   8.2  13.5   13:21   2.7   03:13  10.1   0.0   0.0   3.7  31.4   13:36   WNW
08   7.3  11.5   14:08   2.4   23:41  11.0   0.0   0.0   5.3  30.5   13:01    NW
09   7.1  13.2   18:30  -0.5   04:46  11.2   0.0   0.0   1.6  22.0   18:34     W
10   9.9  15.9   15:09   2.7   05:25   8.4   0.0   0.0   1.7  22.4   10:58    NE
11  11.1  18.0   15:30   3.2   05:42   7.2   0.0   0.0   4.4  28.7   15:00   ESE
12  11.2  16.1   11:59   6.5   02:20   7.1   0.0   0.0   3.7  27.8   14:11   ESE
13  11.2  13.5   17:33   9.2   22:34   7.1   0.0   4.8   6.1  44.8   12:22   ESE
14  11.9  15.8   13:04   8.5   23:11   6.4   0.0   3.1   6.3  30.9   11:03   SSE
15  11.7  15.0   16:55   8.2   01:15   6.6   0.0  30.8   8.7  28.7   09:25   SSE
16  13.5  15.4   11:20  11.1   23:57   4.8   0.0   9.0   3.3  83.3   14:14    SE
17  11.8  15.5   13:40   7.3   23:56   6.5   0.0   0.0   4.2  32.3   13:54    SE
18  11.5  16.2   12:27   6.0   01:20   6.8   0.0   0.0   4.0  30.0   15:22    SE
19  10.4  15.9   14:38   5.8   04:41   7.9   0.0   8.1   1.6  23.7   13:51   WSW
20  10.2  13.3   16:20   7.6   05:00   8.1   0.0   5.0   4.7  34.9   11:54    SE
21  11.6  15.2   18:18   8.5   05:33   6.7   0.0   3.1   6.7  32.3   12:05    SE
22  14.3  19.8   15:41  10.4   00:00   4.1   0.1   0.0   6.9  39.9   14:37   ESE
23  14.2  19.4   13:53   7.7   05:20   4.2   0.1   0.0   3.4  33.6   14:24    SE
24  17.3  23.7   15:11  13.1   02:36   1.9   0.9   0.0   4.1  24.6   13:02     S
25  18.8  24.7   17:55  11.2   01:20   2.1   2.6   0.0   2.5  22.8   10:24   ESE
26  20.0  24.6   13:13  14.5   05:07   0.8   2.6   0.0   6.2  31.4   16:40     E
27  17.0  24.9   14:16  12.1   05:01   2.2   0.9   6.7   4.0  35.4   14:26     E
28  15.8  20.6   17:17  12.7   23:49   2.7   0.2   0.0   3.7  29.1   05:13   ESE
29  12.2  13.3   15:24  10.9   09:49   6.1   0.0   2.6   5.5  30.9   12:59    NE
30  13.7  17.8   13:51   9.1   23:42   4.6   0.0   0.2   4.5  38.5   20:36     S
31  13.6  18.6   13:43   6.5   02:41   4.7   0.0   0.0   3.2  27.8   12:21   ESE
----------------------------------------------------------------------------------
    12.0  24.9    27    -0.5     9   202.2   7.4  73.4   4.4  83.3    16     ESE

Max >=  27.0  0
Max <=   0.0  0
Min <=   0.0  1
Min <= -18.0  0
Max Rain: 30.8 on day 15
Days of Rain: 10 (>= 0.2 mm)  9 (>= 2.0 mm)  1 (>= 20.0 mm)
Heat Base: 18.3  Cool Base: 18.3  Method: Integration
Page Updated 02/12/2021 07:20:15
Powered by Cumulus v3.10.4 (3121)