Now
Today
Yesterday
This Month
This Year
Monthly Records
All Time Records
NOAA Style Reports
Archive Data
Trends
Gauges
Clifton PWS


Report for 2015 Apr
                   Monthly Climatological Summary for Apr 2015

Name: Shap Weather Station   City: Shap   State: Cumbria
Elevation: 257 m  Lat: N 54 31 31   Lon: W 002 40 30

                  Temperature (°C), Rain (mm), Wind Speed (mph)

                                      Heat  Cool        Avg
    Mean                              Deg   Deg         Wind                 Dom
Day Temp  High   Time   Low    Time   Days  Days  Rain  Speed High   Time    Dir
----------------------------------------------------------------------------------
01   4.2   7.6   12:35   0.9   00:48  14.1   0.0   2.7   9.9  31.1   04:59   WNW
02   4.8   9.6   16:43   0.4   06:31  13.5   0.0   0.3   3.0  14.5   00:29   WSW
03   6.1   8.2   12:43   4.0   05:24  12.2   0.0   3.3   3.4  22.1   18:07    NW
04   8.5  12.5   16:43   5.8   05:35   9.8   0.0   0.3   3.6  14.5   12:39    NW
05  10.2  15.3   17:07   5.7   04:19   8.1   0.0   0.0   1.5   9.2   16:30   NNW
06  10.0  15.7   18:08   3.8   07:15   8.3   0.0   0.0   1.8  15.2   22:25    NW
07   9.0  13.9   17:07   4.5   23:59   9.3   0.0   0.0   4.0  44.7   17:52   WNW
08   8.5  15.5   15:26   0.9   06:46   9.8   0.0   0.0   1.5  13.6   14:49   SSE
09  11.2  18.0   13:36   5.8   02:19   7.1   0.0   0.0   2.6  17.4   11:45     S
10  11.0  18.1   16:08   4.7   06:54   7.3   0.0   0.0   5.2  27.3   14:30     S
11   7.2  10.3   15:23   2.6   07:46  11.1   0.0   3.3   9.4  31.1   07:29    SW
12   4.8   8.2   12:58   1.7   10:47  13.5   0.0  16.2   7.3  35.8   12:36    SW
13   6.5  11.1   15:19   1.0   04:48  11.8   0.0   0.0   6.0  27.3   13:54     S
14   9.8  14.5   14:47   7.4   22:02   8.5   0.0   0.0   8.3  28.2   16:18   SSW
15   8.5  12.1   17:43   3.3   23:55   9.8   0.0   0.0   6.3  28.2   05:53   WSW
16   6.4  13.0   18:10   0.1   06:10  11.9   0.0   0.0   2.4  15.9   20:16    SE
17   8.2  13.8   14:18   3.3   06:34   9.9   0.0   0.0   4.4  20.6   16:28   ESE
18   6.8  11.4   18:09   1.6   05:33  10.7   0.0   0.0   4.3  19.7   13:49   ESE
19   5.8  10.5   16:38   0.1   05:29  11.6   0.0   0.0   3.7  19.0   20:34     N
20   9.0  14.8   17:57   3.6   03:35   8.7   0.0   0.0   1.9  13.0   08:07     E
21   9.7  17.3   18:08   1.5   05:12   8.6   0.0   0.0   1.5   9.8   11:25    NW
22  11.4  18.5   18:15   4.6   05:34   6.9   0.0   0.0   1.4   9.2   11:31     N
23  12.3  18.5   14:05   5.3   05:53   6.0   0.0   0.0   1.7  13.0   16:23    NW
24   9.3  12.3   10:49   6.4   02:06   9.0   0.0   1.5   4.8  23.5   21:46     S
25   7.1  10.1   09:30   2.3   23:34  11.2   0.0   7.5   5.5  25.9   02:13   WSW
26   4.8  10.1   13:53   0.1   05:34  13.5   0.0   0.0   6.0  23.5   14:50   WNW
27   4.1  10.1   15:50  -3.2   06:30  14.2   0.0   2.7   5.4  25.9   18:06   SSW
28   5.3   8.6   12:27   1.9   05:54  13.0   0.0   6.3   8.4  30.4   16:26    SW
29   5.9   9.9   13:19   2.3   04:33  12.4   0.0  12.3   8.3  33.6   01:50     S
30   5.5  10.0   17:29   2.2   23:31  12.8   0.0   6.0   4.6  26.6   11:48    NW
----------------------------------------------------------------------------------
     7.7  18.5    22    -3.2    27   314.6   0.0  62.4   4.6  44.7     7      SW

Max >=  27.0  0
Max <=   0.0  0
Min <=   0.0  1
Min <= -18.0  0
Max Rain: 16.2 on day 12
Days of Rain: 12 (>= 0.2 mm)  9 (>= 2.0 mm)  0 (>= 20.0 mm)
Heat Base: 18.3  Cool Base: 18.3  Method: Integration
Page Updated 23/10/2021 12:55:18
Powered by Cumulus v3.10.4 (3121)