Now
Today
Yesterday
This Month
This Year
Monthly Records
All Time Records
NOAA Style Reports
Archive Data
Trends
Gauges
Clifton PWS


Report for 2015 Jan
                   Monthly Climatological Summary for Jan 2015

Name: Shap Weather Station   City: Shap   State: Cumbria
Elevation: 257 m  Lat: N 54 31 31   Lon: W 002 40 30

                  Temperature (°C), Rain (mm), Wind Speed (mph)

                                      Heat  Cool        Avg
    Mean                              Deg   Deg         Wind                 Dom
Day Temp  High   Time   Low    Time   Days  Days  Rain  Speed High   Time    Dir
----------------------------------------------------------------------------------
01   9.3  10.9   21:30   7.3   00:00   9.0   0.0  37.2  15.3  51.7   11:41   SSW
02   4.6   8.8   00:00   3.2   16:53  13.7   0.0   0.6  12.2  38.0   03:18     W
03   3.4   5.6   02:11  -1.2   23:48  14.9   0.0   0.6   4.4  28.9   01:40   WSW
04   1.0   3.1   14:36  -1.4   05:15  17.5   0.0   0.0   3.6  15.9   15:25     S
05   5.2   6.3   12:24   2.2   00:00  13.1   0.0   2.1   6.6  33.6   03:50     S
06   4.8   6.8   08:17   2.5   19:09   0.0   0.4   3.3   8.2  35.8   06:31   SSW
07   6.4   9.4   21:01   3.9   00:01   0.0   6.4  38.1  14.5  42.5   13:51     S
08   5.1   7.0   00:01   3.6   16:46   0.0   5.1   9.9  10.5  49.4   22:01    SW
09   8.4  11.9   17:56   4.9   13:08   0.0   2.4  15.6  16.4  49.4   04:26    SW
10   5.2  10.6   04:55   1.6   14:15   0.0   1.6  19.2  15.5  43.4   09:32   WNW
11   4.1   6.2   23:50   1.3   03:45   0.0   1.3  12.9  12.8  39.6   17:16    SW
12   5.0   8.1   08:55   1.3   18:43   0.0   0.2  16.5  13.4  49.4   02:10     S
13   2.1   4.5   02:35   0.3   22:50   0.0   0.1   4.2   9.0  31.1   21:10    SW
14   1.8   6.3   23:50  -0.4   04:30   0.0   1.8  27.3  12.2  50.1   20:55     S
15   4.2   6.9   01:10   2.3   16:25   0.0   4.2  15.0  16.6  53.9   15:50   SSW
16   1.3   3.4   00:00   0.1   10:00   0.0   1.3   1.2   6.5  28.2   02:50     W
17   1.0   2.5   11:35  -0.8   23:55   0.0   1.0   3.6   2.5  19.7   00:40    SW
18  -1.4   1.6   13:45  -4.8   06:15   0.4   0.0   0.9   3.9  23.5   14:15   WNW
19  -0.6   1.3   12:34  -3.7   23:29   0.8   0.1   0.3   2.6  15.2   01:58    NW
20  -1.0   0.4   11:49  -3.6   01:54   0.2   0.0   0.0   2.4  13.6   23:16    SE
21   0.4   1.6   11:57  -0.3   00:13  11.0   0.0   0.0   4.1  16.8   03:29    SE
22  -0.8   1.6   15:05  -4.0   07:30  19.1   0.0   0.3   1.9  18.3   23:30   SSE
23   1.9   4.6   18:54   0.1   04:48  16.4   0.0   9.9   8.6  31.1   11:39   WNW
24   3.0   4.6   13:52   1.3   06:24  15.3   0.0   0.9   7.8  28.2   01:05     W
25   6.1   8.3   16:24   3.1   01:33  12.2   0.0   1.2   7.3  25.1   08:28     S
26   4.9   8.1   00:28   2.3   19:08  13.4   0.0   0.9   6.0  26.6   09:39   WNW
27   5.4   7.4   12:12   3.7   00:09  12.9   0.0   0.6   5.5  28.9   21:13   WSW
28   2.8   7.8   06:24  -0.1   14:53  15.5   0.0  15.9  13.1  41.2   07:29     W
29   0.4   2.7   11:07  -1.5   23:58  17.9   0.0   2.7   7.9  33.6   00:08   WNW
30   0.8   3.1   14:13  -3.0   01:54  17.5   0.0   3.6   5.8  24.4   15:29   WNW
31   1.2   2.8   13:21   0.0   20:25  17.0   0.0   6.3  12.1  34.9   22:40    NW
----------------------------------------------------------------------------------
     3.1  11.9     9    -4.8    18   237.8  25.9 250.8   8.7  53.9    15      SW

Max >=  27.0  0
Max <=   0.0  0
Min <=   0.0 13
Min <= -18.0  0
Max Rain: 38.1 on day 7
Days of Rain: 28 (>= 0.2 mm)  18 (>= 2.0 mm)  3 (>= 20.0 mm)
Heat Base: 18.3  Cool Base: 18.3  Method: Integration
Page Updated 23/10/2021 12:20:25
Powered by Cumulus v3.10.4 (3121)