Select a Year or Month report
Report for 2014 Feb
Monthly Climatological Summary for Feb 2014
Name: Shap Weather Station City: Shap State: Cumbria
Elevation: 250 m Lat: N 54° 31' 31" Lon: W 002° 40' 30"
Temperature (°C), Rain (mm), Wind Speed (mph)
Heat Cool Avg
Mean Deg Deg Wind Dom
Day Temp High Time Low Time Days Days Rain Speed High Time Dir
----------------------------------------------------------------------------------
1 3.0 5.5 19:09 0.3 05:28 15.3 0.0 18.6 16.5 53.2 18:32 S
2 4.7 5.4 17:21 4.1 08:56 13.6 0.0 3.6 9.7 30.4 17:52 S
3 4.5 5.7 13:24 3.1 22:53 13.8 0.0 0.0 12.6 36.5 03:32 SSE
4 3.6 4.5 14:35 2.3 06:40 14.7 0.0 2.1 9.0 31.1 12:28 SSE
5 5.0 6.3 20:17 3.8 13:42 13.3 0.0 3.6 10.3 35.8 19:42 SE
6 5.0 6.0 13:12 3.3 23:27 13.3 0.0 3.0 5.0 25.9 07:08 SSW
7 3.4 5.6 12:41 1.6 06:55 14.9 0.0 2.7 5.0 35.8 23:19 S
8 4.4 5.4 20:43 3.0 08:13 13.9 0.0 30.9 18.5 46.3 12:28 S
9 4.4 6.4 10:22 2.7 23:49 14.0 0.0 15.2 7.7 30.4 00:11 SW
10 2.2 4.5 14:44 0.3 07:51 16.1 0.0 0.0 4.8 15.9 08:53 S
11 1.8 3.3 13:43 0.5 18:40 16.4 0.0 0.0 9.4 41.2 06:59 SSW
12 2.3 4.6 15:28 1.0 07:24 16.0 0.0 20.6 15.8 60.2 20:44 S
13 2.5 3.9 13:44 1.1 03:12 15.8 0.0 10.8 13.3 44.1 16:07 SW
14 3.9 6.7 19:58 1.5 14:36 14.4 0.0 7.8 9.6 39.6 19:56 SSE
15 4.7 6.5 00:56 2.0 12:36 13.6 0.0 3.9 9.9 32.0 19:55 W
16 3.2 5.8 15:21 1.3 20:31 15.1 0.0 0.3 4.7 29.8 00:33 WSW
17 5.3 7.4 15:27 2.2 03:10 13.0 0.0 4.8 6.3 24.4 20:05 SSE
18 6.0 7.3 14:16 5.3 05:49 12.3 0.0 1.8 6.6 27.3 11:47 S
19 6.4 8.6 13:14 4.2 06:46 11.9 0.0 0.6 4.3 22.8 23:46 S
20 6.3 8.8 06:29 3.0 22:16 12.0 0.0 4.8 10.9 47.2 06:38 S
21 3.9 5.3 12:34 2.3 05:54 14.4 0.0 7.8 10.8 38.7 19:41 SSW
22 5.5 7.2 11:07 4.2 01:14 12.8 0.0 4.5 10.8 33.6 15:38 SSW
23 7.2 8.8 13:37 5.8 21:25 11.1 0.0 17.4 17.0 52.6 07:11 S
24 6.2 7.5 00:49 4.0 08:20 12.1 0.0 10.5 11.5 35.8 00:54 S
25 5.6 6.7 13:07 4.3 07:29 12.7 0.0 4.5 13.6 40.3 15:28 S
26 5.2 7.6 12:09 4.2 06:23 13.1 0.0 3.3 9.3 30.4 12:45 S
27 4.5 7.4 12:50 2.1 22:21 13.8 0.0 9.6 7.2 29.8 02:15 SSW
28 2.4 6.6 13:57 -1.1 07:13 15.9 0.0 1.2 1.5 9.8 00:05 WSW
----------------------------------------------------------------------------------
4.4 8.8 20 -1.1 28 389.3 0.0 193.9 9.7 60.2 12 S
Max >= 27.0: 0
Max <= 0.0: 0
Min <= 0.0: 1
Min <= -18.0: 0
Max Rain: 30.9 on day 8
Days of Rain: 25 (>= 0.2 mm) 21 (>= 2.0 mm) 2 (>= 20.0 mm)
Heat Base: 18.3 Cool Base: 18.3 Method: Integration