Now
Today
Yesterday
This Month
This Year
Monthly Records
All Time Records
NOAA Style Reports
Archive Data
Trends
Gauges
Clifton PWS


Report for 2014 Jan
                   Monthly Climatological Summary for Jan 2014

Name: Shap Weather Station   City: Shap   State: Cumbria
Elevation: 250 m  Lat: N 54 31' 31"   Lon: W 002 40' 30"

                  Temperature (C), Rain (mm), Wind Speed (mph)

                                      Heat  Cool        Avg
    Mean                              Deg   Deg         Wind                 Dom
Day Temp  High   Time   Low    Time   Days  Days  Rain  Speed High   Time    Dir
----------------------------------------------------------------------------------
 1   5.4   9.1   18:27   3.3   03:38  12.9   0.0  11.4  10.2  39.0   15:17   SSE
 2   5.5   6.5   23:58   4.5   03:09  12.8   0.0   4.2   9.0  44.0   22:22     S
 3   5.5   7.2   00:58   4.6   17:36  12.8   0.0   7.8  17.6  50.0   01:32     S
 4   3.4   5.1   00:00   0.5   23:53  14.9   0.0   2.1   5.0  36.0   01:26     S
 5   3.5   8.1   21:57   0.6   00:00  14.8   0.0  18.9   9.7  44.0   17:53     S
 6   6.8   7.5   16:09   5.8   06:15  11.5   0.0  13.8  18.9  52.0   18:18     S
 7   7.0   7.4   01:18   6.1   09:07  11.3   0.0   9.9   4.4  62.0   02:07     S
 8   6.0   7.1   00:07   3.5   23:55  12.3   0.0   5.1   0.0   4.0   23:37     E
 9   3.8   5.3   13:51   1.8   03:14  14.5   0.0   6.6   0.0   2.0   23:55     E
10   4.8   6.5   10:52   2.9   23:10  13.5   0.0   5.4   0.0   4.0   05:14     E
11   2.0   3.8   13:47   0.4   20:34  16.3   0.0   0.3   1.1  13.0   22:28    SW
12   2.4   5.0   23:48  -0.3   05:53  15.9   0.0   3.6   5.2  27.0   14:44   SSE
13   3.8   5.2   00:11   2.7   23:24  14.5   0.0   3.6   4.5  19.0   08:19     S
14   2.7   3.8   13:09   1.7   04:31  15.6   0.0   5.4   3.9  21.3   19:11     S
15   6.4   8.1   13:23   3.5   00:00  11.9   0.0  10.2   7.2  28.2   18:53     S
16   5.5   6.1   00:00   4.6   08:12  12.8   0.0   0.6   5.8  23.5   10:37   SSE
17   4.6   5.4   00:15   3.3   23:42  13.7   0.0   3.6   5.5  22.1   12:48     S
18   4.7   6.7   14:28   1.9   02:32  13.6   0.0   5.7   6.0  23.5   09:46    SE
19   4.2   5.9   01:11   1.9   21:48  14.1   0.0   3.6   5.8  22.8   02:36   SSE
20   3.7   5.0   13:38   2.4   01:35  14.7   0.0   0.0   3.4  15.9   00:12     S
21   3.9   5.2   15:07   2.2   08:24  14.4   0.0   7.5   8.2  29.8   15:26   SSE
22   5.4   6.3   14:41   4.6   23:52  12.9   0.0   3.0   4.8  19.7   00:56     S
23   2.6   5.0   05:18  -0.2   23:10  15.7   0.0   6.6   6.8  34.2   14:39     W
24   3.0   5.5   23:09  -0.1   00:00  15.3   0.0   3.0   6.8  28.9   15:26     S
25   5.0   7.0   11:08   2.6   23:28  13.3   0.0   4.8  10.3  45.0   12:53   WSW
26   2.8   5.2   13:31   1.7   02:32  15.5   0.0  14.4   9.2  45.6   09:47   SSW
27   3.6   5.2   14:07   1.7   05:07  14.7   0.0   8.4   6.6  22.8   00:21     S
28   3.5   4.6   17:59   1.6   01:38  14.8   0.0   7.5   6.1  22.1   00:43   ESE
29   3.4   4.7   13:35   1.2   23:53  14.9   0.0   0.0   6.7  21.3   00:31   ESE
30   1.2   2.1   13:51   0.1   08:59  17.1   0.0   0.0   3.8  16.8   19:43   ESE
31   2.4   4.6   21:39   1.0   12:40  15.9   0.0  14.1   8.3  32.7   11:18   SSE
----------------------------------------------------------------------------------
     4.1   9.1     1    -0.3    12   438.9   0.0 191.1   6.5  62.0     7       S

Max >=  27.0:  0
Max <=   0.0:  0
Min <=   0.0:  3
Min <= -18.0:  0
Max Rain: 18.9 on day 5
Days of Rain: 28 (>= 0.2 mm)  26 (>= 2.0 mm)  0 (>= 20.0 mm)
Heat Base: 18.3  Cool Base: 18.3  Method: Integration
Page Updated 23/10/2021 13:35:20
Powered by Cumulus v3.10.4 (3121)