Now
Today
Yesterday
This Month
This Year
Monthly Records
All Time Records
NOAA Style Reports
Archive Data
Trends
Gauges
Clifton PWS


Report for 2012 Jul
                   Monthly Climatological Summary for Jul 2012

Name: Shap Weather Station   City: Shap   State: Cumbria
Elevation: 250 m  Lat: N 54 31' 31"   Lon: W 002 40' 30"

                  Temperature (C), Rain (mm), Wind Speed (mph)

                                      Heat  Cool        Avg
    Mean                              Deg   Deg         Wind                 Dom
Day Temp  High   Time   Low    Time   Days  Days  Rain  Speed High   Time    Dir
----------------------------------------------------------------------------------
 1  12.2  15.3   13:30   9.9   02:39   6.1   0.0   1.2   7.2  22.8   06:48   SSW
 2  13.5  15.7   13:24  10.9   00:29   4.8   0.0   9.6   5.7  20.6   16:43     S
 3  15.3  18.8   12:52  12.8   05:09   3.0   0.0   0.0   4.2  15.2   13:06     S
 4  16.4  19.5   15:19  14.6   02:08   2.0   0.1  15.6   4.0  18.3   09:16   SSE
 5  17.8  21.6   16:37  13.8   02:25   1.2   0.7   0.3   3.8  19.0   19:44   ESE
 6  15.4  16.7   00:02  14.0   23:17   2.9   0.0  11.4   4.1  22.8   13:56     N
 7  15.7  21.9   16:43  10.7   05:32   3.0   0.3   0.0   2.3  17.4   18:12     E
 8  14.9  19.7   12:50  12.1   05:18   3.5   0.0   4.2   1.6   9.8   14:19   WNW
 9  13.5  16.1   18:31  10.8   04:38   4.8   0.0   4.8   1.8   9.8   09:40    SE
10  12.6  15.4   15:01  10.6   23:37   5.7   0.0  10.2   2.7  16.8   14:54    SE
11  12.1  15.5   14:44   9.7   03:57   6.2   0.0   0.3   4.2  19.0   11:51   WNW
12  13.5  18.6   12:29   7.3   04:22   4.9   0.0   0.0   3.0  19.0   11:15     S
13  12.3  16.4   13:21   8.0   05:03   6.0   0.0   0.0   3.5  19.7   14:19   ESE
14  11.5  16.1   18:51   6.4   03:49   6.8   0.0   2.1   1.9  16.8   16:54    SW
15  12.5  17.1   15:49   6.8   05:25   5.8   0.0   0.3   4.1  19.7   17:10    SW
16  14.2  18.8   17:11  10.9   01:10   4.2   0.0   1.8   4.2  19.0   11:27   SSW
17  15.5  18.9   12:31  13.6   01:00   2.8   0.0   2.1   3.9  21.3   16:12   SSW
18  15.1  17.2   11:43  12.8   23:59   3.2   0.0   7.2   6.3  21.3   13:13   WSW
19  12.6  15.8   14:15   9.8   06:14   5.7   0.0   5.7   3.1  14.5   11:01    NW
20  12.3  15.7   17:38   9.4   02:35   6.0   0.0   4.8   2.0  12.1   00:45   ESE
21  13.6  19.1   15:08   6.8   05:25   4.7   0.1   0.0   2.6  15.9   13:48   SSW
22  14.9  19.0   16:36  12.3   05:07   3.4   0.0   0.3   8.6  37.4   17:30     S
23  16.4  18.6   14:58  14.3   01:12   1.9   0.0   6.6  12.1  35.8   06:22     S
24  16.8  19.6   14:56  15.3   05:41   1.6   0.1   2.4   5.5  29.8   07:20     S
25  15.7  18.1   15:42  13.7   05:57   2.6   0.0   4.8   2.8  13.6   18:09     E
26  16.2  20.2   17:47  13.6   06:45   2.4   0.3   1.2   3.0  15.9   14:53   SSE
27  14.1  18.0   15:01  10.3   22:37   4.2   0.0   0.0   3.9  20.6   12:55   WNW
28  12.8  17.4   16:07   9.6   03:27   5.6   0.0   0.3   4.8  25.9   12:32   SSW
29  12.8  16.1   17:28  10.3   06:17   5.5   0.0   1.5   3.3  17.4   18:14    SW
30  12.2  15.6   14:25   9.1   23:51   6.2   0.0   3.0   3.5  20.6   16:53   WSW
31  12.7  16.1   11:29   7.9   04:52   5.6   0.0   4.2   3.8  15.2   13:32   SSE
----------------------------------------------------------------------------------
    14.1  21.9     7     6.4    14   132.3   1.6 105.9   4.1  37.4    22       S

Max >=  27.0:  0
Max <=   0.0:  0
Min <=   0.0:  0
Min <= -18.0:  0
Max Rain: 15.6 on day 4
Days of Rain: 25 (>= 0.2 mm)  16 (>= 2.0 mm)  0 (>= 20.0 mm)
Heat Base: 18.3  Cool Base: 18.3  Method: Integration
Page Updated 02/12/2021 06:00:15
Powered by Cumulus v3.10.4 (3121)