Now
Today
Yesterday
This Month
This Year
Monthly Records
All Time Records
NOAA Style Reports
Archive Data
Trends
Gauges
Clifton PWS


Report for 2011 Mar
                   Monthly Climatological Summary for Mar 2011

Name: Shap Weather   City:    State: Cumbria
Elevation: 250 m  Lat: N 54 31' 31"   Lon: W 002 40' 30"

                  Temperature (C), Rain (mm), Wind Speed (mph)

                                      Heat  Cool        Avg
    Mean                              Deg   Deg         Wind                 Dom
Day Temp  High   Time   Low    Time   Days  Days  Rain  Speed High   Time    Dir
----------------------------------------------------------------------------------
 1   2.4  12.5   16:12  -2.6   07:07  15.9   0.0   0.0   0.1   3.8   10:17    NE
 2   2.5  14.1   14:48  -2.8   05:09  15.8   0.0   0.3   0.6   9.8   16:40   NNW
 3   3.6  14.1   14:11  -3.4   07:14  14.7   0.0   0.0   0.7   9.8   17:24   ESE
 4   4.4   6.8   14:17   1.5   00:09  13.9   0.0   0.0   0.2   4.5   13:27   ENE
 5   4.0   7.7   13:50  -0.8   23:39  14.3   0.0   0.0   1.3  12.1   17:33   ESE
 6   2.6  10.3   14:19  -2.6   22:49  15.7   0.0   0.0   0.8   9.2   13:45     W
 7   2.0  10.0   14:51  -2.2   23:09  16.3   0.0   0.0   1.4  15.2   09:09     W
 8   3.0   8.1   14:44  -2.5   00:19  15.3   0.0   1.8   5.6  29.8   17:19   WNW
 9   4.9   7.3   15:18   1.5   06:53  13.4   0.0   8.1   9.1  34.9   20:11     W
10   5.3   7.2   10:07   2.6   19:47  13.0   0.0   8.1   9.4  29.8   03:11     W
11   3.8   6.8   21:16   0.6   17:22  14.5   0.0  14.1   6.3  26.6   21:29     W
12   6.4   7.7   13:41   5.0   23:54  11.9   0.0   7.2   3.6  25.1   01:10     W
13   3.8   7.0   14:36  -3.6   05:36  14.5   0.0   0.9   3.5  22.8   14:09     W
14   4.4  13.8   14:52  -3.6   05:40  13.9   0.0   0.3   0.6  11.4   21:34   ESE
15   4.8   8.5   12:18   1.8   00:20  13.5   0.0   1.8   0.8   9.8   15:21   SSW
16   5.0   7.5   13:30   2.0   04:47  13.3   0.0   0.0   0.8   9.2   12:12   ESE
17   5.2   9.0   14:07   1.5   23:07  13.1   0.0   0.0   0.9  13.0   14:23     W
18   3.9  11.7   15:21  -2.8   05:31  14.4   0.0   0.3   1.0  12.1   14:25     W
19   5.2  11.2   15:31   0.7   05:50  13.1   0.0   0.0   2.8  18.3   13:42     W
20   5.7  10.2   15:27   3.6   06:40  12.6   0.0   0.3   3.1  18.3   01:00     W
21   8.8  13.1   12:38   4.9   05:11   9.5   0.0   0.0   4.2  19.0   14:16     W
22  10.3  19.5   14:45   5.1   06:31   8.0   0.0   0.0   1.6  13.6   11:08     W
23   9.8  17.3   13:22   3.0   06:33   8.5   0.0   0.0   0.3   9.8   10:30     E
24   8.4  17.8   15:18   0.6   05:52   9.9   0.0   0.0   0.3   6.0   13:12   ENE
25   8.0  16.7   13:49  -0.2   05:31  10.3   0.0   0.0   0.6  13.0   19:21   ENE
26   5.9  10.7   12:10   2.0   03:42  12.4   0.0   0.0   2.3  12.1   07:35   ESE
27   7.0  15.1   15:59   1.3   23:41  11.3   0.0   0.0   1.0   9.0   15:59     E
28   5.5  14.5   14:54  -2.1   06:01  12.8   0.0   0.0   1.1  15.0   15:27     W
29   5.8  11.3   15:55   0.3   04:11  12.5   0.0   4.2   0.3   7.0   15:57   ESE
30   8.2  11.9   15:59   6.6   22:40  10.1   0.0   3.9   2.9  21.0   12:57     W
31   9.5  13.3   17:33   7.1   00:00   8.8   0.0   9.3   9.0  47.0   10:33   WNW
----------------------------------------------------------------------------------
     5.5  19.5    22    -3.6    13   397.2   0.0  60.6   2.5  47.0    31       W

Max >=  27.0:  0
Max <=   0.0:  0
Min <=   0.0: 12
Min <= -18.0:  0
Max Rain: 14.1 on day 11
Days of Rain: 14 (>= 0.2 mm)  7 (>= 2.0 mm)  0 (>= 20.0 mm)
Heat Base: 18.3  Cool Base: 18.3  Method: Integration
Page Updated 23/10/2021 12:05:17
Powered by Cumulus v3.10.4 (3121)