Now
Today
Yesterday
This Month
This Year
Monthly Records
All Time Records
NOAA Style Reports
Archive Data
Trends
Gauges
Clifton PWS


Report for 2011 Feb
                   Monthly Climatological Summary for Feb 2011

Name: Shap Weather   City:    State: Cumbria
Elevation: 250 m  Lat: N 54 31' 31"   Lon: W 002 40' 30"

                  Temperature (C), Rain (mm), Wind Speed (mph)

                                      Heat  Cool        Avg
    Mean                              Deg   Deg         Wind                 Dom
Day Temp  High   Time   Low    Time   Days  Days  Rain  Speed High   Time    Dir
----------------------------------------------------------------------------------
 1   4.9   8.8   14:20   0.9   00:26  13.4   0.0   1.5   3.9  17.4   01:26     W
 2   6.3   8.8   15:33   4.4   23:56  12.0   0.0  13.8  12.4  39.6   13:14   WNW
 3   4.6   8.4   21:46   1.8   05:06  13.7   0.0  18.3  13.3  53.2   19:55   WNW
 4   7.5  10.1   11:58   4.6   05:18  10.8   0.0  29.1  20.0  50.1   15:06   WNW
 5   6.1   9.4   00:07   4.9   23:37  12.2   0.0  10.5   2.1  39.6   00:07   WNW
 6   6.2   9.6   14:40   4.9   00:07  12.1   0.0  16.2   6.1  45.0   14:26   WNW
 7   5.1   8.0   08:51   1.6   22:48  13.2   0.0  29.1   8.2  41.2   10:11     W
 8   2.5   7.0   14:22  -0.2   04:08  15.8   0.0   0.6   1.3  15.2   11:45     W
 9   6.2   8.1   12:41   3.0   00:17  12.1   0.0  17.7   2.3  17.4   23:47     W
10   5.6  12.8   14:51   0.1   21:57  12.7   0.0   2.1   1.0  12.1   00:17   WSW
11   4.2   6.7   13:07  -0.5   00:27  14.1   0.0   4.8   1.5  10.7   19:31   ESE
12   5.2  10.2   13:46   1.5   20:49  13.1   0.0   1.2   2.0  15.9   14:53     W
13   5.1   7.6   11:12   2.6   00:08  13.2   0.0  15.0   2.6  17.4   10:47     W
14   2.9   5.7   14:28   0.3   23:38  15.4   0.0   5.1   3.3  32.0   12:21   WNW
15   2.3   4.2   11:09  -1.2   02:08  16.0   0.0   6.0   3.1  16.8   13:56   ESE
16   3.9  11.1   13:58   0.9   21:09  14.4   0.0   3.0   1.0   9.8   09:09     W
17   3.7   9.6   16:07   0.6   06:55  14.6   0.0   0.0   0.4   9.2   07:34   WSW
18   2.8   4.4   13:19   1.1   23:49  15.5   0.0   0.3   3.3  19.7   22:37   ESE
19   1.4   3.2   13:16   0.0   05:09  16.9   0.0   0.6   1.7  17.4   00:39   ESE
20   1.9   2.8   09:43   1.1   04:08  16.4   0.0   0.0   1.2  11.4   14:52     E
21   1.5   2.8   14:08   0.7   07:29  16.8   0.0   2.7   1.1   9.2   05:59   ESE
22   4.1   7.2   15:37   1.3   06:44  14.2   0.0   0.0   0.9  11.4   15:38     W
23   7.3  10.9   13:17   5.5   01:48  11.0   0.0   1.2   3.0  15.2   11:25     W
24   7.4  10.2   12:07   5.9   00:19  10.9   0.0   0.3   5.7  34.2   16:37     W
25   8.7  12.1   14:55   7.2   18:54   9.6   0.0   3.3   6.3  38.7   03:50   WNW
26   6.2  10.8   14:08   2.8   23:58  12.1   0.0   6.9   1.8  15.2   11:45     W
27   3.7   9.0   15:22   1.0   05:32  14.6   0.0   0.9   1.8  15.9   11:08   WNW
28   2.8   8.7   15:44  -1.1   23:39  15.5   0.0   0.0   0.7   7.6   08:45     N
----------------------------------------------------------------------------------
     4.6  12.8    10    -1.2    15   382.3   0.0 190.2   4.0  53.2     3       W

Max >=  27.0:  0
Max <=   0.0:  0
Min <=   0.0:  5
Min <= -18.0:  0
Max Rain: 29.1 on day 4
Days of Rain: 24 (>= 0.2 mm)  16 (>= 2.0 mm)  2 (>= 20.0 mm)
Heat Base: 18.3  Cool Base: 18.3  Method: Integration
Page Updated 23/10/2021 11:55:09
Powered by Cumulus v3.10.4 (3121)