Now
Today
Yesterday
This Month
This Year
Monthly Records
All Time Records
NOAA Style Reports
Archive Data
Trends
Gauges
Clifton PWS


Report for 2010 Dec
                   Monthly Climatological Summary for Dec 2010

Name: Shap Weather   City:    State: Cumbria
Elevation: 250 m  Lat: N 54 31' 31"   Lon: W 002 40' 30"

                  Temperature (C), Rain (mm), Wind Speed (mph)

                                      Heat  Cool        Avg
    Mean                              Deg   Deg         Wind                 Dom
Day Temp  High   Time   Low    Time   Days  Days  Rain  Speed High   Time    Dir
----------------------------------------------------------------------------------
 1  -3.7  -1.3   13:07  -7.9   01:23  22.0   0.0   0.0   0.8   9.8   06:48     E
 2  -4.0  -1.5   11:07  -8.4   23:52  22.3   0.0   0.0   0.4   6.9   12:25   NNE
 3  -5.0  -1.0   23:22 -12.4   02:52  23.3   0.0   0.0   1.7  22.1   17:13     W
 4  -0.7   2.6   13:25  -5.6   21:53  19.0   0.0   0.0   0.5   6.9   06:14     W
 5  -7.2  -1.0   14:40 -12.0   23:32  25.5   0.0   0.0   0.0   0.0   00:02   ---
 6  -4.6   2.7   14:30 -12.0   00:12  22.9   0.0   0.0   0.0   0.0   00:02   ---
 7  -5.2   0.3   13:07 -13.0   23:23  23.5   0.0   0.0   0.0   2.2   15:10     W
 8  -9.8   0.5   14:29 -14.4   03:53  28.1   0.0   0.0   0.0   4.5   14:23    NW
 9  -1.2   4.5   19:41  -8.1   00:02  19.5   0.0   0.6   0.2   7.6   12:25     W
10   4.6   7.2   12:37   1.9   03:13  13.7   0.0   0.0   0.5   9.2   18:21   WSW
11   3.8   8.6   14:16  -2.3   23:52  14.5   0.0   0.3   0.6  11.4   06:14   WNW
12  -0.6   2.9   13:36  -4.1   07:57  18.9   0.0   0.3   0.1   4.5   12:54   WNW
13   0.5   2.8   12:56  -2.5   06:49  17.8   0.0   0.0   0.1   4.5   16:28   NNE
14   2.1   3.8   12:57  -0.5   00:02  16.2   0.0   0.3   1.1   9.8   12:37    NW
15   3.3   5.7   23:52   1.6   15:55  15.0   0.0   0.0   1.2  13.6   19:42   WNW
16   1.0   7.2   03:12  -5.3   19:41  17.3   0.0   3.0   2.1  22.1   04:02     W
17  -4.1  -2.3   12:56  -5.8   08:39  22.4   0.0   0.0   0.0   6.0   21:39   SSW
18  -6.2  -2.6   10:33 -13.3   21:18  24.5   0.0   0.0   2.1  14.5   07:32   ESE
19  -8.5  -2.4   13:26 -13.9   02:42  26.8   0.0   0.0   0.1   4.5   20:35   ESE
20  -6.9   1.5   14:22 -12.7   23:52  25.2   0.0   0.0   0.0   3.8   00:23     E
21 -10.0   2.2   14:29 -13.8   03:35  28.3   0.0   0.0   0.0   2.2   11:44     S
22  -4.1   0.6   14:14  -6.8   00:04  22.4   0.0   0.0   0.1   7.6   15:44   NNE
23  -4.1   1.5   14:26  -7.8   06:47  22.4   0.0   0.0   0.2   6.0   12:21     E
24  -7.8   2.2   14:34 -10.7   23:07  26.1   0.0   0.0   0.0   3.1   12:57     N
25  -4.1   2.8   15:09 -11.3   00:44  22.4   0.0   0.0   0.1   3.8   14:29   ESE
26  -2.3  -0.1   13:31  -7.5   04:24  20.6   0.0   0.0   0.8  11.4   18:28   WSW
27   0.6   1.5   22:41  -0.8   00:05  17.7   0.0   0.3   1.0  11.4   13:49     W
28   2.7   5.3   13:23   1.0   02:04  15.6   0.0   2.4   0.6   9.2   10:28     S
29   4.9   7.3   14:22   3.0   19:20  13.4   0.0   0.6   0.2   5.4   09:49   ESE
30   4.7   6.8   11:51   3.5   19:52  13.6   0.0   0.0   0.1   3.8   12:36     E
31   4.3   5.9   23:12   1.8   05:07  14.0   0.0   0.3   0.6   9.8   23:22     W
----------------------------------------------------------------------------------
    -2.2   8.6    11   -14.4     8   634.9   0.0   8.1   0.5  22.1     3       W

Max >=  27.0:  0
Max <=   0.0:  8
Min <=   0.0: 25
Min <= -18.0:  0
Max Rain: 3.0 on day 16
Days of Rain: 9 (>= 0.2 mm)  2 (>= 2.0 mm)  0 (>= 20.0 mm)
Heat Base: 18.3  Cool Base: 18.3  Method: Integration
Page Updated 23/10/2021 11:50:11
Powered by Cumulus v3.10.4 (3121)