Now
Today
Yesterday
This Month
This Year
Monthly Records
All Time Records
NOAA Style Reports
Archive Data
Trends
Gauges
Clifton PWS


Report for 2010 Apr
                   Monthly Climatological Summary for Apr 2010

Name: Shap Weather   City:    State: Cumbria
Elevation: 250 m  Lat: N 54 31' 31"   Lon: W 002 40' 30"

                  Temperature (C), Rain (mm), Wind Speed (mph)

                                      Heat  Cool        Avg
    Mean                              Deg   Deg         Wind                 Dom
Day Temp  High   Time   Low    Time   Days  Days  Rain  Speed High   Time    Dir
----------------------------------------------------------------------------------
 1   4.4  10.6   15:07   0.6   00:03  13.9   0.0   0.3   3.3  19.0   10:45    SW
 2   3.7   7.5   10:29  -0.3   05:54  14.6   0.0   1.5   2.2  17.4   16:34   ENE
 3   5.1  11.3   17:49   1.2   02:53  13.2   0.0   0.3   0.5  13.6   13:29    SW
 4   4.8  11.5   15:20   1.1   01:22  13.5   0.0   0.3   1.3  13.0   17:56    SW
 5   6.6  10.5   17:11   3.1   03:23  11.7   0.0  31.8   5.0  29.8   14:53    SW
 6   7.7  10.7   15:53   5.9   23:52  10.6   0.0  11.4   2.3  18.3   17:52   WSW
 7   7.0  15.2   16:45   1.7   23:53  11.3   0.0   0.0   0.5  14.5   18:04    SW
 8   7.6  14.2   12:29   1.6   00:23  10.7   0.0   0.0   1.8  17.4   12:55    SW
 9   9.6  17.4   17:26   4.7   05:32   8.7   0.0   0.0   0.8  11.4   12:57    SW
10  12.5  23.2   17:44   1.9   06:32   5.8   0.0   0.0   0.2   5.4   17:37   SSW
11  10.4  16.5   17:07   5.5   05:02   7.9   0.0   0.0   1.6  10.7   12:36   ENE
12  10.2  20.2   16:33   0.0   06:02   8.1   0.0   0.0   0.7  10.7   18:09     E
13   5.3  10.4   16:39  -1.0   06:01  13.0   0.0   0.0   1.0  12.1   17:13   ENE
14   7.7  14.3   15:08   2.1   06:49  10.6   0.0   0.0   1.7  12.1   16:24   ENE
15   5.5  11.7   12:28   0.2   03:11  12.8   0.0   0.0   0.8   9.2   13:11   ENE
16   8.9  20.0   14:47   0.7   00:21   9.4   0.0   0.0   0.3   9.2   17:20    SW
17   9.1  17.2   17:33   2.0   04:52   9.2   0.0   0.0   1.9  16.8   15:37    SW
18   6.8  15.3   14:27   1.7   05:41  11.5   0.0   0.0   1.0  10.7   19:46     E
19   5.5  13.3   14:39   0.5   23:41  12.8   0.0   0.3   1.9  16.8   14:57     E
20   6.5  12.0   17:33   1.3   00:01  11.8   0.0   0.0   2.2  18.3   08:47    SW
21   5.9  14.6   18:07  -1.4   05:31  12.4   0.0   0.0   0.8   9.2   10:27    SW
22   7.4  18.1   17:15  -1.6   04:02  10.9   0.0   0.0   0.5   9.8   10:21    SW
23   8.0  15.0   14:21   2.1   04:53  10.3   0.0   0.0   1.2  14.5   14:40    SW
24  13.3  22.2   15:22   4.2   06:12   5.0   0.0   0.0   0.5   9.2   14:43   WSW
25  10.8  15.3   16:18   8.4   23:32   7.5   0.0   1.5   2.1  15.2   14:39    SW
26  11.4  16.9   17:53   7.9   02:02   6.9   0.0   0.0   2.1  15.2   19:57    SW
27  12.1  16.8   12:21   8.0   02:42   6.2   0.0   0.0   2.0  15.2   17:24    SW
28  13.8  21.8   15:10   9.2   01:51   4.5   0.0   0.0   3.5  22.1   15:15    SW
29  10.9  15.8   12:34   6.5   23:51   7.4   0.0   0.0   3.5  23.5   13:32    SW
30   9.1  14.7   10:07   4.7   23:22   9.2   0.0   0.0   2.3  15.9   12:28    SW
----------------------------------------------------------------------------------
     8.3  23.2    10    -1.6    22   301.4   0.0  47.4   1.6  29.8     5      SW

Max >=  27.0:  0
Max <=   0.0:  0
Min <=   0.0:  5
Min <= -18.0:  0
Max Rain: 31.8 on day 5
Days of Rain: 8 (>= 0.2 mm)  2 (>= 2.0 mm)  1 (>= 20.0 mm)
Heat Base: 18.3  Cool Base: 18.3  Method: Integration
Page Updated 27/06/2019 14:30:03
Powered by Cumulus v3.0.0 (3050)