Select a Year or Month report
Report for 2010 Mar
Monthly Climatological Summary for Mar 2010
Name: Shap Weather City: State: Cumbria
Elevation: 250 m Lat: N 54° 31' 31" Lon: W 002° 40' 30"
Temperature (°C), Rain (mm), Wind Speed (mph)
Heat Cool Avg
Mean Deg Deg Wind Dom
Day Temp High Time Low Time Days Days Rain Speed High Time Dir
----------------------------------------------------------------------------------
1 1.5 10.0 16:48 -2.8 05:45 16.8 0.0 0.0 0.1 8.3 13:00 SW
2 0.9 8.4 14:59 -3.0 21:13 17.4 0.0 0.3 0.1 5.4 14:42 ENE
3 1.2 8.0 12:44 -2.6 23:56 17.1 0.0 0.0 0.3 5.4 12:54 ENE
4 0.6 11.4 15:47 -5.7 06:59 17.7 0.0 0.0 0.1 4.5 13:40 SSE
5 1.6 9.4 15:45 -5.6 06:15 16.7 0.0 0.0 0.5 9.2 15:53 SW
6 3.8 8.7 12:28 0.3 23:55 14.5 0.0 0.0 0.4 7.6 14:58 ENE
7 1.2 11.2 15:39 -4.2 23:45 17.1 0.0 0.0 0.1 4.5 12:47 ESE
8 0.4 9.4 09:43 -6.2 06:52 17.9 0.0 0.3 0.4 9.2 15:50 ENE
9 2.5 10.0 09:56 -3.1 23:56 15.8 0.0 0.0 0.5 8.3 11:56 ENE
10 1.5 13.6 15:59 -5.5 06:16 16.8 0.0 0.0 0.1 6.0 12:52 E
11 2.3 8.5 15:23 -5.9 05:56 16.0 0.0 0.0 0.6 11.4 18:21 SW
12 4.6 7.7 12:16 -0.5 23:56 13.7 0.0 0.3 1.1 14.5 10:40 E
13 4.3 12.3 16:31 -2.4 06:45 14.0 0.0 0.0 0.8 10.7 11:52 SW
14 7.1 13.0 13:48 3.8 01:06 11.2 0.0 0.0 1.6 15.9 09:31 SW
15 6.9 10.3 14:12 4.8 00:04 11.4 0.0 0.0 1.8 15.2 11:41 SW
16 5.6 11.1 14:39 1.9 22:25 12.7 0.0 0.0 1.1 18.3 14:43 SW
17 6.3 8.9 16:07 3.5 04:45 12.0 0.0 1.2 2.6 20.6 14:27 SW
18 9.2 15.1 12:07 6.9 00:05 9.1 0.0 9.6 4.5 28.2 20:26 SW
19 7.9 12.1 13:50 4.8 23:14 10.4 0.0 0.0 3.5 19.7 01:14 SW
20 4.6 7.5 15:31 -0.2 23:34 13.7 0.0 15.0 0.3 7.6 15:24 E
21 4.8 11.3 13:43 -1.5 02:54 13.5 0.0 4.5 2.1 22.8 12:18 SW
22 6.9 12.1 15:47 2.0 23:44 11.4 0.0 12.9 3.7 22.1 17:34 SW
23 6.1 11.9 14:07 1.5 00:24 12.2 0.0 6.3 0.9 10.7 12:41 SW
24 8.1 11.6 16:39 6.5 22:05 10.2 0.0 8.4 1.9 16.8 16:19 WSW
25 8.6 14.0 15:33 5.6 01:23 9.7 0.0 9.6 1.2 11.4 07:43 ENE
26 6.6 8.5 12:34 3.8 03:53 11.7 0.0 19.5 6.7 28.9 08:54 SW
27 7.2 12.2 14:26 2.7 07:03 11.1 0.0 0.0 2.0 17.4 13:58 SSW
28 6.2 11.4 14:38 3.8 23:14 12.1 0.0 0.0 1.9 19.0 13:33 SSW
29 3.3 7.3 12:07 -0.4 06:04 15.0 0.0 19.2 2.5 15.9 15:41 ENE
30 6.5 9.3 10:19 4.2 23:23 11.8 0.0 19.2 1.0 11.4 10:50 ENE
31 1.3 4.1 00:03 0.2 23:03 17.0 0.0 6.6 2.1 14.5 14:57 SW
----------------------------------------------------------------------------------
4.5 15.1 18 -6.2 8 427.7 0.0 132.9 1.5 28.9 26 SW
Max >= 27.0: 0
Max <= 0.0: 0
Min <= 0.0: 15
Min <= -18.0: 0
Max Rain: 19.5 on day 26
Days of Rain: 15 (>= 0.2 mm) 11 (>= 2.0 mm) 0 (>= 20.0 mm)
Heat Base: 18.3 Cool Base: 18.3 Method: Integration