Select a Year or Month report
Report for 2022 Feb
Monthly Climatological Summary for Feb 2022
Name: Shap Weather Station City: Shap State: Cumbria
Elevation: 257 m Lat: N 54° 31' 31" Lon: W 002° 40' 30"
Temperature (°C), Rain (mm), Wind Speed (mph)
Heat Cool Avg
Mean Deg Deg Wind Dom
Day Temp High Time Low Time Days Days Rain Speed High Time Dir
----------------------------------------------------------------------------------
01 8.6 9.9 12:21 6.9 00:00 9.7 0.0 0.0 0.0 0.0 00:00 N
02 8.8 10.4 13:42 7.0 00:15 9.5 0.0 0.3 0.0 6.7 09:09 N
03 7.5 9.0 19:33 4.0 23:56 10.8 0.0 2.0 0.0 0.0 00:00 N
04 2.6 4.7 12:21 0.6 13:50 15.7 0.0 1.7 0.0 0.0 00:00 N
05 5.0 7.6 15:46 1.8 00:00 13.3 0.0 23.2 0.0 0.0 00:00 N
06 3.2 5.5 03:01 0.5 13:48 15.1 0.0 6.7 0.0 0.0 00:00 N
07 4.5 9.2 19:33 -0.5 05:16 13.8 0.0 0.0 0.0 0.0 00:00 N
08 8.0 9.8 04:13 6.4 18:41 10.3 0.0 3.6 0.0 0.0 00:00 N
09 4.9 7.1 00:20 2.5 23:53 13.4 0.0 0.3 0.0 0.0 00:00 N
10 2.9 5.6 13:19 0.3 23:56 15.4 0.0 0.3 0.0 0.0 00:00 N
11 1.3 4.2 14:06 -2.7 06:06 17.0 0.0 0.3 0.0 5.4 10:00 N
12 4.9 7.4 18:26 2.8 00:11 13.4 0.0 28.8 0.0 0.0 00:00 N
13 6.4 7.6 17:19 4.7 23:43 11.9 0.0 21.3 0.0 0.0 00:00 N
14 4.0 5.8 13:38 2.1 06:40 14.3 0.0 7.6 0.0 0.0 00:00 N
15 4.2 6.0 07:44 1.1 00:59 14.1 0.0 10.4 0.0 0.0 00:00 N
16 8.1 11.1 14:01 4.4 00:00 10.2 0.0 16.0 0.0 0.0 00:00 N
17 4.2 6.1 00:00 2.4 21:06 14.1 0.0 0.3 0.0 0.0 00:00 N
18 2.8 5.1 06:51 0.4 21:45 15.5 0.0 11.8 0.0 0.0 00:00 N
19 2.2 3.8 15:36 1.1 00:00 16.1 0.0 5.0 0.0 0.0 00:00 N
20 6.0 9.9 09:19 1.2 19:56 12.3 0.0 38.9 0.0 0.0 00:00 N
21 5.7 8.7 13:26 2.4 00:00 12.6 0.0 7.3 0.0 0.0 00:00 N
22 5.7 8.2 06:10 4.0 20:50 12.6 0.0 6.2 0.0 0.0 00:00 N
23 5.5 7.1 16:50 2.4 22:49 12.8 0.0 8.4 0.0 0.0 00:00 N
24 2.3 3.8 14:42 1.0 06:55 16.0 0.0 2.2 0.0 0.0 00:00 N
25 4.2 7.1 14:53 0.3 02:14 14.1 0.0 2.2 0.0 0.0 00:00 N
26 5.0 7.9 12:31 2.4 06:44 13.3 0.0 0.0 0.0 0.0 00:00 N
27 4.6 7.8 15:50 1.4 07:36 13.7 0.0 0.0 0.0 0.0 00:00 N
28 5.6 8.0 13:30 2.1 23:57 12.7 0.0 10.1 0.0 5.8 14:54 N
----------------------------------------------------------------------------------
5.0 11.1 16 -2.7 11 373.7 0.0 214.9 0.0 6.7 2 E
Max >= 27.0 0
Max <= 0.0 0
Min <= 0.0 2
Min <= -18.0 0
Max Rain: 38.9 on day 20
Days of Rain: 24 (>= 0.2 mm) 18 (>= 2.0 mm) 4 (>= 20.0 mm)
Heat Base: 18.3 Cool Base: 18.3 Method: Integration