Now
Today
Yesterday
This Month
This Year
Monthly Records
All Time Records
NOAA Style Reports
Archive Data
Trends
Gauges
Clifton PWS


Report for 2021 Dec
                   Monthly Climatological Summary for Dec 2021

Name: Shap Weather Station   City: Shap   State: Cumbria
Elevation: 257 m  Lat: N 54° 31' 31"   Lon: W 002° 40' 30"

                  Temperature (°C), Rain (mm), Wind Speed (mph)

                                      Heat  Cool        Avg
    Mean                              Deg   Deg         Wind                 Dom
Day Temp  High   Time   Low    Time   Days  Days  Rain  Speed High   Time    Dir
----------------------------------------------------------------------------------
01   3.4   8.4   00:00  -0.2   21:16  14.9   0.0   6.4   0.0   0.0   00:00     N
02   0.2   1.7   01:05  -1.6   08:10  18.1   0.0   0.0   0.0   0.0   00:00     N
03   4.6   6.7   13:26   1.4   00:00  13.7   0.0   0.3   0.0   0.0   00:00     N
04   3.1   5.9   00:29   0.5   16:30  15.2   0.0  13.2   0.0   5.8   09:32     N
05   2.4   3.5   12:37   1.1   22:55  15.9   0.0   1.4   0.0  10.3   14:43     N
06   2.3   3.7   14:03   0.7   09:49  16.0   0.0   4.2   0.0   6.7   14:51     N
07   2.8   4.6   16:21   0.8   09:42  15.5   0.0   6.2   0.0   6.7   07:54     N
08   3.3   4.5   23:16   2.2   07:10  15.0   0.0   8.1   0.0   0.0   00:00     N
09   4.1   5.8   11:18   1.8   02:05  14.2   0.0   0.6   0.0   4.5   12:05     N
10   3.0   4.8   00:00   0.8   23:57  15.3   0.0   0.0   0.0   0.0   00:00     N
11   4.8  10.1   22:03   0.6   00:04  13.5   0.0   0.8   0.0   0.0   00:00     N
12   8.4  10.2   16:02   5.8   05:03   9.9   0.0   5.3   0.0   0.0   00:00     N
13   5.9   9.5   00:29   3.8   06:58  12.4   0.0   0.8   0.0   0.0   00:00     N
14   5.9   7.6   13:25   4.1   00:14  12.4   0.0   0.0   0.0   0.0   00:00     N
15   8.1  10.0   13:52   6.5   01:31  10.2   0.0   0.0   0.0   0.0   00:00     N
16   6.5   8.5   00:00   2.6   22:39  11.8   0.0   0.0   0.0   0.0   00:00     N
17   2.0   5.1   14:06   0.1   23:16  16.3   0.0   0.0   0.0   3.1   10:43     N
18   1.6   6.0   13:38  -0.6   05:18  16.7   0.0   0.3   0.0   0.0   00:00     N
19   1.1   5.4   12:36  -0.9   08:25  17.2   0.0   0.0   0.0   0.0   00:00     N
20   2.3   3.7   14:15   0.1   00:42  16.0   0.0   0.0   0.0   0.0   00:00     N
21   1.3   1.9   00:56   0.2   21:09  17.0   0.0   0.0   0.0   0.0   00:00     N
22   1.5   4.0   23:48  -0.3   05:55  16.8   0.0   0.3   0.0   8.1   10:02     N
23   6.2   8.1   14:35   3.8   00:00  12.1   0.0   0.3   0.0   0.0   00:00     N
24   4.8   7.2   00:00   1.4   23:03  13.5   0.0   1.7   0.0   0.0   00:00     N
25   1.6   2.8   04:48   0.3   17:50  16.7   0.0   0.0   0.0   0.0   00:00     N
26   1.8   3.4   23:24   0.6   01:25  16.5   0.0   4.2   0.0   0.0   00:00     N
27   4.5   5.7   23:23   3.3   00:02  13.8   0.0   0.3   0.0   0.0   00:00     N
28   5.7   6.9   12:56   2.7   22:05  12.6   0.0   0.6   0.0   0.0   00:00     N
29   7.3  10.7   12:43   4.0   01:55  11.0   0.0   3.1   0.0   9.0   11:57     N
30  10.3  11.8   11:20   9.0   00:19   8.0   0.0   9.2   0.0   0.0   00:00     N
31  10.6  11.9   07:24   9.9   22:12   7.7   0.0  10.1   0.0   0.0   00:00     N
----------------------------------------------------------------------------------
     4.2  11.9    31    -1.6     2   435.9   0.0  77.4   0.0  10.3     5       E

Max >=  27.0  0
Max <=   0.0  0
Min <=   0.0  5
Min <= -18.0  0
Max Rain: 13.2 on day 4
Days of Rain: 21 (>= 0.2 mm)  10 (>= 2.0 mm)  0 (>= 20.0 mm)
Heat Base: 18.3  Cool Base: 18.3  Method: Integration
Page Updated 29/01/2022 06:25:15
Powered by Cumulus v3.10.4 (3121)