Select a Year or Month report
Report for 2021 Nov
Monthly Climatological Summary for Nov 2021
Name: Shap Weather Station City: Shap State: Cumbria
Elevation: 257 m Lat: N 54° 31' 31" Lon: W 002° 40' 30"
Temperature (°C), Rain (mm), Wind Speed (mph)
Heat Cool Avg
Mean Deg Deg Wind Dom
Day Temp High Time Low Time Days Days Rain Speed High Time Dir
----------------------------------------------------------------------------------
01 7.1 8.9 12:43 4.1 22:33 11.2 0.0 2.0 6.0 33.6 10:23 W
02 5.6 9.5 12:53 2.7 06:16 12.7 0.0 0.0 1.0 18.4 00:28 S
03 5.5 7.3 11:57 3.0 23:52 12.8 0.0 0.3 3.9 33.2 14:43 NW
04 3.2 5.8 13:19 -0.6 23:47 15.1 0.0 0.0 3.6 27.8 02:23 NW
05 6.2 11.0 13:49 -0.7 00:06 12.1 0.0 0.0 1.5 27.3 20:57 SW
06 9.3 11.9 15:08 7.2 23:12 9.0 0.0 1.7 9.1 47.5 15:43 WSW
07 7.6 9.4 12:14 5.2 23:57 10.7 0.0 0.0 9.8 60.9 05:17 WNW
08 7.9 11.6 23:49 2.9 01:33 10.4 0.0 0.6 4.9 31.4 23:17 S
09 10.9 13.3 12:39 7.3 21:14 7.4 0.0 6.2 5.5 30.5 03:58 SSW
10 8.0 10.5 13:04 5.5 18:42 10.3 0.0 0.0 1.6 25.5 21:51 SSW
11 7.9 10.2 13:14 4.4 06:12 10.4 0.0 2.2 5.1 29.1 20:21 S
12 9.7 11.0 13:16 8.6 00:26 8.6 0.0 9.2 11.6 49.7 03:00 SSW
13 7.8 10.0 12:25 4.6 19:37 10.5 0.0 0.0 3.1 29.6 03:43 NW
14 7.0 10.1 13:49 2.3 07:36 11.3 0.0 0.0 2.9 28.7 23:06 S
15 8.7 9.7 13:44 6.8 23:55 9.6 0.0 1.4 3.4 26.4 03:09 S
16 8.1 9.6 15:58 6.3 23:38 10.2 0.0 0.8 4.6 28.7 15:47 SSW
17 7.4 9.0 13:31 5.4 02:59 10.9 0.0 1.4 5.1 26.4 04:26 W
18 11.6 13.0 10:05 8.9 00:00 6.7 0.0 0.0 5.3 27.8 20:14 SW
19 10.7 12.2 13:49 8.8 23:41 7.6 0.0 0.0 0.0 21.1 02:36 WNW
20 8.3 10.8 13:56 3.8 23:57 10.0 0.0 0.0 0.0 14.3 12:02 N
21 3.0 4.9 14:41 0.4 23:58 15.3 0.0 0.0 0.0 9.9 15:42 N
22 2.4 5.9 13:03 -0.3 08:35 15.9 0.0 0.0 0.0 0.0 00:00 N
23 5.2 7.9 13:17 1.9 00:21 13.1 0.0 0.0 0.0 5.4 11:55 N
24 4.4 8.9 12:30 0.7 21:55 13.9 0.0 0.0 0.0 0.0 00:00 N
25 2.1 4.0 23:56 0.2 07:17 16.2 0.0 0.0 0.0 9.9 12:59 N
26 3.7 6.9 04:28 0.0 22:55 14.6 0.0 5.6 0.0 16.6 02:17 N
27 -0.1 1.3 00:30 -2.7 23:28 18.3 0.0 0.0 0.0 6.7 04:10 N
28 -1.7 -0.2 12:01 -4.4 23:50 20.0 0.0 0.0 0.0 0.4 12:21 N
29 0.4 9.2 23:34 -6.1 03:26 17.9 0.0 2.8 0.0 9.0 14:13 N
30 9.2 11.0 13:07 7.8 18:40 9.1 0.0 6.7 0.0 13.0 02:23 N
----------------------------------------------------------------------------------
6.2 13.3 9 -6.1 29 361.8 0.0 40.9 2.9 60.9 7 SW
Max >= 27.0 0
Max <= 0.0 1
Min <= 0.0 7
Min <= -18.0 0
Max Rain: 9.2 on day 12
Days of Rain: 13 (>= 0.2 mm) 7 (>= 2.0 mm) 0 (>= 20.0 mm)
Heat Base: 18.3 Cool Base: 18.3 Method: Integration