Now
Today
Yesterday
This Month
This Year
Monthly Records
All Time Records
NOAA Style Reports
Archive Data
Trends
Gauges
Clifton PWS


Report for 2020 Aug
                   Monthly Climatological Summary for Aug 2020

Name: Shap Weather Station   City: Shap   State: Cumbria
Elevation: 257 m  Lat: N 54° 31' 31"   Lon: W 002° 40' 30"

                  Temperature (°C), Rain (mm), Wind Speed (mph)

                                      Heat  Cool        Avg
    Mean                              Deg   Deg         Wind                 Dom
Day Temp  High   Time   Low    Time   Days  Days  Rain  Speed High   Time    Dir
----------------------------------------------------------------------------------
01  16.0  18.8   09:18  13.4   22:25   2.3   0.0   0.0   4.4  29.6   00:34   WSW
02  14.4  17.7   16:11  12.3   04:32   3.9   0.0   0.6   3.8  32.7   13:57   WSW
03  12.6  16.5   16:19   8.1   05:46   5.7   0.0   0.0   2.6  37.6   17:28   WNW
04  12.4  15.7   17:43   9.3   01:36   5.9   0.0   9.5  10.0  57.8   19:09     S
05  16.0  18.2   15:49  14.8   00:00   2.3   0.0  12.0   9.2  55.1   10:34   SSW
06  17.0  21.3   13:40  12.4   06:45   1.9   0.6   0.0   3.3  24.6   12:42     S
07  18.7  23.5   16:34  14.5   01:34   1.2   1.5   0.0   4.4  27.3   12:36     S
08  16.2  21.7   15:45  11.6   06:13   2.7   0.6   0.0   2.9  26.4   19:11   ESE
09  15.2  19.8   15:18  11.5   02:20   3.2   0.1   0.0   6.2  34.9   19:39    SE
10  17.9  22.7   14:37  13.6   01:03   1.7   1.3   0.0   3.8  28.7   00:15    SE
11  20.3  26.3   17:39  15.5   04:46   0.8   2.8   9.5   3.5  25.5   13:20    SE
12  21.2  27.4   14:25  16.9   04:47   0.2   3.1   0.3   1.2  28.7   15:33    SE
13  19.3  23.5   12:41  14.8   23:45   0.6   1.6   0.0   3.1  27.3   17:42    SE
14  16.3  20.8   12:49  13.0   05:21   2.4   0.4   0.0   4.3  33.2   17:34    SE
15  15.7  19.7   12:21  12.4   05:51   2.7   0.1   0.0   5.3  28.7   20:15    SE
16  14.0  15.5   18:29  12.9   03:41   4.3   0.0   2.8   3.9  27.3   01:34    SE
17  15.6  19.4   16:51  12.5   06:17   2.8   0.1   8.1   2.1  22.0   00:28     S
18  15.1  17.1   13:33  13.7   03:56   3.2   0.0   2.5   3.9  27.8   11:01     S
19  17.1  20.8   14:36  14.0   05:48   1.6   0.4   2.8   4.9  29.1   17:55   SSE
20  17.3  20.3   15:03  13.0   06:16   1.4   0.4   5.0  10.1  43.5   11:53     S
21  14.9  16.4   12:52  13.2   05:12   3.4   0.0  26.3  13.7  84.7   10:53     S
22  14.2  17.2   14:04  12.2   23:50   4.1   0.0   5.0   7.0  33.2   03:59    SW
23  13.5  16.5   14:23  10.5   02:46   3.7   0.0   6.4   2.8  24.6   11:58   WSW
24  11.9  16.0   18:06   7.7   07:00   6.3   0.0   0.6   3.5  28.2   01:00   WNW
25  13.6  17.3   13:39  10.2   00:54   4.7   0.0  21.8   7.8  63.6   12:13   SSE
26  13.1  15.7   15:45  11.1   06:25   5.2   0.0   4.2   5.3  31.4   01:20   WNW
27  13.2  16.9   11:02   9.9   23:53   5.1   0.0   5.6   3.6  29.6   11:33     S
28  10.4  13.3   14:56   8.3   23:18   7.9   0.0  13.4   6.5  39.0   11:45   NNW
29   9.2  12.2   17:44   5.7   23:49   9.1   0.0   0.3   6.3  35.4   08:52   NNW
30   9.9  14.0   15:37   4.7   01:49   8.4   0.0   0.0   2.0  21.1   09:59   NNW
31  12.1  16.9   15:40   7.9   23:54   6.2   0.0   0.0   1.9  25.5   11:31     S
----------------------------------------------------------------------------------
    15.0  27.4    12     4.7    30   114.9  13.0 136.7   4.9  84.7    21       S

Max >=  27.0  1
Max <=   0.0  0
Min <=   0.0  0
Min <= -18.0  0
Max Rain: 26.3 on day 21
Days of Rain: 19 (>= 0.2 mm)  15 (>= 2.0 mm)  2 (>= 20.0 mm)
Heat Base: 18.3  Cool Base: 18.3  Method: Integration
Page Updated 23/10/2021 11:55:09
Powered by Cumulus v3.10.4 (3121)