Now
Today
Yesterday
This Month
This Year
Monthly Records
All Time Records
NOAA Style Reports
Archive Data
Trends
Gauges
Clifton PWS


Report for 2020 May
                   Monthly Climatological Summary for May 2020

Name: Shap Weather Station   City: Shap   State: Cumbria
Elevation: 257 m  Lat: N 54° 31' 31"   Lon: W 002° 40' 30"

                  Temperature (°C), Rain (mm), Wind Speed (mph)

                                      Heat  Cool        Avg
    Mean                              Deg   Deg         Wind                 Dom
Day Temp  High   Time   Low    Time   Days  Days  Rain  Speed High   Time    Dir
----------------------------------------------------------------------------------
01   6.6  10.6   10:19   3.4   03:36  11.7   0.0   9.0   2.0  21.5   18:10   WSW
02   9.7  14.6   16:06   5.4   03:47   8.6   0.0   0.0   3.6  24.6   09:33    NW
03   9.7  16.3   13:58   4.0   03:25   8.6   0.0   0.0   2.7  27.3   13:32     S
04   8.3  13.8   11:41   2.8   03:10  10.0   0.0   0.0   3.9  26.0   21:02   ESE
05   7.1  12.0   15:05   0.3   05:59  11.1   0.0   0.0   4.1  28.2   11:50    SE
06   8.9  15.9   16:59  -0.2   05:14   9.4   0.0   0.0   2.2  22.8   12:49     S
07  12.6  20.0   12:28   3.6   03:38   5.8   0.1   0.0   3.5  26.4   06:38     S
08  13.6  18.9   13:48   9.2   23:51   4.7   0.0   0.0   4.4  27.8   09:22   SSW
09  13.9  20.2   16:04   6.3   03:46   4.7   0.3   0.0   1.5  17.9   18:55    NW
10   6.4  11.1   02:25   1.6   23:23  11.9   0.0   0.0   6.1  29.6   16:31     N
11   4.8   9.8   18:02  -0.4   04:06  13.5   0.0   0.0   5.2  28.2   18:43   NNW
12   7.1  12.9   16:45   2.0   04:43  11.2   0.0   0.3   5.7  29.1   21:25    NW
13   5.1   9.6   15:40   1.4   23:45  13.2   0.0   0.0   3.6  28.2   08:03     N
14   6.9  13.8   15:30  -1.0   02:57  11.4   0.0   0.0   3.5  27.3   19:53    NW
15   8.5  13.5   15:17   3.2   04:24   9.8   0.0   0.0   4.5  28.7   10:28    NW
16   9.8  13.8   14:52   6.3   00:39   8.5   0.0   0.0   5.1  34.9   14:38     W
17  11.0  15.5   15:22   8.4   02:34   7.3   0.0   0.0   6.1  30.5   12:08   SSW
18  12.3  16.1   17:06   9.9   04:04   6.0   0.0   0.3   6.6  29.6   03:04   SSW
19  13.6  18.8   14:31  10.8   03:45   4.7   0.0   0.0   5.5  27.8   17:13   SSW
20  15.7  22.7   17:04   6.9   05:51   3.8   1.3   0.0   4.2  42.1   16:42     S
21  14.2  19.6   14:20   9.6   03:32   4.2   0.1   0.0   3.8  26.9   16:56   SSW
22  12.0  14.7   00:49   7.8   23:14   6.3   0.0  15.4  12.4  59.1   10:58     S
23   9.8  11.8   14:51   8.2   06:18   8.5   0.0   3.4  13.1  65.4   09:56    SW
24  12.2  15.8   16:38   9.8   00:00   6.1   0.0   0.0   6.7  29.6   08:17     W
25  13.1  17.6   12:24   8.5   04:41   5.2   0.0   0.0   6.4  32.3   21:36     S
26  14.1  19.0   14:01   8.0   23:59   4.2   0.0   0.0   4.6  28.2   02:32    SW
27  12.2  18.3   18:41   5.0   04:33   6.1   0.0   0.0   2.7  28.2   22:14     N
28  16.4  22.4   16:22   8.1   05:26   3.3   1.5   0.0   2.6  27.8   10:08     S
29  18.3  23.7   13:52  12.3   03:13   2.0   2.0   0.0   4.3  26.9   19:39   SSE
30  15.4  20.3   13:57   9.9   04:58   3.4   0.5   0.0   5.1  27.8   17:41    SE
31  14.9  21.5   16:54   5.2   04:55   4.1   0.71648.6   4.0  30.0   16:38    SE
----------------------------------------------------------------------------------
    11.1  23.7    29    -1.0    14   229.3   6.51677.0   4.8  65.4    23      SW

Max >=  27.0  0
Max <=   0.0  0
Min <=   0.0  3
Min <= -18.0  0
Max Rain: 1648.6 on day 31
Days of Rain: 6 (>= 0.2 mm)  4 (>= 2.0 mm)  1 (>= 20.0 mm)
Heat Base: 18.3  Cool Base: 18.3  Method: Integration
Page Updated 23/10/2021 11:15:24
Powered by Cumulus v3.10.4 (3121)