Now
Today
Yesterday
This Month
This Year
Monthly Records
All Time Records
NOAA Style Reports
Archive Data
Trends
Gauges
Clifton PWS


Report for 2020 Apr
                   Monthly Climatological Summary for Apr 2020

Name: Shap Weather Station   City: Shap   State: Cumbria
Elevation: 257 m  Lat: N 54 31 31   Lon: W 002 40 30

                  Temperature (°C), Rain (mm), Wind Speed (mph)

                                      Heat  Cool        Avg
    Mean                              Deg   Deg         Wind                 Dom
Day Temp  High   Time   Low    Time   Days  Days  Rain  Speed High   Time    Dir
----------------------------------------------------------------------------------
01   6.2   8.9   15:06   4.2   06:48  12.1   0.0   0.0   4.9  28.2   09:18   WNW
02   6.9   9.4   14:26   3.8   23:59  11.4   0.0   0.0   9.2  37.6   12:31   WNW
03   5.7   9.0   16:53   3.4   02:32  12.6   0.0   0.8   5.9  28.2   13:06   WSW
04   7.9  10.8   14:44   5.2   08:06  10.4   0.0   0.6   7.4  32.3   15:55     S
05  11.7  17.1   16:29   4.5   05:30   6.6   0.0   0.6  11.2  63.2   23:02     S
06   9.6  13.2   00:00   5.3   23:49   8.7   0.0   5.6   9.0  40.8   03:30   SSW
07   9.0  13.7   16:34   4.7   00:21   9.3   0.0   0.0   5.6  26.4   10:39     S
08  10.2  15.9   14:05   4.8   04:48   8.1   0.0   0.0   3.8  26.0   13:42   SSW
09   8.6  13.3   16:19   3.8   04:50   9.7   0.0   0.0   4.2  26.0   18:05    SE
10  13.4  19.9   16:09   6.7   02:16   5.1   0.2   0.0   4.5  26.9   15:29     S
11  14.3  18.4   13:31   9.5   23:48   4.0   0.0   0.0   5.3  29.1   12:37   SSW
12  10.0  14.1   15:44   5.1   23:57   8.3   0.0   0.0   4.5  26.9   03:20     E
13   4.3   7.8   17:47   0.9   23:51  14.0   0.0   0.0   4.8  27.8   03:57    NE
14   5.6  12.9   16:45  -1.0   06:01  12.7   0.0   0.0   2.7  26.0   17:03     S
15   8.5  16.2   16:29   0.9   05:36   9.8   0.0   0.0   1.5  22.8   17:06   WSW
16   8.5  13.7   13:30   2.8   05:42   9.8   0.0   0.0   5.0  30.9   22:20   ESE
17   7.1  10.8   15:51   3.5   22:47  11.2   0.0   0.0   6.1  33.6   21:14   ESE
18   6.4  11.1   15:02   2.6   03:26  11.9   0.0   0.0   7.0  31.4   13:01   ESE
19   8.0  13.2   15:52   2.9   05:10  10.3   0.0   0.0   5.2  29.6   15:33    SE
20   7.5  12.1   13:09   3.5   02:54  10.8   0.0   0.0   6.2  43.5   17:53   ESE
21   8.5  13.8   13:53   2.3   06:01   9.8   0.0   0.0   5.9  36.7   12:34     E
22   9.5  15.8   13:49   3.2   03:37   8.8   0.0   0.0   4.3  34.9   13:11   ESE
23   9.9  16.5   15:49   3.2   02:36   8.4   0.0   0.0   3.6  28.2   17:17    SE
24  10.7  17.8   17:15   2.4   05:32   7.6   0.0   0.0   2.8  26.4   20:08   ESE
25  12.8  19.1   14:04   6.2   06:56   5.5   0.1   0.0   3.6  27.3   14:05     S
26  10.0  15.2   11:35   6.5   23:30   8.3   0.0   1.7   3.0  23.7   17:26   SSW
27   7.5  12.4   15:22   2.6   06:33  10.8   0.0   0.0   3.5  24.6   04:44     N
28   6.3   8.6   13:25   4.2   06:08  12.0   0.0   0.8   4.8  27.8   00:32    SE
29   5.8   8.3   18:33   3.0   23:58  12.5   0.0   2.2   4.9  26.9   17:51   SSE
30   6.6   9.6   12:38   2.5   00:09  11.7   0.0   4.2   5.7  32.3   12:51     S
----------------------------------------------------------------------------------
     8.6  19.9    10    -1.0    14   292.2   0.3  16.5   5.2  63.2     5     SSE

Max >=  27.0  0
Max <=   0.0  0
Min <=   0.0  1
Min <= -18.0  0
Max Rain: 5.6 on day 6
Days of Rain: 8 (>= 0.2 mm)  3 (>= 2.0 mm)  0 (>= 20.0 mm)
Heat Base: 18.3  Cool Base: 18.3  Method: Integration
Page Updated 23/10/2021 11:10:20
Powered by Cumulus v3.10.4 (3121)