Now
Today
Yesterday
This Month
This Year
Monthly Records
All Time Records
NOAA Style Reports
Archive Data
Trends
Gauges
Clifton PWS


Report for 2020 Feb
                   Monthly Climatological Summary for Feb 2020

Name: Shap Weather Station   City: Shap   State: Cumbria
Elevation: 257 m  Lat: N 54 31 31   Lon: W 002 40 30

                  Temperature (°C), Rain (mm), Wind Speed (mph)

                                      Heat  Cool        Avg
    Mean                              Deg   Deg         Wind                 Dom
Day Temp  High   Time   Low    Time   Days  Days  Rain  Speed High   Time    Dir
----------------------------------------------------------------------------------
01   6.2   7.9   00:00   3.0   23:35  12.1   0.0   7.8  12.2  65.0   09:27   WSW
02   5.4   8.0   17:18   3.0   00:09  12.9   0.0   5.3   6.6  34.9   19:03   SSW
03   4.8   7.3   01:04   1.6   23:25  13.5   0.0   1.4   9.2  31.4   11:07     W
04   5.3   8.3   14:01   1.1   02:12  13.0   0.0   1.4   9.8  52.4   06:51    NW
05   3.6   5.7   14:33   1.0   07:47  14.7   0.0   0.0   3.4  26.0   23:15     S
06   2.9   6.8   14:35   0.1   05:48  15.4   0.0   0.0   2.0  17.5   16:10   SSE
07   3.8   7.2   12:36   0.0   07:44  14.5   0.0   0.0   7.4  44.8   23:32     S
08   5.4   7.5   01:08   3.9   06:57  12.9   0.0  28.3  17.8  78.8   15:59   SSW
09   7.0   9.7   09:26   3.3   23:55  11.3   0.0  43.1  17.4  68.5   00:19    SW
10   2.8   4.2   12:58   1.5   20:05  15.5   0.0   6.7  15.2  63.6   19:31   WSW
11   2.2   2.9   02:29   1.0   21:06  16.1   0.0   3.1  16.9  80.6   02:11     W
12   2.1   3.7   13:21   0.3   20:06  16.2   0.0   0.0   9.4  60.5   02:23   WSW
13   2.2   3.5   11:45   0.5   05:40  16.1   0.0   8.1   5.0  32.3   02:30    SE
14   4.2   7.7   16:12   0.8   02:48  14.1   0.0   8.1   8.8  60.0   12:48   SSW
15   6.8   9.1   16:39   3.9   04:08  11.5   0.0  32.2  14.3  64.1   16:34   SSW
16   5.0   7.4   01:25   3.0   17:29  13.3   0.0  16.2  15.7  79.7   00:42    SW
17   4.6   7.1   13:41   2.4   21:55  13.7   0.0   2.5  13.1  58.7   01:23    SW
18   3.5   5.4   14:15   2.0   21:53  14.8   0.0   9.0  10.4  55.1   05:20   WSW
19   4.5   7.4   22:29   2.2   04:21  13.8   0.0  11.2   9.1  36.7   21:07    SW
20   4.7   7.4   00:28   1.0   15:41  13.6   0.0  16.5  11.9  56.0   19:32   WSW
21   6.2   8.0   13:41   3.5   00:10  12.1   0.0  22.4  13.9  58.7   10:46   SSW
22   5.1   8.5   02:37   3.1   14:14  13.2   0.0  10.4  15.1  78.4   00:14   WSW
23   3.2   4.5   00:00   1.7   22:22  15.1   0.0   3.1   6.6  47.0   12:41     W
24   2.8   7.5   14:21   0.3   05:39  15.5   0.0  18.2   7.1  56.4   15:27   WSW
25   2.0   4.4   11:35   0.5   22:24  16.3   0.0   1.4   4.4  30.5   04:46     W
26   1.4   4.3   12:13   0.1   15:03  16.9   0.0   1.4   5.7  32.7   11:44   WNW
27   1.8   3.8   14:10   0.2   07:20  16.5   0.0   2.8   6.8  30.9   14:17   WNW
28   3.4   7.6   23:50   1.0   09:19  14.9   0.0   6.7   7.8  36.3   13:20     S
29   4.5   8.7   03:55   1.0   17:47  13.8   0.0  15.1  14.9  70.3   18:07   SSW
----------------------------------------------------------------------------------
     4.0   9.7     9     0.0     7   413.3   0.0 282.4  10.3  80.6    11      SW

Max >=  27.0  0
Max <=   0.0  0
Min <=   0.0  1
Min <= -18.0  0
Max Rain: 43.1 on day 9
Days of Rain: 25 (>= 0.2 mm)  21 (>= 2.0 mm)  4 (>= 20.0 mm)
Heat Base: 18.3  Cool Base: 18.3  Method: Integration
Page Updated 04/05/2022 22:30:33
Powered by Cumulus v3.15.2 (3171)