Now
Today
Yesterday
This Month
This Year
Monthly Records
All Time Records
NOAA Style Reports
Archive Data
Trends
Gauges
Clifton PWS


Report for 2019 Nov
                   Monthly Climatological Summary for Nov 2019

Name: Shap Weather Station   City: Shap   State: Cumbria
Elevation: 257 m  Lat: N 54 31 31   Lon: W 002 40 30

                  Temperature (°C), Rain (mm), Wind Speed (mph)

                                      Heat  Cool        Avg
    Mean                              Deg   Deg         Wind                 Dom
Day Temp  High   Time   Low    Time   Days  Days  Rain  Speed High   Time    Dir
----------------------------------------------------------------------------------
01   9.6  11.8   23:16   6.3   00:00   8.7   0.0   8.7   5.3  27.3   19:32     S
02   8.3  11.5   00:00   5.4   23:45  10.0   0.0   1.1   4.5  30.9   00:05     S
03   7.1   8.6   14:46   5.0   00:25  11.2   0.0   4.8   3.1  26.4   08:38     W
04   7.5   8.7   13:46   6.6   01:55  10.8   0.0   2.8   3.5  26.9   22:55   NNE
05   5.9   7.9   06:18   0.7   23:52  12.3   0.0   0.3   5.9  32.3   11:20   NNW
06   2.9   5.1   14:54  -0.6   02:16  15.4   0.0   0.0   2.5  26.0   21:36    SE
07   5.3   7.2   13:34   4.0   00:00  13.0   0.0   2.8   6.3  32.3   21:31    NE
08   2.6   4.9   00:25   0.4   20:53  15.7   0.0   0.0   4.5  29.6   00:45   NNW
09   2.3   4.1   12:02  -0.5   02:34  16.0   0.0   0.0   3.5  22.4   14:05    SE
10   2.0   4.8   14:07  -2.1   06:48  16.3   0.0   5.3   3.7  29.1   22:55     S
11   4.3   5.7   11:28   2.2   00:00  14.0   0.0   9.2   8.3  37.6   15:38     W
12   4.5   6.2   12:56   2.9   07:59  13.8   0.0   5.9   8.2  33.2   00:59    NW
13   1.7   4.9   13:09  -1.7   06:14  16.6   0.0   0.0   2.0  24.2   10:21   SSE
14   3.1   4.2   12:36   0.8   01:31  15.2   0.0   0.6   7.0  29.1   09:04   NNW
15   4.8   7.0   14:01   2.5   00:00  13.5   0.0   0.3   6.6  30.0   16:56   NNW
16   5.1   6.5   13:49   4.0   00:23  13.2   0.0   0.0   5.1  28.7   05:35    NW
17   4.2   5.8   13:05   0.6   23:57  14.1   0.0   3.4   2.2  20.2   15:27    NW
18  -0.9   2.5   13:25  -4.0   23:42  19.2   0.0   0.0   0.8   9.9   14:40   ESE
19   0.2   4.6   23:26  -4.4   00:22  18.1   0.0   0.0   2.7  26.9   20:31   SSE
20   4.4   6.4   11:02   2.6   21:20  13.9   0.0   0.0   7.0  31.4   01:07   SSE
21   3.3   4.7   12:36   1.8   04:56  15.0   0.0   0.0  10.1  32.7   04:33    SE
22   5.0   6.3   23:34   3.4   01:16  13.3   0.0   1.7   5.7  30.9   18:13    SE
23   7.3   8.3   13:10   6.2   00:01  11.0   0.0   2.8   3.7  26.4   02:57     E
24   7.1   8.2   11:03   5.9   02:21  11.2   0.0   0.3   1.8  24.2   04:42   SSE
25   7.5   8.7   23:46   5.6   02:06  10.8   0.0   3.6   4.5  27.8   19:43    SE
26   7.9   9.2   16:23   5.5   22:43  10.4   0.0   3.6   4.2  26.4   00:07   SSE
27   5.7   7.2   12:24   2.4   06:18  12.6   0.0   4.5   4.0  30.9   23:40    NW
28   4.7   7.1   06:09   0.1   23:56  13.6   0.0   0.6   6.2  28.7   15:08   NNW
29  -0.7   2.5   14:02  -3.8   23:28  19.0   0.0   0.0   1.1  13.0   02:28   NNW
30  -2.4   2.0   13:50  -5.0   04:49  20.6   0.0   0.0   1.0  17.5   12:22    SE
----------------------------------------------------------------------------------
     4.3  11.8     1    -5.0    30   418.5   0.0  62.3   4.5  37.6    11      NW

Max >=  27.0  0
Max <=   0.0  0
Min <=   0.0  8
Min <= -18.0  0
Max Rain: 9.2 on day 11
Days of Rain: 19 (>= 0.2 mm)  12 (>= 2.0 mm)  0 (>= 20.0 mm)
Heat Base: 18.3  Cool Base: 18.3  Method: Integration
Page Updated 02/12/2021 06:05:33
Powered by Cumulus v3.10.4 (3121)