Now
Today
Yesterday
This Month
This Year
Monthly Records
All Time Records
NOAA Style Reports
Archive Data
Trends
Gauges
Clifton PWS


Report for 2019 Jul
                   Monthly Climatological Summary for Jul 2019

Name: Shap Weather Station   City: Shap   State: Cumbria
Elevation: 257 m  Lat: N 54 31 31   Lon: W 002 40 30

                  Temperature (°C), Rain (mm), Wind Speed (mph)

                                      Heat  Cool        Avg
    Mean                              Deg   Deg         Wind                 Dom
Day Temp  High   Time   Low    Time   Days  Days  Rain  Speed High   Time    Dir
----------------------------------------------------------------------------------
01  13.7  17.2   14:45   9.7   23:56   4.6   0.0   0.0   6.4  33.2   16:32   WNW
02  13.1  17.4   14:00   8.9   00:49   5.2   0.0   0.0   5.1  28.7   14:55    NW
03  13.5  19.3   17:26   6.1   05:07   4.8   0.1   0.0   2.5  26.9   16:29   NNW
04  14.3  18.8   12:33   8.8   05:46   4.0   0.0   0.0   3.5  27.3   10:51    NW
05  16.0  20.2   14:26  12.5   04:50   2.5   0.2   0.0   4.4  27.8   21:52     W
06  15.2  18.9   17:11  11.4   23:41   3.1   0.0   0.0   6.0  30.5   06:31    NW
07  14.5  19.2   14:04   9.0   05:14   3.8   0.0   0.0   3.1  27.3   17:36   ESE
08  15.2  20.7   13:38   8.4   04:42   3.6   0.4   0.0   2.1  17.9   17:14     S
09  15.0  17.7   17:02  13.2   00:57   3.3   0.0   0.6   3.9  28.2   10:22     S
10  16.0  19.3   15:21  13.9   04:33   2.4   0.1   0.6   5.1  29.6   10:02     S
11  16.7  20.9   14:27  14.2   23:58   1.9   0.4   0.8   4.4  27.3   09:30   SSW
12  16.4  22.0   15:57  12.9   04:11   2.5   0.5   0.0   4.9  29.6   17:30    NW
13  16.1  21.0   14:19  11.0   02:59   2.8   0.5   0.0   2.9  26.4   15:46    NW
14  16.3  20.4   17:57  11.7   01:20   2.3   0.4   0.0   1.8  21.1   17:17   ESE
15  17.1  23.1   14:36   9.7   05:40   2.6   1.4   0.0   2.1  23.3   08:15     S
16  18.0  22.9   14:32  13.3   02:09   1.6   1.3   0.0   4.6  27.3   10:34     S
17  15.7  19.2   11:03  13.6   04:32   2.7   0.0   2.5   7.1  34.9   14:30     S
18  14.7  18.5   17:19  10.9   04:54   3.6   0.0   3.1   5.7  26.9   13:35    SW
19  15.2  17.4   18:54  12.9   01:14   3.1   0.0   5.3   6.9  34.5   21:11     S
20  15.6  18.7   12:48  12.4   23:44   2.7   0.0  13.2   6.6  30.9   01:48   WSW
21  15.4  18.8   12:41  12.0   00:25   2.9   0.0  10.9   7.7  40.8   23:27     S
22  17.8  20.8   15:03  14.6   00:00   1.0   0.5   4.5  10.5  62.3   14:40   SSW
23  20.5  25.4   17:04  15.8   05:51   0.7   3.0   0.0   5.9  29.6   12:59     S
24  20.2  22.6   13:55  17.4   23:52   0.1   2.0   7.8   5.6  31.4   08:53     S
25  22.5  30.3   15:13  14.6   04:21   0.7   5.0   3.4   3.4  29.6   10:43     S
26  20.0  23.9   12:31  16.4   06:06   0.3   2.0   0.0   2.9  28.7   09:58     S
27  14.5  16.7   00:00  13.3   21:17   3.6   0.0  19.9   3.4  27.8   13:40    NW
28  17.2  21.0   17:56  13.7   00:00   1.7   0.7   4.5   2.7  26.4   06:08     E
29  16.5  19.5   14:40  13.1   23:30   2.0   0.2   2.2   3.3  25.5   08:43     S
30  15.4  21.5   13:06  10.7   05:44   3.3   0.3   6.7   1.9  26.0   12:45    NE
31  15.5  17.9   13:09  14.0   23:02   2.8   0.0  15.7   4.2  28.2   13:18    NW
----------------------------------------------------------------------------------
    16.3  30.3    25     6.1     3    82.2  19.0 101.7   4.5  62.3    22      SW

Max >=  27.0  1
Max <=   0.0  0
Min <=   0.0  0
Min <= -18.0  0
Max Rain: 19.9 on day 27
Days of Rain: 16 (>= 0.2 mm)  13 (>= 2.0 mm)  0 (>= 20.0 mm)
Heat Base: 18.3  Cool Base: 18.3  Method: Integration
Page Updated 02/12/2021 05:45:20
Powered by Cumulus v3.10.4 (3121)