Now
Today
Yesterday
This Month
This Year
Monthly Records
All Time Records
NOAA Style Reports
Archive Data
Trends
Gauges
Clifton PWS


Report for 2019 Feb
                   Monthly Climatological Summary for Feb 2019

Name: Shap Weather Station   City: Shap   State: Cumbria
Elevation: 257 m  Lat: N 54 31 31   Lon: W 002 40 30

                  Temperature (°C), Rain (mm), Wind Speed (mph)

                                      Heat  Cool        Avg
    Mean                              Deg   Deg         Wind                 Dom
Day Temp  High   Time   Low    Time   Days  Days  Rain  Speed High   Time    Dir
----------------------------------------------------------------------------------
01  -2.4   0.5   13:30  -7.6   03:45  20.7   0.0   0.0   3.0  29.1   15:02    NW
02  -2.1   1.0   13:14  -6.0   22:12  20.4   0.0   0.0   3.4  30.0   12:31    NW
03  -0.2   3.7   19:13  -6.8   01:20  17.5   0.0   5.9   5.7  31.4   21:07     S
04   3.8   5.8   12:06   1.1   23:15  14.5   0.0   7.8   6.6  31.8   02:59    SW
05   3.6   7.6   21:24  -0.5   02:34  14.7   0.0   8.1   5.9  31.4   21:16     S
06   4.6   7.1   00:00   2.6   05:10  13.7   0.0   1.1   5.8  32.3   13:31     S
07   3.9   5.6   12:55   1.7   06:34  14.4   0.0   3.6   5.8  35.8   23:40   WSW
08   6.0   7.9   11:16   4.1   00:57  12.3   0.0  35.6  15.0  66.8   18:57   SSW
09   4.8   6.5   12:56   2.6   02:20  13.5   0.0  19.6  12.6  62.3   03:31   WSW
10   2.8   4.9   13:11   1.4   08:28  15.5   0.0   0.6   3.6  26.9   10:31   WNW
11   3.3   6.1   14:22   1.6   20:21  15.0   0.0   0.3   3.3  28.7   00:42    SW
12   6.0   9.6   15:00   3.4   04:53  12.3   0.0   0.0   6.4  30.9   07:45   SSW
13   6.8   7.4   00:44   6.3   08:15  11.5   0.0   0.0   7.8  37.6   17:25     S
14   6.6   9.3   14:25   4.5   22:53  11.7   0.0   0.0   6.9  40.3   10:14     S
15   6.5   9.5   15:43   3.1   07:50  11.8   0.0   0.0   6.9  32.7   23:53     S
16   8.0   9.8   23:27   6.6   07:11  10.3   0.0   0.0   9.6  40.8   01:27   SSW
17   7.6   9.8   00:03   5.4   06:29  10.7   0.0   0.0  11.9  58.2   11:20     S
18   5.9   6.8   01:05   5.1   14:42  12.4   0.0   0.0  12.5  53.3   05:00   SSW
19   5.6   6.4   02:20   4.1   07:48  12.7   0.0   2.0   6.4  31.4   20:10   SSW
20   7.4   8.8   12:25   5.7   00:00  10.9   0.0   9.5  11.4  52.0   13:54     S
21   8.8  11.2   14:16   7.5   20:37   9.5   0.0   0.3   7.9  60.9   12:42   SSW
22   9.3  14.0   15:24   6.0   04:45   9.0   0.0   0.0   5.1  27.8   15:56     S
23   8.8  13.7   13:24   4.4   03:34   9.5   0.0   0.0   4.6  32.3   11:40     S
24   7.4  13.5   13:34  -0.2   06:14  10.9   0.0   0.0   2.7  28.2   12:59     S
25   8.9  14.1   14:27   4.7   07:33   9.4   0.0   0.0   3.0  25.1   12:56     S
26   9.0  15.2   13:43   3.3   07:37   9.3   0.0   0.0   3.0  25.1   00:01   SSE
27   7.4  12.4   13:38   3.4   05:39  10.9   0.0   0.0   3.6  26.4   00:19     S
28   5.6   9.1   13:58   1.2   05:24  12.7   0.0   0.3   1.6  17.5   16:24    NW
----------------------------------------------------------------------------------
     5.5  15.2    26    -7.6     1   357.7   0.0  94.7   6.5  66.8     8     SSW

Max >=  27.0  0
Max <=   0.0  0
Min <=   0.0  5
Min <= -18.0  0
Max Rain: 35.6 on day 8
Days of Rain: 13 (>= 0.2 mm)  8 (>= 2.0 mm)  1 (>= 20.0 mm)
Heat Base: 18.3  Cool Base: 18.3  Method: Integration
Page Updated 23/10/2021 13:05:15
Powered by Cumulus v3.10.4 (3121)