Now
Today
Yesterday
This Month
This Year
Monthly Records
All Time Records
NOAA Style Reports
Archive Data
Trends
Gauges
Clifton PWS


Report for 2019 Jan
                   Monthly Climatological Summary for Jan 2019

Name: Shap Weather Station   City: Shap   State: Cumbria
Elevation: 257 m  Lat: N 54 31 31   Lon: W 002 40 30

                  Temperature (°C), Rain (mm), Wind Speed (mph)

                                      Heat  Cool        Avg
    Mean                              Deg   Deg         Wind                 Dom
Day Temp  High   Time   Low    Time   Days  Days  Rain  Speed High   Time    Dir
----------------------------------------------------------------------------------
01   5.0   9.6   00:01  -1.4   23:59  13.2   0.0   0.0   5.4  29.1   06:07    NW
02   0.4   2.7   13:09  -2.7   03:00  17.9   0.0   0.0   0.7  10.3   23:12   WSW
03   1.5   3.0   12:45   0.2   00:39  16.8   0.0   0.0   1.9  22.0   23:26   SSE
04   3.4   5.1   12:52   2.0   00:00  14.8   0.0   0.0   2.5  26.0   16:02   WNW
05   3.6   5.4   14:29   2.0   06:40  14.7   0.0   0.0   1.9  24.6   00:43    NW
06   6.0   8.0   13:49   3.3   07:57  12.3   0.0   0.0   2.7  32.3   21:34     S
07   7.9  10.4   13:13   5.9   23:57  10.4   0.0   1.1  10.7  39.0   15:13     W
08   4.0   6.4   00:27   1.4   23:43  14.3   0.0   0.0   7.8  34.9   00:20    NW
09   0.6   2.5   13:53  -1.0   19:23  17.7   0.0   0.0   2.3  22.8   07:04   NNW
10   3.3   6.0   14:19   0.1   00:46  15.0   0.0   0.0   1.6  25.5   22:21    NW
11   6.0   7.4   16:47   4.4   04:59  12.3   0.0   0.0   3.6  28.2   18:51   WNW
12   8.1   9.8   22:46   6.6   06:46  10.2   0.0   0.3  10.2  51.1   06:08   WNW
13   7.9   9.9   09:59   5.5   23:58  10.3   0.0   0.6  12.7  59.1   10:12   WNW
14   5.4   6.9   12:24   4.0   08:25  12.9   0.0   0.0   6.6  59.6   03:54   WNW
15   7.4   8.5   10:17   6.2   00:00  10.9   0.0   0.6   7.9  41.7   07:23   WSW
16   4.8   7.7   06:15   1.2   21:59  13.5   0.0   2.0   6.3  34.5   06:25   WSW
17  -0.3   2.2   00:06  -2.3   23:58  18.6   0.0   0.0   7.1  33.6   11:12    NW
18  -0.1   2.5   12:54  -2.9   01:57  18.4   0.0   2.2   6.2  30.9   11:45     S
19   1.8   3.2   12:26   0.8   00:00  16.5   0.0   0.0   2.8  25.5   00:17   SSE
20   2.8   4.8   12:40   1.3   07:53  15.5   0.0   0.8   1.7  28.2   18:50    NW
21   1.0   2.8   20:06  -2.4   05:28  17.0   0.0   4.5   5.9  34.0   22:10     S
22   0.4   2.3   12:50  -2.1   23:21  17.9   0.0   0.6   2.3  32.3   00:56     W
23  -2.0   0.1   23:20  -3.7   09:16  20.3   0.0   0.0   1.8  25.1   20:45   SSE
24   1.4   3.4   23:55  -0.5   06:58  16.9   0.0   0.3   2.2  25.1   20:17   SSE
25   8.3   9.8   10:34   3.3   00:00  10.0   0.0   0.0   7.2  37.2   12:51     W
26   6.6   8.4   00:00   2.8   23:51  11.7   0.0  12.3   7.0  37.2   14:42   SSW
27   2.0   3.8   13:32   0.1   23:56  16.3   0.0   0.8  14.1  53.3   14:00    NW
28   0.0   2.0   13:53  -2.5   07:46  18.3   0.0   0.3   4.1  26.0   14:04   WNW
29   0.5   1.5   05:10  -2.7   23:54  17.8   0.0   0.3   4.4  30.0   20:19    SW
30  -2.5   0.4   16:21  -6.5   23:59  20.8   0.0   0.0   1.9  28.7   12:55   SSE
31  -4.3  -1.4   14:13  -8.0   01:18  22.6   0.0   0.0   1.7  20.6   14:45    SE
----------------------------------------------------------------------------------
     2.9  10.4     7    -8.0    31   475.8   0.0  26.7   5.0  59.6    14       W

Max >=  27.0  0
Max <=   0.0  1
Min <=   0.0 13
Min <= -18.0  0
Max Rain: 12.3 on day 26
Days of Rain: 14 (>= 0.2 mm)  4 (>= 2.0 mm)  0 (>= 20.0 mm)
Heat Base: 18.3  Cool Base: 18.3  Method: Integration
Page Updated 23/10/2021 12:55:18
Powered by Cumulus v3.10.4 (3121)