Now
Today
Yesterday
This Month
This Year
Monthly Records
All Time Records
NOAA Style Reports
Archive Data
Trends
Gauges
Clifton PWS


Report for 2018 Sep
                   Monthly Climatological Summary for Sep 2018

Name: Shap Weather Station   City: Shap   State: Cumbria
Elevation: 257 m  Lat: N 54 31 31   Lon: W 002 40 30

                  Temperature (°C), Rain (mm), Wind Speed (mph)

                                      Heat  Cool        Avg
    Mean                              Deg   Deg         Wind                 Dom
Day Temp  High   Time   Low    Time   Days  Days  Rain  Speed High   Time    Dir
----------------------------------------------------------------------------------
01  15.1  19.1   15:03  10.4   00:06   3.3   0.0   0.3   4.9  27.3   05:39     S
02  16.6  18.9   16:28  15.2   01:25   1.7   0.0   0.8   4.6  27.8   13:04     S
03  13.3  15.7   08:11   9.9   23:50   5.0   0.0   9.5   3.8  26.9   14:31    NW
04  11.2  15.3   16:55   8.1   06:19   7.2   0.0   0.0   3.1  25.5   10:24    NW
05  10.8  18.0   17:35   4.7   06:54   7.4   0.0   0.0   1.6  26.0   17:32    NW
06  10.6  15.0   13:39   4.7   23:59   7.7   0.0   0.8   3.3  26.4   05:50    NW
07   9.6  15.9   16:34   3.6   03:54   8.6   0.0   0.3   3.6  26.4   14:56   WNW
08  12.5  16.1   15:38   9.6   01:50   5.8   0.0   2.0   4.4  26.0   22:02   SSW
10  12.3  15.5   11:58  10.5   03:25   6.0   0.0   5.6   7.5  33.6   23:09   SSW
11  12.8  16.3   15:22  10.2   06:25   5.5   0.0   5.6   5.7  32.7   22:16   WSW
12  11.8  16.6   14:23   9.2   08:24   6.5   0.0   0.3   5.7  29.6   10:30   WSW
13  11.3  14.0   10:17   9.0   06:08   7.0   0.0   1.7   6.9  30.9   02:04    SW
14  11.6  14.6   13:58   9.9   21:55   6.7   0.0   7.0   5.8  30.9   17:37    SW
15  10.5  13.8   16:48   5.5   04:48   7.8   0.0   0.6   4.4  26.9   01:43   SSW
16  13.5  17.9   13:36  10.5   23:31   4.8   0.0  12.9   8.0  34.9   04:23   SSW
17  14.3  19.3   17:34  11.0   00:00   4.0   0.0   0.6   7.3  35.8   16:54     S
18  15.1  16.9   10:58  12.7   01:54   3.2   0.0   7.6  10.4  65.4   19:36   SSW
19  12.4  15.2   10:49   9.7   23:18   5.9   0.0   4.8  15.6  67.2   12:06   SSW
20   9.4  13.1   11:13   7.3   22:44   8.9   0.0  19.6   5.5  34.9   00:36   SSW
21   8.1  11.7   15:37   4.4   02:32  10.2   0.0  13.4   7.5  37.6   02:02   WNW
22   8.4  12.6   14:34   4.1   23:27   9.9   0.0   0.0   3.5  27.3   11:09     W
23   6.5  11.6   15:10   1.8   04:37  11.7   0.0   0.0   4.0  26.0   20:57    NW
24   8.2  12.5   14:50   3.0   07:08  10.1   0.0   0.0   3.4  30.9   10:45   WNW
25   9.4  12.5   12:48   5.0   05:35   8.9   0.0   0.0   7.9  48.4   18:16     S
26  14.8  19.1   15:06  11.1   00:00   3.5   0.0   0.3   8.2  38.5   01:28    SW
27  13.4  17.6   13:42   7.0   23:55   4.9   0.0   0.0   6.0  34.5   06:04    SW
28   7.3  12.1   15:10   2.8   07:36  11.0   0.0   0.0   1.4  24.6   13:35    NW
29   9.0  12.9   14:40   3.7   01:15   9.3   0.0   0.0   4.8  25.1   18:47   SSW
30   9.0  12.0   12:35   6.1   23:41   9.3   0.0   0.0   6.8  29.6   12:39   WNW
----------------------------------------------------------------------------------
    11.3  19.3    17     1.8    23   201.8   0.0  93.7   5.7  67.2    19      SW

Max >=  27.0  0
Max <=   0.0  0
Min <=   0.0  0
Min <= -18.0  0
Max Rain: 19.6 on day 20
Days of Rain: 19 (>= 0.2 mm)  10 (>= 2.0 mm)  0 (>= 20.0 mm)
Heat Base: 18.3  Cool Base: 18.3  Method: Integration
Page Updated 04/05/2022 22:30:33
Powered by Cumulus v3.15.2 (3171)