Now
Today
Yesterday
This Month
This Year
Monthly Records
All Time Records
NOAA Style Reports
Archive Data
Trends
Gauges
Clifton PWS


Report for 2018 Apr
                   Monthly Climatological Summary for Apr 2018

Name: Shap Weather Station   City: Shap   State: Cumbria
Elevation: 257 m  Lat: N 54 31 31   Lon: W 002 40 30

                  Temperature (°C), Rain (mm), Wind Speed (mph)

                                      Heat  Cool        Avg
    Mean                              Deg   Deg         Wind                 Dom
Day Temp  High   Time   Low    Time   Days  Days  Rain  Speed High   Time    Dir
----------------------------------------------------------------------------------
01   2.6   5.9   13:41   0.4   03:34  15.7   0.0   0.0   4.4  26.4   01:39   ENE
02   1.7   2.9   23:50   0.6   05:07  16.6   0.0  10.4   7.2  31.4   07:08   ESE
03   6.8  10.5   16:11   2.8   00:00  11.5   0.0   2.8   6.2  33.6   13:39   SSW
04   4.9  10.3   14:27   0.4   23:37  13.4   0.0  16.0   5.4  26.4   18:02     W
05   3.5   8.4   15:33  -1.1   04:47  14.8   0.0   0.0   4.4  31.4   00:28   WSW
06   7.6  11.5   15:45   2.7   05:37  10.7   0.0   0.0   8.7  34.9   15:40     S
07   7.4   8.9   10:28   5.6   06:43  10.9   0.0   7.0   2.5  27.8   05:22    SW
08   7.1  11.0   14:28   2.3   06:36  11.2   0.0   0.0   2.5  22.8   11:13     S
09   8.6  14.0   15:41   4.7   07:09   9.7   0.0   0.8   4.7  26.4   11:31   SSE
10   6.0   6.8   10:33   5.4   05:21  12.3   0.0   2.0   5.4  35.8   01:05     E
11   6.4   8.4   13:23   4.6   23:49  11.9   0.0   0.0   4.6  27.8   15:14    SE
12   5.4   7.7   11:03   4.1   03:12  12.9   0.0   2.0   3.9  25.5   13:40    SE
13   6.1   9.2   14:20   4.6   00:17  12.2   0.0   1.7   3.2  22.0   22:09    SW
14   8.5  12.3   16:08   5.3   23:44   9.8   0.0   0.0   3.4  23.7   03:36     S
15   8.5  12.5   12:46   3.8   04:01   9.8   0.0   4.5   5.6  32.7   15:25   SSE
16   9.1  11.7   16:29   7.3   05:31   9.2   0.0   2.5   9.0  34.0   09:05     S
17   9.9  11.7   16:20   8.0   02:41   8.4   0.0   5.0  15.1  63.6   10:59     S
18  13.2  17.3   16:30   9.4   01:23   5.1   0.0   2.2   8.7  33.2   08:07     S
19  14.4  19.0   12:20  10.4   04:27   3.9   0.0   0.0   4.4  27.3   11:09     S
20  11.7  16.3   12:41   7.6   23:57   6.6   0.0   0.0   3.7  29.6   15:28   SSW
21  12.1  18.7   17:33   3.8   05:29   6.2   0.0   0.8   3.8  27.3   16:47     S
22  11.3  14.8   01:10   7.8   23:59   7.0   0.0   1.7   6.9  29.6   12:08   SSW
23   8.9  11.2   12:55   6.9   00:16   9.4   0.0   3.6   7.9  56.0   16:54    SW
24   8.5  12.1   10:46   5.6   22:50   9.8   0.0   1.4   4.5  30.0   12:39    SW
25   8.0  12.0   14:23   5.1   05:40  10.3   0.0   0.3   6.4  36.3   17:36    SW
26   7.3  11.1   14:58   5.3   05:17  11.0   0.0   1.1   5.6  28.7   17:57   WSW
27   6.9  11.1   14:46   2.5   06:06  11.4   0.0   0.0   1.9  22.8   17:59   ESE
28   6.3  10.4   15:56   1.6   05:38  12.0   0.0   0.0   2.2  21.5   12:11   ENE
29   5.3   9.2   14:34   1.3   23:50  13.0   0.0   0.0   2.9  24.6   17:20   NNE
30   5.5  10.0   16:15   1.7   00:40  12.8   0.0   0.0   6.2  27.8   18:33   NNW
----------------------------------------------------------------------------------
     7.7  19.0    19    -1.1     5   319.5   0.0  65.8   5.4  63.6    17       S

Max >=  27.0  0
Max <=   0.0  0
Min <=   0.0  1
Min <= -18.0  0
Max Rain: 16.0 on day 4
Days of Rain: 18 (>= 0.2 mm)  11 (>= 2.0 mm)  0 (>= 20.0 mm)
Heat Base: 18.3  Cool Base: 18.3  Method: Integration
Page Updated 23/10/2021 11:50:11
Powered by Cumulus v3.10.4 (3121)