Now
Today
Yesterday
This Month
This Year
Monthly Records
All Time Records
NOAA Style Reports
Archive Data
Trends
Gauges
Clifton PWS


Report for 2018 Mar
                   Monthly Climatological Summary for Mar 2018

Name: Shap Weather Station   City: Shap   State: Cumbria
Elevation: 257 m  Lat: N 54 31 31   Lon: W 002 40 30

                  Temperature (°C), Rain (mm), Wind Speed (mph)

                                      Heat  Cool        Avg
    Mean                              Deg   Deg         Wind                 Dom
Day Temp  High   Time   Low    Time   Days  Days  Rain  Speed High   Time    Dir
----------------------------------------------------------------------------------
01  -3.9  -1.8   23:54  -6.4   03:15  22.2   0.0   0.0   8.1  60.0   23:55     E
02  -1.5  -0.9   18:48  -2.0   06:22  19.8   0.0   0.0  10.5  40.3   12:01     E
03  -1.4  -0.2   13:32  -2.2   08:38  19.7   0.0   0.0   7.6  33.6   10:04   ESE
04   0.4   1.8   18:52  -1.4   00:00  17.9   0.0   3.4   7.1  30.0   02:13    SE
05   2.3   6.0   12:37  -0.9   06:52  16.0   0.0   0.6   3.6  25.5   16:47    SE
06   2.2   4.6   14:39   0.3   05:11  16.1   0.0  16.0   3.0  25.1   02:28   SSE
07   3.0   5.3   14:02   1.4   23:59  15.3   0.0   0.6   6.0  28.7   15:51     S
08   2.6   6.2   15:26  -0.3   07:10  15.7   0.0   0.0   3.7  27.3   13:10   WSW
09   2.7   5.6   16:00  -1.0   06:57  15.6   0.0   0.6   2.9  26.4   10:34   SSE
10   5.8   9.6   17:50   2.8   01:22  12.5   0.0  10.9   6.7  32.3   10:04   SSE
11   6.2   9.8   13:26   3.2   07:28  12.1   0.0   0.0   3.5  22.8   00:19    SE
12   4.6   5.5   12:36   3.6   23:52  13.7   0.0   4.8   2.9  23.3   17:21   NNW
13   4.2   8.5   13:08   0.0   23:52  14.1   0.0   0.3   2.3  25.5   12:26   SSW
14   5.5   9.5   13:52  -0.5   01:01  12.8   0.0   0.0   8.0  51.1   23:46   SSE
15   4.6   6.1   00:00   3.7   20:09  13.7   0.0   3.4  11.9  39.9   06:01    SE
16   3.2   4.4   03:00   1.1   23:59  15.1   0.0   0.0  10.0  37.6   14:56   ESE
17  -1.8   1.2   00:00  -4.3   19:50  20.1   0.0   0.0   8.4  39.0   14:05     E
18  -2.0  -0.3   14:18  -4.2   01:03  20.3   0.0   0.8   7.4  38.1   08:13   ENE
19   1.2   4.1   14:35  -1.1   05:31  17.1   0.0   0.3   6.5  30.5   10:59   NNE
20   2.7   7.8   15:40  -1.2   23:56  15.6   0.0   0.0   2.9  24.6   10:37    NW
21   3.5   7.7   21:43  -2.3   05:20  14.8   0.0   0.0   3.9  26.0   19:58    SW
22   6.1   8.5   10:29   4.4   21:43  12.2   0.0   0.6   7.7  34.5   16:13   SSW
23   5.3   7.6   13:39   4.1   21:58  12.9   0.0  12.0   8.7  54.7   06:35   SSW
24   5.0   8.8   13:30   0.5   23:48  13.3   0.0   2.0   1.8  26.0   16:26    NW
25   4.0   9.4   15:09  -1.1   06:48  13.7   0.0   0.0   3.0  30.0   11:40   WNW
26   4.0   9.5   16:38  -1.2   07:08  14.3   0.0   0.0   2.2  22.4   16:53   SSW
27   5.5   8.4   11:40   3.2   23:58  12.6   0.0   4.2   5.8  31.8   16:17    SW
28   3.5   7.1   14:09   1.2   22:20  14.7   0.0   0.3   4.0  27.8   14:16     W
29   3.9   7.3   14:55   0.3   04:36  14.4   0.0   0.0   4.2  26.9   14:57    SE
30   4.3   7.6   15:57   1.7   06:59  14.0   0.0   0.3   4.7  28.2   14:16     E
31   3.1   5.4   13:49   1.1   22:54  15.2   0.0   0.0   8.3  31.8   06:49     N
----------------------------------------------------------------------------------
     2.9   9.8    11    -6.4     1   477.5   0.0  61.1   5.7  60.0     1      SE

Max >=  27.0  0
Max <=   0.0  4
Min <=   0.0 16
Min <= -18.0  0
Max Rain: 16.0 on day 6
Days of Rain: 17 (>= 0.2 mm)  8 (>= 2.0 mm)  0 (>= 20.0 mm)
Heat Base: 18.3  Cool Base: 18.3  Method: Integration
Page Updated 04/05/2022 22:30:33
Powered by Cumulus v3.15.2 (3171)