Now
Today
Yesterday
This Month
This Year
Monthly Records
All Time Records
NOAA Style Reports
Archive Data
Trends
Gauges
Clifton PWS


Report for 2017 Jun
                   Monthly Climatological Summary for Jun 2017

Name: Shap Weather Station   City: Shap   State: Cumbria
Elevation: 257 m  Lat: N 54 31 31   Lon: W 002 40 30

                  Temperature (°C), Rain (mm), Wind Speed (mph)

                                      Heat  Cool        Avg
    Mean                              Deg   Deg         Wind                 Dom
Day Temp  High   Time   Low    Time   Days  Days  Rain  Speed High   Time    Dir
----------------------------------------------------------------------------------
01  16.0  20.0   13:59  13.2   02:15   2.5   0.2   0.0   5.8  31.4   16:07    SE
02  14.2  18.1   15:36   8.6   23:57   4.1   0.0   3.3   3.2  30.5   00:15    SE
03  12.5  18.6   11:23   5.4   04:03   5.8   0.0   0.0   3.6  38.5   15:51   SSE
04  12.7  16.7   11:54   9.0   02:06   5.6   0.0   0.0   5.1  34.5   12:53    SE
05  11.1  13.7   14:22   8.9   05:44   7.2   0.0  29.3   7.5  34.9   07:35   ESE
06  10.6  11.5   06:23   9.3   23:35   7.7   0.0  11.4   8.2  35.4   11:03    SW
07  11.2  14.5   13:53   8.4   07:09   7.1   0.0   0.9   9.5  53.3   13:19    SW
08  12.5  14.6   13:45  10.0   00:58   5.8   0.0  15.1   6.5  60.5   11:08    SE
09  13.3  17.0   15:51  10.3   04:55   5.0   0.0   1.4   6.9  31.8   17:27    SE
10  13.3  17.0   17:29  10.9   06:35   5.0   0.0   7.2   9.6  59.1   13:34    SE
11  13.1  16.0   14:12  11.6   07:02   5.2   0.0   4.3  12.1  68.1   13:01    SE
12  12.2  13.8   19:14  10.9   05:00   1.2   0.0   0.6   5.8  18.8   20:52    NW
13  14.1  18.3   13:11  11.3   03:05   4.2   0.0   0.0   5.4  28.2   16:33    NW
14  16.4  21.5   16:48  11.7   00:56   2.5   0.6   0.0   5.1  29.1   10:03    NW
15  13.8  18.1   12:39  11.5   23:57   4.5   0.0   2.8   5.9  35.8   15:21   SSW
16  14.3  19.2   17:10  10.7   03:35   4.1   0.0   0.0   5.4  30.9   11:31     S
17  18.2  22.5   13:06  13.7   03:41   1.6   1.5   0.0   6.6  40.8   15:28    SE
18  18.8  24.1   14:19  12.9   04:02   1.6   2.1   0.0   5.4  27.3   05:46    SE
19  19.8  27.1   13:44  13.0   02:18   1.5   3.0   0.0   2.8  27.3   19:58   WNW
20  16.7  20.1   13:20  12.9   02:54   2.0   0.4   0.0   3.8  30.5   10:15   ENE
21  18.8  24.8   17:32  13.3   01:26   1.6   2.2   6.7   5.0  30.5   17:05   ENE
22  16.2  19.4   00:00  13.3   23:35   2.1   0.0   0.0   5.1  47.0   07:37    SE
23  14.6  17.4   09:46  13.1   06:49   3.7   0.0   3.1   5.9  36.3   09:23    SE
24  14.2  17.7   17:55  10.6   03:33   4.1   0.0   0.0   5.5  27.8   11:00     S
25  13.0  17.4   13:47   9.1   23:58   5.3   0.0   0.0   5.8  36.7   20:37    SW
26  13.1  18.1   16:14   7.7   05:18   5.2   0.0   0.0   2.1  20.2   22:33   WSW
27  11.7  13.8   18:05  10.2   03:58   6.6   0.0  13.2   5.2  29.1   02:33   ENE
28  10.5  12.4   14:42   8.1   23:56   7.8   0.0  14.6   4.5  28.7   01:48    NW
29  10.5  12.2   14:33   8.1   00:00   7.8   0.0  13.2   3.7  54.2   13:30     W
30  12.8  15.9   15:18  11.1   01:37   5.5   0.0   0.0   3.3  32.3   15:16     W
----------------------------------------------------------------------------------
    14.0  27.1    19     5.4     3   133.9  10.0 127.1   5.7  68.1    11     SSE

Max >=  27.0  1
Max <=   0.0  0
Min <=   0.0  0
Min <= -18.0  0
Max Rain: 29.3 on day 5
Days of Rain: 15 (>= 0.2 mm)  12 (>= 2.0 mm)  1 (>= 20.0 mm)
Heat Base: 18.3  Cool Base: 18.3  Method: Integration
Page Updated 02/12/2021 07:30:16
Powered by Cumulus v3.10.4 (3121)