Now
Today
Yesterday
This Month
This Year
Monthly Records
All Time Records
NOAA Style Reports
Archive Data
Trends
Gauges
Clifton PWS


Report for 2017 Apr
                   Monthly Climatological Summary for Apr 2017

Name: Shap Weather Station   City: Shap   State: Cumbria
Elevation: 257 m  Lat: N 54 31 31   Lon: W 002 40 30

                  Temperature (°C), Rain (mm), Wind Speed (mph)

                                      Heat  Cool        Avg
    Mean                              Deg   Deg         Wind                 Dom
Day Temp  High   Time   Low    Time   Days  Days  Rain  Speed High   Time    Dir
----------------------------------------------------------------------------------
01   9.6  12.8   14:44   6.9   23:58   8.6   0.0   5.1   4.3  15.9   16:40     W
02   8.0  13.6   14:49   4.1   21:48  10.3   0.0   0.0   3.2  24.6   15:34    SW
03   8.1  12.6   15:32   3.2   05:11  10.2   0.0   0.0   7.2  46.1   17:22     S
04   8.6  11.5   15:13   6.3   21:37   9.7   0.0   0.3   7.5  41.7   10:19   WNW
05   8.1  10.7   17:50   5.6   23:20  10.2   0.0   0.0   8.3  34.5   06:40   WNW
06   7.4  11.0   13:41   2.1   06:17  10.9   0.0   0.0   4.4  32.7   13:56   WNW
07   8.0  11.2   16:15   3.7   23:55  10.3   0.0   0.0   4.0  28.7   11:33   WNW
08   7.9  15.0   16:22   0.5   05:49  10.4   0.0   0.0   2.6  26.9   16:09     S
09  10.6  17.0   14:23   6.0   23:58   7.7   0.0   0.0   5.6  33.6   15:47    SW
10   7.6  12.0   14:41   4.8   05:43  10.7   0.0   0.0   8.2  31.4   04:50   WNW
11   8.5  11.6   15:50   4.4   01:28   9.8   0.0   0.0   5.8  52.4   18:12   WSW
12   8.4  11.0   13:31   5.0   23:49   9.9   0.0   2.0   7.6  32.7   10:13     W
13   7.1   9.9   15:21   4.2   06:12  11.2   0.0   0.0   5.2  31.8   09:51     W
14   8.4  12.5   12:51   6.2   23:33   9.9   0.0   0.6   4.6  36.7   12:18   WSW
15   6.8  10.2   13:43   4.5   23:31  11.5   0.0   0.0   9.4  59.6   15:31     W
16   6.6  10.7   17:26   3.9   05:55  11.7   0.0   3.9   4.7  28.2   07:28   WSW
17   6.7  10.3   16:17   3.5   23:43  11.6   0.0   0.3   3.2  28.7   15:28   NNW
18   5.2  10.9   16:43  -1.3   05:49  13.1   0.0   0.0   1.9  23.7   18:21   NNE
19   7.6  11.2   15:16   4.6   02:33  10.7   0.0   0.0   5.6  32.7   16:08   SSE
20  10.3  13.1   17:36   7.8   23:45   8.0   0.0   0.0   5.1  33.2   17:24     W
21  10.1  13.2   17:53   6.3   23:58   8.2   0.0   0.0   7.8  55.1   11:49   WNW
22   7.0  11.4   14:14   1.9   05:46  11.3   0.0   0.0   3.0  27.3   09:46   WNW
23   7.4  14.1   16:06   0.4   05:54  10.9   0.0   0.0   2.7  28.7   18:39     W
24   6.2   9.7   13:30   0.0   23:55  12.1   0.0   0.8   8.2  39.9   16:24   WNW
25   2.8   6.9   13:49  -0.6   03:33  15.5   0.0   0.6   8.1  39.4   18:06    NW
26   3.9   8.4   15:35  -0.8   05:41  14.4   0.0   0.0   5.1  28.7   17:01   WNW
27   7.5  12.2   15:39   2.3   01:10  10.8   0.0   2.5   5.5  32.7   17:12   WNW
28   7.3  11.7   16:16   2.3   04:24  11.0   0.0   0.0   2.7  32.3   21:34     N
29   9.0  12.8   14:50   6.2   05:51   9.3   0.0   0.0   5.1  30.0   10:43     E
30   9.6  13.6   16:06   6.9   01:18   8.7   0.0   0.0   8.9  56.0   10:48   ESE
----------------------------------------------------------------------------------
     7.7  17.0     9    -1.3    18   318.6   0.0  16.1   5.5  59.6    15       W

Max >=  27.0  0
Max <=   0.0  0
Min <=   0.0  4
Min <= -18.0  0
Max Rain: 5.1 on day 1
Days of Rain: 9 (>= 0.2 mm)  4 (>= 2.0 mm)  0 (>= 20.0 mm)
Heat Base: 18.3  Cool Base: 18.3  Method: Integration
Page Updated 02/12/2021 07:15:20
Powered by Cumulus v3.10.4 (3121)