Select a Year or Month report
Report for 2017 Feb
Monthly Climatological Summary for Feb 2017
Name: Shap Weather Station City: Shap State: Cumbria
Elevation: 257 m Lat: N 54 31 31 Lon: W 002 40 30
Temperature (°C), Rain (mm), Wind Speed (mph)
Heat Cool Avg
Mean Deg Deg Wind Dom
Day Temp High Time Low Time Days Days Rain Speed High Time Dir
----------------------------------------------------------------------------------
01 7.6 8.5 12:08 6.8 01:25 10.7 0.0 2.4 4.4 32.0 19:45 S
02 9.4 10.3 16:09 7.0 01:22 8.9 0.0 3.3 15.2 51.0 22:53 SSE
03 6.8 9.3 00:00 5.4 08:42 11.5 0.0 8.4 12.9 41.2 02:22 SSE
04 3.6 6.5 14:12 1.0 23:08 14.7 0.0 4.8 5.8 24.4 00:08 S
05 3.0 5.3 13:04 0.8 23:08 15.3 0.0 0.9 3.1 13.0 12:12 SSE
06 2.6 5.3 12:28 0.0 01:19 15.7 0.0 7.8 7.4 32.7 17:20 SSE
07 4.5 6.8 13:13 3.0 18:09 13.8 0.0 4.8 3.9 19.7 11:04 S
08 2.8 4.4 13:27 -0.6 23:56 15.5 0.0 0.0 2.8 15.2 10:01 SE
09 1.0 2.3 11:57 -0.6 00:00 17.3 0.0 0.0 3.9 15.2 12:25 SE
10 0.8 2.4 14:05 -0.5 22:13 17.5 0.0 0.3 3.3 16.8 15:04 N
11 2.0 3.6 12:47 -0.3 00:00 16.3 0.0 0.6 6.8 23.5 22:11 NNW
12 2.2 3.1 00:00 1.1 07:24 16.1 0.0 1.2 8.8 36.5 18:57 NE
13 3.6 5.2 14:14 2.7 03:57 14.7 0.0 0.3 8.0 32.0 15:39 ESE
14 4.4 6.9 16:17 2.0 05:06 13.9 0.0 0.6 5.9 28.9 01:14 SE
15 7.4 9.2 11:01 5.9 00:00 10.9 0.0 3.3 6.6 20.6 19:54 S
16 7.3 8.6 15:14 6.1 05:48 11.0 0.0 4.2 6.2 22.1 06:51 SW
17 7.6 9.2 14:20 4.5 05:47 10.7 0.0 0.3 3.7 18.3 21:42 S
18 8.0 8.9 12:16 7.2 06:54 10.3 0.0 1.5 7.4 28.2 11:31 S
19 8.4 10.3 12:10 6.4 07:27 9.9 0.0 0.0 5.3 19.0 17:48 SSW
20 10.0 11.9 07:39 7.6 20:15 8.3 0.0 5.4 10.3 32.7 14:30 W
21 8.1 11.0 18:41 3.8 07:24 10.1 0.0 10.8 10.2 37.4 21:39 SW
22 6.7 10.0 00:00 5.3 07:13 11.6 0.0 4.5 9.7 35.8 03:33 WNW
23 4.2 7.7 05:48 1.4 20:48 14.1 0.0 30.6 10.1 42.5 05:47 W
24 4.0 7.0 13:49 1.2 07:58 14.3 0.0 1.8 6.6 27.3 23:41 WSW
25 7.3 10.0 15:24 4.9 00:00 11.0 0.0 42.0 11.4 42.5 06:46 S
26 6.3 8.5 16:49 3.7 23:55 12.0 0.0 21.6 12.2 41.8 11:23 S
27 3.8 6.3 13:33 0.2 23:28 14.5 0.0 1.5 6.7 27.3 01:45 S
28 2.4 6.2 13:06 -1.2 05:11 15.9 0.0 0.0 3.3 16.8 13:02 S
----------------------------------------------------------------------------------
5.2 11.9 20 -1.2 28 366.5 0.0 162.9 7.2 51.0 2 S
Max >= 27.0 0
Max <= 0.0 0
Min <= 0.0 6
Min <= -18.0 0
Max Rain: 42.0 on day 25
Days of Rain: 24 (>= 0.2 mm) 14 (>= 2.0 mm) 3 (>= 20.0 mm)
Heat Base: 18.3 Cool Base: 18.3 Method: Integration