Now
Today
Yesterday
This Month
This Year
Monthly Records
All Time Records
NOAA Style Reports
Archive Data
Trends
Gauges
Clifton PWS


Report for 2016 Mar
                   Monthly Climatological Summary for Mar 2016

Name: Shap Weather Station   City: Shap   State: Cumbria
Elevation: 257 m  Lat: N 54 31 31   Lon: W 002 40 30

                  Temperature (°C), Rain (mm), Wind Speed (mph)

                                      Heat  Cool        Avg
    Mean                              Deg   Deg         Wind                 Dom
Day Temp  High   Time   Low    Time   Days  Days  Rain  Speed High   Time    Dir
----------------------------------------------------------------------------------
01   6.8  11.2   11:28   1.7   23:44  11.6   0.0  21.0  10.0  33.6   00:03    SW
02   3.2   5.4   14:17   1.3   04:44  15.1   0.0   5.4   9.7  39.6   20:05   WNW
03   3.1   7.2   12:58  -1.2   04:59  15.2   0.0   7.5   4.4  21.3   00:14     S
04   3.2   5.9   13:53   1.2   01:28  15.1   0.0  12.3   8.8  30.4   12:15     N
05   2.6   5.1   15:18   0.7   02:58  15.8   0.0   1.2   6.1  22.1   16:07    NW
06   1.4   4.6   15:01  -1.6   03:39  16.9   0.0   0.3   2.4  13.0   15:16    NW
07   0.8   4.6   14:39  -2.6   06:39  17.5   0.0   0.0   3.3  14.5   12:46    NW
08   3.5   7.1   15:25  -1.9   00:04  14.8   0.0   0.6   5.8  24.4   09:13     S
09   4.0   5.6   13:25   0.9   23:29  14.3   0.0   2.7   5.5  22.8   14:30   NNW
10   4.8   7.8   14:37   0.7   00:41  13.5   0.0   0.0   3.2  13.6   04:41    NW
11   5.5   9.2   13:30   1.0   05:48  12.8   0.0   0.0   4.8  19.7   23:09   SSE
12   7.2   9.1   10:47   4.8   04:05  11.1   0.0   0.0   5.5  22.1   10:19   SSE
13   9.1  13.5   13:36   4.0   23:34   9.2   0.0   0.0   1.4   9.2   01:05   NNE
14   5.4  10.4   14:14   0.0   07:14  12.9   0.0   0.0   2.6  15.9   14:06   ESE
15   6.6  10.9   14:10   3.2   01:26  11.7   0.0   0.0   2.4  13.6   15:15   ESE
16   5.1  10.2   14:04   1.2   02:44  13.2   0.0   0.0   1.7  13.0   22:45   ESE
17   5.0  10.8   15:29  -0.9   06:04  13.3   0.0   0.0   1.4   9.2   00:23    NW
18   5.0   9.2   13:28   0.3   01:59  13.3   0.0   0.0   1.9  10.7   21:08   NNE
19   6.1   8.6   13:57   4.2   05:38  12.2   0.0   0.0   2.3  10.7   12:02   NNW
20   6.8  11.1   14:52   2.6   23:51  11.5   0.0   0.0   1.8   9.8   13:21    NW
21   6.5  10.1   13:51   1.8   01:43  11.8   0.0   0.0   4.8  19.0   10:27   WNW
22   7.6  10.0   14:12   5.3   06:03  10.7   0.0   0.0   3.1  12.1   09:16   WNW
23   6.6   8.5   11:51   5.3   19:41  11.7   0.0   0.0   3.1  16.8   18:45   SSW
24   7.2  10.7   16:11   5.5   23:22  11.1   0.0   4.2   6.8  25.9   09:20   SSW
25   7.6  11.0   14:50   3.7   06:47  10.7   0.0   0.0   7.2  32.7   23:12     S
26   7.5  10.9   15:21   5.3   21:06  10.7   0.0  28.2  18.4  45.6   06:49     S
27   5.4   7.2   14:04   3.8   06:45  12.3   0.0  20.7  18.4  42.5   11:50     S
28   5.2   9.0   15:22   3.0   04:45  13.1   0.0   0.3   6.2  22.8   16:20     W
29   4.4   7.6   16:57   1.8   21:24  13.9   0.0  13.8   4.4  20.6   13:11     S
30   4.9  10.3   15:15   1.0   01:34  13.4   0.0   2.7   3.4  17.4   03:17    SW
31   5.5  12.6   14:11   0.0   06:37  12.8   0.0   0.0   2.7  19.7   23:17     S
----------------------------------------------------------------------------------
     5.3  13.5    13    -2.6     7   403.2   0.0 120.9   5.3  45.6    26      SW

Max >=  27.0  0
Max <=   0.0  0
Min <=   0.0  7
Min <= -18.0  0
Max Rain: 28.2 on day 26
Days of Rain: 14 (>= 0.2 mm)  10 (>= 2.0 mm)  3 (>= 20.0 mm)
Heat Base: 18.3  Cool Base: 18.3  Method: Integration
Page Updated 23/10/2021 11:15:24
Powered by Cumulus v3.10.4 (3121)