Select a Year or Month report
Report for 2016 Feb
Monthly Climatological Summary for Feb 2016
Name: Shap Weather Station City: Shap State: Cumbria
Elevation: 257 m Lat: N 54 31 31 Lon: W 002 40 30
Temperature (°C), Rain (mm), Wind Speed (mph)
Heat Cool Avg
Mean Deg Deg Wind Dom
Day Temp High Time Low Time Days Days Rain Speed High Time Dir
----------------------------------------------------------------------------------
01 8.7 11.3 00:54 5.3 20:14 9.6 0.0 12.3 20.5 53.2 11:57 SW
02 4.9 6.1 12:32 3.0 23:55 13.4 0.0 0.6 16.2 53.2 02:38 W
03 3.8 5.7 14:06 2.0 04:18 14.4 0.0 0.3 6.0 30.4 00:21 WNW
04 7.6 10.1 15:02 3.8 01:33 10.7 0.0 1.8 7.9 28.9 04:39 W
05 7.1 8.5 00:12 3.1 23:58 11.2 0.0 21.0 14.4 49.4 18:34 S
06 5.0 7.5 17:39 2.9 00:35 13.3 0.0 19.8 9.6 41.2 19:07 S
07 4.6 6.6 12:05 2.1 19:36 13.7 0.0 17.4 14.0 41.8 17:48 S
08 5.5 7.0 12:41 4.4 03:00 12.8 0.0 27.3 10.1 34.2 04:21 SW
09 3.8 5.1 15:01 2.9 07:34 14.5 0.0 5.1 7.0 26.6 02:12 SW
10 2.8 5.3 13:41 0.2 21:41 15.5 0.0 0.0 5.3 22.1 14:16 WNW
11 2.4 6.3 13:53 0.6 07:36 15.9 0.0 0.0 2.0 10.7 13:56 SW
12 3.1 6.1 13:41 1.1 00:00 15.2 0.0 0.0 4.5 15.9 12:15 ESE
13 2.3 4.4 16:13 0.4 03:39 16.0 0.0 0.6 2.6 15.9 12:37 E
14 1.2 2.9 14:01 -1.1 08:13 17.1 0.0 0.3 5.5 19.0 11:48 NNW
15 -0.1 2.9 14:45 -2.6 07:17 18.4 0.0 0.3 4.3 20.6 11:23 NW
16 1.7 4.3 13:33 -2.4 00:00 16.6 0.0 6.3 13.3 40.3 16:39 S
17 3.6 4.9 08:43 0.8 23:26 14.7 0.0 0.6 7.6 33.6 05:06 S
18 1.8 5.6 13:36 -1.9 04:48 16.5 0.0 0.0 4.0 16.8 10:21 S
19 4.5 8.0 19:38 1.7 00:59 13.8 0.0 10.5 9.8 39.6 14:17 S
20 6.2 7.3 18:17 5.3 05:13 12.1 0.0 5.4 10.4 39.6 00:17 W
21 7.4 11.6 12:57 3.9 22:30 10.9 0.0 3.3 8.1 33.6 13:03 W
22 4.2 6.3 14:50 2.2 06:47 14.1 0.0 0.6 6.6 31.1 00:34 WNW
23 2.2 5.3 14:15 -1.1 23:55 16.1 0.0 0.0 3.8 19.0 11:50 NW
24 0.8 4.4 14:35 -3.0 04:15 17.5 0.0 0.3 ---- 9.2 23:26 NNW
25 0.4 3.9 14:45 -4.0 07:48 17.9 0.0 0.0 ---- 12.1 23:51 SSW
26 2.2 6.1 14:37 -1.7 23:02 16.1 0.0 0.3 ---- 13.6 14:43 SSE
27 0.9 4.1 13:42 -3.2 07:19 17.4 0.0 0.0 ---- 9.2 16:47 NNW
28 0.9 6.5 14:17 -2.9 07:18 17.4 0.0 0.0 ---- 6.9 10:58 NNW
29 1.7 4.3 12:30 -1.6 01:45 16.6 0.0 3.3 ---- 34.2 23:52 S
----------------------------------------------------------------------------------
3.5 11.6 21 -4.0 25 429.4 0.0 137.4 8.5 53.2 1 SW
Max >= 27.0 0
Max <= 0.0 0
Min <= 0.0 11
Min <= -18.0 0
Max Rain: 27.3 on day 8
Days of Rain: 21 (>= 0.2 mm) 11 (>= 2.0 mm) 2 (>= 20.0 mm)
Heat Base: 18.3 Cool Base: 18.3 Method: Integration