Now
Today
Yesterday
This Month
This Year
Monthly Records
All Time Records
NOAA Style Reports
Archive Data
Trends
Gauges
Clifton PWS


Report for 2015 Feb
                   Monthly Climatological Summary for Feb 2015

Name: Shap Weather Station   City: Shap   State: Cumbria
Elevation: 257 m  Lat: N 54 31 31   Lon: W 002 40 30

                  Temperature (°C), Rain (mm), Wind Speed (mph)

                                      Heat  Cool        Avg
    Mean                              Deg   Deg         Wind                 Dom
Day Temp  High   Time   Low    Time   Days  Days  Rain  Speed High   Time    Dir
----------------------------------------------------------------------------------
01  -0.2   1.3   01:33  -4.0   23:52  18.5   0.0   0.0  10.0  38.0   04:13   WNW
02  -2.1   0.8   12:46  -4.6   00:32  20.4   0.0   0.3   1.9  13.6   14:26    NW
03  -2.1   1.7   14:19  -6.4   07:09  20.4   0.0   0.0   2.5  15.9   17:30    NW
04  -0.1   2.5   14:22  -3.1   06:37  18.4   0.0   0.0   3.5  14.5   12:55    NW
05   1.7   5.2   15:09  -0.8   01:25  16.6   0.0   0.0   2.3  12.1   06:29    NW
06   2.4   4.3   13:37   1.0   06:33  15.9   0.0   0.0   0.7   6.0   11:49    NW
07   0.9   2.9   14:44  -2.1   23:27  17.4   0.0   0.0   1.2  10.7   02:26    NW
08   0.5   5.0   15:05  -3.6   07:22  17.8   0.0   0.0   0.9  13.0   20:33   SSE
09   1.7   6.8   13:50  -2.0   07:53  16.6   0.0   0.3   1.7  10.7   14:54    SE
10   1.8   4.1   12:53  -0.3   00:25  16.6   0.0   0.0   0.7   7.6   17:59     S
11   1.2   2.4   14:36  -0.2   01:45  17.1   0.0   0.0   3.4  17.4   07:24     S
12   2.5   4.7   12:41   1.2   04:30  15.8   0.0   0.3   3.5  16.8   12:33   SSE
13   4.0   5.7   13:15   1.4   00:22  14.3   0.0   5.7   6.6  25.9   08:56    SE
14   5.4   8.4   14:26   2.5   05:17  12.9   0.0   0.3   1.9  15.2   06:50     E
15   5.1   8.7   12:31   1.7   07:31  13.2   0.0   0.0   5.3  22.1   19:40   SSE
16   4.1   6.7   11:42   0.6   23:42  14.2   0.0   5.7   6.7  26.6   01:36    SW
17   3.5   6.9   13:31  -1.0   04:31  14.9   0.0   0.3   5.9  25.1   21:20   SSW
18   6.2   9.1   13:56   4.8   00:01  12.1   0.0   2.7  11.8  36.5   21:30     S
19   5.1   7.1   13:28   1.0   23:18  13.2   0.0   8.7   8.2  45.6   00:12   SSW
20   2.7   5.6   11:41   0.8   02:34  15.6   0.0   0.9   4.1  22.8   11:29    SW
21   2.1   5.0   13:44   0.0   07:10  16.2   0.0   0.3   5.7  24.4   17:25   WNW
22   2.1   5.6   19:44   0.5   03:08  16.2   0.0  14.1   9.4  43.4   15:25     S
23   2.4   3.4   14:47   1.3   08:03  15.9   0.0  14.7  12.7  44.1   17:11   SSW
24   2.7   5.0   12:58   0.4   20:12  15.6   0.0   8.7   9.9  34.2   09:52   WNW
25   5.0   8.1   12:11   1.4   02:09  13.3   0.0   3.0   4.2  23.5   20:28     S
26   5.2   8.1   01:32   0.7   22:40  13.2   0.0  10.5   9.1  33.6   02:22   WSW
27   3.5   6.8   13:17   0.7   03:59  14.8   0.0   0.3   6.9  32.7   21:18   SSW
28   5.7   7.7   21:20   3.3   00:16  12.6   0.0  10.8  13.2  46.3   18:15     S
----------------------------------------------------------------------------------
     2.6   9.1    18    -6.4     3   439.7   0.0  87.6   5.5  46.3    28     SSW

Max >=  27.0  0
Max <=   0.0  0
Min <=   0.0 12
Min <= -18.0  0
Max Rain: 14.7 on day 23
Days of Rain: 18 (>= 0.2 mm)  10 (>= 2.0 mm)  0 (>= 20.0 mm)
Heat Base: 18.3  Cool Base: 18.3  Method: Integration
Page Updated 23/10/2021 12:30:17
Powered by Cumulus v3.10.4 (3121)