Now
Today
Yesterday
This Month
This Year
Monthly Records
All Time Records
NOAA Style Reports
Archive Data
Trends
Gauges
Clifton PWS


Report for 2014 Nov
                   Monthly Climatological Summary for Nov 2014

Name: Shap Weather Station   City: Shap   State: Cumbria
Elevation: 257 m  Lat: N 54° 31' 31"   Lon: W 002° 40' 30"

                  Temperature (°C), Rain (mm), Wind Speed (mph)

                                      Heat  Cool        Avg
    Mean                              Deg   Deg         Wind                 Dom
Day Temp  High   Time   Low    Time   Days  Days  Rain  Speed High   Time    Dir
----------------------------------------------------------------------------------
 1  11.2  13.2   00:00   9.4   07:36   7.1   0.0  19.5  11.3  42.5   22:41     S
 2   9.4  11.6   01:01   7.1   22:52   8.9   0.0   1.5   8.5  32.0   03:41     S
 3   6.3   8.2   13:53   3.1   23:01  12.0   0.0  13.5   5.8  30.4   03:23     S
 4   4.3   6.8   14:01   0.6   08:16  14.0   0.0   3.6   2.4  21.3   18:41    NW
 5   3.6   6.2   00:00  -0.3   22:35  14.7   0.0   0.0   3.0  14.5   13:11    NW
 6   5.7   9.7   23:56   0.5   00:00  12.6   0.0  18.6  10.6  34.9   19:51     S
 7   8.7  10.5   05:01   5.6   19:01   9.6   0.0   7.2   6.7  33.6   02:54     S
 8   7.3   9.3   18:15   5.3   05:59  11.0   0.0   5.1   6.9  30.4   18:44     S
 9   6.5   9.5   12:44   3.5   23:24  11.8   0.0   0.6   3.1  15.2   09:49     S
10   5.3   8.6   23:59   1.7   04:20  13.0   0.0   1.8   2.9  20.6   23:47   SSE
11   9.1   9.6   11:12   8.5   00:00   9.2   0.0  10.5   8.9  29.8   18:55    SE
12   8.8  10.3   11:14   6.9   23:55   9.6   0.0  10.5   8.5  31.1   16:34   SSE
13   9.0  11.5   18:14   6.4   06:09   9.3   0.0   0.6  10.2  47.2   17:09   SSE
14   8.6  10.4   00:56   3.3   23:40   9.7   0.0  10.5   6.2  28.9   02:18    SE
15   5.8   8.8   13:42   2.5   01:12  12.5   0.0   0.9   1.8  15.9   18:58    SE
16   5.3   8.5   12:49   2.8   05:16  13.0   0.0   1.5   0.8  13.0   22:27    NW
17   8.2  10.1   11:43   5.8   00:03  10.1   0.0   0.6   3.2  19.7   05:49     N
18   7.7  10.1   13:14   6.5   17:48  10.6   0.0   0.0   2.7  17.4   19:49   ESE
19   7.8   9.6   13:07   6.4   04:33  10.5   0.0   0.6   3.6  15.9   13:58   ESE
20   7.0   9.2   14:26   3.0   23:42  11.3   0.0   0.0   2.4  13.0   10:37    SE
21   5.9   6.9   14:05   3.2   00:00  12.4   0.0   6.9   5.1  27.3   13:40    SE
22   8.7  10.4   11:55   6.8   00:00   9.6   0.0   9.0   3.8  19.0   15:34     S
23   5.0   7.5   07:45   1.2   20:57  13.3   0.0   0.3   2.4  15.2   14:08    NW
24   5.0   7.8   13:51   3.5   07:39  13.3   0.0   0.0   1.6  13.6   13:51   SSE
25   4.5   7.1   12:52   2.0   19:22  13.8   0.0   0.0   1.5   9.2   09:51   SSE
26   4.8   6.1   13:34   3.3   04:39  13.5   0.0   6.6   0.7   6.9   16:43     E
27   6.1   7.3   14:06   4.1   23:57  12.2   0.0   0.0   0.9   6.9   11:30    SE
28   7.1   9.4   15:25   2.3   01:30  11.2   0.0   0.3   3.2  15.9   19:55   ESE
29   8.3  10.3   13:29   7.2   03:49  10.0   0.0   0.0   3.1  16.8   00:36   SSE
30   6.9   9.0   12:51   2.7   23:12  11.4   0.0   0.3   2.2  15.2   00:32    NW
----------------------------------------------------------------------------------
     6.9  13.2     1    -0.3     5   341.2   0.0 130.5   4.5  47.2    13     SSE

Max >=  27.0:  0
Max <=   0.0:  0
Min <=   0.0:  1
Min <= -18.0:  0
Max Rain: 19.5 on day 1
Days of Rain: 23 (>= 0.2 mm)  12 (>= 2.0 mm)  0 (>= 20.0 mm)
Heat Base: 18.3  Cool Base: 18.3  Method: Integration
Page Updated 23/10/2021 12:20:25
Powered by Cumulus v3.10.4 (3121)