Now
Today
Yesterday
This Month
This Year
Monthly Records
All Time Records
NOAA Style Reports
Archive Data
Trends
Gauges
Clifton PWS


Report for 2014 Sep
                   Monthly Climatological Summary for Sep 2014

Name: Shap Weather Station   City: Shap   State: Cumbria
Elevation: 257 m  Lat: N 54° 31' 31"   Lon: W 002° 40' 30"

                  Temperature (°C), Rain (mm), Wind Speed (mph)

                                      Heat  Cool        Avg
    Mean                              Deg   Deg         Wind                 Dom
Day Temp  High   Time   Low    Time   Days  Days  Rain  Speed High   Time    Dir
----------------------------------------------------------------------------------
 1  14.2  16.3   14:27  12.6   02:16   4.1   0.0   0.0   4.4  17.4   00:49   WNW
 2  14.5  20.3   16:25   8.2   06:28   4.0   0.2   0.0   1.2   8.3   17:36   ESE
 3  16.0  21.2   14:49  10.5   03:58   2.9   0.6   0.0   1.4  12.1   15:37   SSE
 4  17.3  21.8   12:39  12.8   23:59   1.9   0.9   0.0   1.4  11.4   11:54    SE
 5  15.4  21.3   15:31   9.3   06:46   3.5   0.6   0.0   2.0  13.0   17:19    NW
 6  14.2  16.9   13:59  10.9   23:50   4.2   0.0   6.3   2.3  13.6   11:11   ENE
 7  11.5  16.6   16:51   5.3   06:46   6.8   0.0   0.0   2.1  15.9   14:53    NW
 8  11.8  18.6   15:52   5.3   07:03   6.5   0.0   0.0   1.0  10.7   18:41     S
 9  12.4  18.6   16:07   6.9   06:43   5.9   0.0   0.0   0.8   8.3   17:08     S
10  13.3  19.8   15:52   7.1   06:21   5.1   0.2   0.0   1.9  12.1   19:32    SE
11  14.9  20.5   14:55   9.1   03:45   3.8   0.4   0.0   1.1   8.3   19:35    SE
12  14.7  19.3   16:17   9.9   23:42   3.7   0.1   0.0   2.3  12.1   14:30   SSE
13  13.2  19.8   14:39   7.0   04:19   5.2   0.1   0.0   1.9  13.0   16:54   ESE
14  13.3  16.7   14:56   9.8   01:18   5.0   0.0   0.0   1.7  16.8   15:48     E
15  14.1  18.5   15:08  10.7   00:18   4.2   0.0   0.0   1.9  12.1   23:44    NW
16  15.1  18.7   14:25  11.7   07:06   3.2   0.0   0.0   2.6  16.8   21:13   ESE
17  14.6  18.4   12:32  10.3   05:45   3.7   0.0   0.0   2.7  15.2   14:33   ESE
18  16.4  20.1   16:16  14.4   23:57   2.1   0.2   0.0   3.7  15.9   12:28   ESE
19  15.4  18.3   15:54  13.9   07:52   2.9   0.0   0.0   2.4  13.6   01:02   ESE
20  13.2  15.5   16:23   7.4   23:48   5.1   0.0   0.0   1.6  13.0   13:29   NNW
21  10.5  15.5   14:02   5.8   07:06   7.8   0.0   0.0   1.3  11.4   14:31   NNW
22  11.6  17.7   14:23   6.7   03:25   6.7   0.0   0.0   1.5  10.7   13:08    SW
23  12.4  15.8   13:13   8.0   03:27   5.9   0.0   0.0   3.5  21.3   14:07   SSW
24  11.6  15.3   14:56   8.7   23:14   6.7   0.0   1.5   5.3  21.3   05:26   WNW
25  14.0  18.3   14:59   8.7   00:01   4.3   0.0   0.0   5.4  23.5   17:20     S
26  13.5  15.9   16:30   8.8   23:57   4.8   0.0   0.0   5.9  25.9   00:45     W
27  11.4  14.2   16:54   7.8   01:52   6.9   0.0   0.0   4.7  20.6   14:32     S
28  13.8  18.2   12:03  10.2   23:54   4.5   0.0   0.0   2.5  13.6   11:37     S
29  13.5  19.2   15:05   9.0   02:30   4.8   0.0   0.0   0.4   4.5   03:17   SSE
30  14.1  17.8   15:33  10.7   02:32   4.2   0.0   0.3   4.2  22.8   21:08     S
----------------------------------------------------------------------------------
    13.7  21.8     4     5.3     7   140.4   3.3   8.1   2.5  25.9    26       S

Max >=  27.0:  0
Max <=   0.0:  0
Min <=   0.0:  0
Min <= -18.0:  0
Max Rain: 6.3 on day 6
Days of Rain: 3 (>= 0.2 mm)  1 (>= 2.0 mm)  0 (>= 20.0 mm)
Heat Base: 18.3  Cool Base: 18.3  Method: Integration
Page Updated 02/12/2021 06:35:13
Powered by Cumulus v3.10.4 (3121)