Select a Year or Month report
Report for 2013 Nov
Monthly Climatological Summary for Nov 2013
Name: Shap Weather Station City: Shap State: Cumbria
Elevation: 250 m Lat: N 54° 31' 31" Lon: W 002° 40' 30"
Temperature (°C), Rain (mm), Wind Speed (mph)
Heat Cool Avg
Mean Deg Deg Wind Dom
Day Temp High Time Low Time Days Days Rain Speed High Time Dir
----------------------------------------------------------------------------------
1 6.8 10.6 12:59 2.3 23:35 11.5 0.0 0.6 4.4 22.8 01:27 SSW
2 4.8 8.5 13:47 0.8 05:07 13.5 0.0 18.9 7.7 37.4 12:49 S
3 4.9 7.5 12:51 0.7 22:54 13.4 0.0 3.6 7.3 45.6 00:52 WNW
4 2.3 6.4 14:24 -1.1 03:40 16.0 0.0 0.3 1.8 11.4 06:13 NW
5 4.1 6.7 15:02 1.5 01:22 14.2 0.0 3.9 3.3 18.3 21:14 WSW
6 6.0 7.6 13:07 4.4 01:10 12.3 0.0 1.2 4.3 17.4 01:37 SW
7 5.6 7.4 13:59 2.6 07:30 12.7 0.0 6.0 6.0 27.3 13:07 SSW
8 5.3 7.0 17:14 2.7 21:21 13.0 0.0 3.6 4.1 21.3 04:10 S
9 2.8 6.2 11:18 0.4 23:59 15.5 0.0 5.1 2.3 24.4 11:58 W
10 1.9 4.9 13:21 -0.8 08:13 16.4 0.0 0.0 3.0 20.6 23:50 W
11 7.6 12.5 14:55 3.9 00:00 10.7 0.0 1.8 5.2 22.1 02:25 S
12 7.0 8.6 12:41 5.5 22:45 11.3 0.0 0.0 4.4 21.3 10:45 WNW
13 6.9 8.9 12:42 5.1 02:27 11.5 0.0 10.2 6.7 34.9 18:26 SSW
14 5.1 7.7 00:00 0.2 23:59 13.3 0.0 0.9 10.4 41.2 11:11 WNW
15 4.9 8.0 13:29 -0.5 02:57 13.3 0.0 0.0 1.2 9.8 18:19 SSE
16 7.2 10.0 13:14 3.0 07:49 11.1 0.0 0.0 2.3 22.1 14:45 SSW
17 7.2 9.0 00:00 3.4 06:41 11.1 0.0 0.9 4.7 20.6 18:13 S
18 5.1 8.4 00:15 1.0 22:34 13.2 0.0 6.3 3.8 19.0 00:51 W
19 0.5 2.8 23:55 -1.2 17:55 17.8 0.0 0.0 5.7 25.9 22:44 WNW
20 3.9 5.6 05:53 2.4 08:28 14.4 0.0 5.4 12.1 38.0 19:25 WNW
21 2.9 3.9 13:25 1.2 23:57 15.4 0.0 1.2 7.4 34.9 00:08 NW
22 0.4 3.5 13:53 -2.8 23:23 17.9 0.0 0.0 0.9 8.3 12:38 NW
23 0.9 3.6 13:38 -3.5 02:41 17.4 0.0 0.0 0.6 9.8 13:45 NNW
24 3.3 5.3 12:21 -0.5 23:16 15.0 0.0 0.0 2.1 10.7 14:28 NNW
25 -0.1 2.5 14:22 -3.0 07:52 18.4 0.0 0.0 0.2 4.5 19:40 SE
26 5.2 8.4 23:16 1.8 00:00 13.1 0.0 0.0 2.1 15.9 11:56 WNW
27 8.6 10.1 13:20 7.4 21:32 9.7 0.0 0.0 4.9 17.4 08:09 WNW
28 6.4 8.4 00:44 1.7 22:36 11.9 0.0 0.0 0.6 12.1 23:54 NW
29 5.8 8.3 06:44 3.3 23:20 12.5 0.0 0.6 11.4 35.8 07:54 WNW
30 3.3 5.7 17:29 0.2 08:52 15.0 0.0 0.0 2.6 20.6 00:09 WNW
----------------------------------------------------------------------------------
4.6 12.5 11 -3.5 23 412.5 0.0 70.5 4.5 45.6 3 W
Max >= 27.0: 0
Max <= 0.0: 0
Min <= 0.0: 8
Min <= -18.0: 0
Max Rain: 18.9 on day 2
Days of Rain: 17 (>= 0.2 mm) 9 (>= 2.0 mm) 0 (>= 20.0 mm)
Heat Base: 18.3 Cool Base: 18.3 Method: Integration