Now
Today
Yesterday
This Month
This Year
Monthly Records
All Time Records
NOAA Style Reports
Archive Data
Trends
Gauges
Clifton PWS


Report for 2013 Jul
                   Monthly Climatological Summary for Jul 2013

Name: Shap Weather Station   City: Shap   State: Cumbria
Elevation: 250 m  Lat: N 54 31' 31"   Lon: W 002 40' 30"

                  Temperature (C), Rain (mm), Wind Speed (mph)

                                      Heat  Cool        Avg
    Mean                              Deg   Deg         Wind                 Dom
Day Temp  High   Time   Low    Time   Days  Days  Rain  Speed High   Time    Dir
----------------------------------------------------------------------------------
 1  12.7  16.2   14:16   9.7   05:07   5.6   0.0   0.3   4.8  21.3   11:14   WSW
 2  12.0  14.2   14:36  10.4   02:10   6.3   0.0   3.0   8.3  31.1   13:28     S
 3  14.8  18.7   14:51  12.6   00:00   3.5   0.0   0.0   4.9  24.4   22:56    SW
 4  14.9  19.0   13:11  12.5   04:24   3.4   0.0   2.1   6.7  25.1   00:13   SSW
 5  15.4  19.7   13:09  10.0   05:14   3.2   0.3   0.0   5.0  22.1   13:11     S
 6  17.0  21.7   13:27  11.3   05:43   2.4   1.0   0.0   4.3  21.3   13:39     S
 7  17.6  23.0   16:53  10.3   05:28   2.4   1.7   0.0   1.9   9.8   13:28    NW
 8  19.9  24.8   15:13  12.8   04:48   1.3   2.9   0.0   1.9   9.8   14:03   ESE
 9  20.9  25.8   18:08  14.2   04:48   0.9   3.5   0.0   2.8  14.5   16:38    NW
10  17.6  20.0   15:03  13.6   23:58   1.2   0.5   0.0   3.7  13.6   05:19    SE
11  17.8  24.8   18:46  10.6   05:44   2.5   2.0   0.0   1.6   9.8   14:46    NW
12  20.7  26.0   14:27  14.5   05:07   1.0   3.4   0.0   1.7  13.0   14:54   WNW
13  20.5  25.3   13:31  15.2   04:43   0.7   2.8   0.0   3.0  18.3   15:34    NW
14  17.9  23.4   15:19  12.8   04:19   1.7   1.4   0.0   3.0  23.5   15:48     W
15  17.1  23.1   12:06  10.2   05:42   2.6   1.4   0.0   3.6  19.0   13:45   SSW
16  18.5  24.3   14:50  12.5   01:18   1.7   1.9   0.0   1.8  13.0   14:30   WNW
17  18.6  24.9   16:26  11.5   04:48   1.8   2.1   0.0   1.7  15.2   17:18    NW
18  20.9  26.9   17:59  13.3   04:58   1.3   3.9   0.0   1.8  11.4   18:47    NW
19  21.2  27.3   13:42  15.8   05:43   0.5   3.4   0.0   2.8  19.7   17:32   ESE
20  17.7  21.5   15:16  13.4   03:41   1.5   0.9   0.0   3.6  17.4   14:54   ESE
21  16.8  20.5   16:37  14.2   06:27   1.9   0.4   0.0   5.2  17.4   12:10   ESE
22  19.2  25.5   17:11  14.4   06:17   1.3   2.2   0.0   4.2  15.9   18:12   ESE
23  18.8  23.0   15:29  15.9   05:20   0.8   1.2  30.6   3.4  23.5   18:37   SSE
24  18.6  22.9   15:36  13.7   05:09   1.2   1.5   0.3   2.3  15.2   15:25     S
25  18.0  22.0   14:40  14.5   23:45   1.1   0.8   9.3   3.1  18.3   18:57     S
26  18.1  22.7   14:18  14.1   23:39   1.6   1.4   0.0   4.5  20.6   07:25     S
27  17.8  23.7   15:47  12.0   03:45   2.0   1.6   6.3   2.8  18.3   16:22    SE
28  16.2  19.2   17:15  12.9   08:11   2.2   0.1  38.1   4.7  30.4   14:50   SSW
29  16.8  20.0   13:57  14.4   22:42   1.8   0.3   4.8   6.1  24.4   16:35     S
30  16.5  20.8   14:42  13.4   05:09   2.3   0.5   0.3   4.9  24.4   10:41   SSW
31  15.6  20.4   13:22  10.8   05:34   2.9   0.2  15.0   3.8  23.5   23:17     S
----------------------------------------------------------------------------------
    17.6  27.3    19     9.7     1    64.6  43.3 110.1   3.7  31.1     2       S

Max >=  27.0:  1
Max <=   0.0:  0
Min <=   0.0:  0
Min <= -18.0:  0
Max Rain: 38.1 on day 28
Days of Rain: 11 (>= 0.2 mm)  8 (>= 2.0 mm)  2 (>= 20.0 mm)
Heat Base: 18.3  Cool Base: 18.3  Method: Integration
Page Updated 23/10/2021 13:10:17
Powered by Cumulus v3.10.4 (3121)