Select a Year or Month report
Report for 2013 Mar
Monthly Climatological Summary for Mar 2013
Name: Shap Weather Station City: Shap State: Cumbria
Elevation: 250 m Lat: N 54° 31' 31" Lon: W 002° 40' 30"
Temperature (°C), Rain (mm), Wind Speed (mph)
Heat Cool Avg
Mean Deg Deg Wind Dom
Day Temp High Time Low Time Days Days Rain Speed High Time Dir
----------------------------------------------------------------------------------
1 3.8 6.2 14:38 -1.1 23:57 14.5 0.0 0.0 0.7 14.5 12:22 N
2 2.1 8.4 14:34 -3.1 05:42 16.3 0.0 0.0 0.7 13.0 14:34 NNW
3 4.8 8.3 13:23 1.3 01:50 13.5 0.0 0.0 1.7 11.4 22:44 SSE
4 2.9 6.4 15:41 -0.4 06:45 15.4 0.0 0.0 3.0 12.1 01:25 SSE
5 3.0 9.6 15:54 -2.3 06:22 15.3 0.0 0.0 1.8 15.2 18:30 SE
6 2.3 4.3 15:05 -0.2 01:14 16.0 0.0 0.0 7.2 25.9 22:35 ESE
7 4.6 7.0 14:20 3.4 00:08 13.7 0.0 4.2 8.2 26.6 00:08 ESE
8 3.4 3.9 08:32 2.6 23:52 14.9 0.0 4.5 7.8 28.9 10:58 ESE
9 1.9 2.7 00:00 0.7 23:48 16.4 0.0 8.1 3.1 20.6 22:29 ENE
10 -0.3 1.1 15:00 -3.9 23:57 18.7 0.0 0.0 6.7 29.8 16:07 NE
11 -3.6 -1.5 14:50 -5.5 07:53 21.9 0.0 1.5 6.5 26.6 11:57 N
12 -0.7 3.1 14:07 -5.5 06:29 19.0 0.0 0.0 4.8 18.3 13:08 NW
13 0.6 4.1 14:45 -3.2 23:57 17.7 0.0 0.0 3.9 18.3 10:39 NW
14 0.7 4.5 15:21 -4.4 03:15 17.6 0.0 0.0 3.4 20.6 14:44 S
15 3.6 6.1 13:21 1.4 23:34 14.7 0.0 10.2 7.6 28.9 10:54 S
16 2.5 5.5 13:45 0.3 21:49 15.7 0.0 3.0 2.4 18.3 15:11 S
17 2.0 4.7 16:19 0.2 07:15 16.4 0.0 4.5 3.1 19.0 12:40 SSE
18 1.0 2.5 11:10 -0.2 23:25 17.3 0.0 6.6 2.9 24.4 10:43 NE
19 1.6 3.6 15:36 -0.2 00:00 16.8 0.0 4.8 2.6 19.7 23:39 ESE
20 1.0 2.3 14:37 -1.1 23:51 17.5 0.0 0.0 6.1 21.3 10:40 ESE
21 -0.6 2.3 12:34 -4.8 06:25 18.9 0.0 0.0 9.1 36.5 23:13 ESE
22 -1.0 0.2 01:21 -1.8 08:53 19.3 0.0 0.0 18.1 47.2 15:22 ESE
23 -1.3 -0.9 10:07 -1.7 07:07 19.6 0.0 0.0 12.3 36.5 06:40 ESE
24 -0.5 1.1 14:30 -1.7 05:14 19.0 0.0 0.0 8.6 36.5 01:25 E
25 -0.6 1.0 14:14 -1.8 22:44 18.9 0.0 0.0 6.5 26.6 15:15 ENE
26 -0.7 1.2 12:50 -1.9 00:48 19.0 0.0 0.0 4.5 21.3 16:47 ENE
27 -0.5 1.9 13:29 -1.9 07:12 18.8 0.0 0.3 4.1 20.6 12:52 NE
28 -0.3 2.3 14:34 -2.6 01:24 18.6 0.0 0.0 3.5 20.6 11:05 NE
29 -0.1 2.8 11:45 -2.8 03:07 18.4 0.0 0.0 2.2 17.4 17:16 E
30 -0.8 3.5 15:09 -4.2 04:36 19.1 0.0 0.0 1.6 13.6 13:19 ENE
31 -0.9 3.2 16:40 -5.8 06:16 19.2 0.0 0.0 3.9 19.0 10:36 SE
----------------------------------------------------------------------------------
1.0 9.6 5 -5.8 31 538.1 0.0 47.7 5.1 47.2 22 ESE
Max >= 27.0: 0
Max <= 0.0: 2
Min <= 0.0: 24
Min <= -18.0: 0
Max Rain: 10.2 on day 15
Days of Rain: 10 (>= 0.2 mm) 8 (>= 2.0 mm) 0 (>= 20.0 mm)
Heat Base: 18.3 Cool Base: 18.3 Method: Integration