Now
Today
Yesterday
This Month
This Year
Monthly Records
All Time Records
NOAA Style Reports
Archive Data
Trends
Gauges
Clifton PWS


Report for 2013 Feb
                   Monthly Climatological Summary for Feb 2013

Name: Shap Weather Station   City: Shap   State: Cumbria
Elevation: 250 m  Lat: N 54 31' 31"   Lon: W 002 40' 30"

                  Temperature (C), Rain (mm), Wind Speed (mph)

                                      Heat  Cool        Avg
    Mean                              Deg   Deg         Wind                 Dom
Day Temp  High   Time   Low    Time   Days  Days  Rain  Speed High   Time    Dir
----------------------------------------------------------------------------------
 1   3.8   5.5   13:46   1.2   23:17  14.5   0.0   1.8   5.1  23.5   00:28     W
 2   0.2   2.4   13:17  -1.5   20:22  18.2   0.0   0.0   4.4  22.8   11:55    NW
 3   5.6   8.6   11:49   0.0   00:12  12.7   0.0   0.3   7.0  35.8   05:21   WSW
 4   4.7   9.0   01:12   1.4   21:34  13.6   0.0   2.4  14.1  42.5   14:13   WNW
 5   1.9   3.9   18:14  -0.1   04:41  16.4   0.0   3.6   9.6  30.4   21:19   WNW
 6   1.6   3.4   00:11   0.3   08:16  16.7   0.0   2.4   9.4  32.7   12:46    NW
 7   0.7   2.8   13:22  -0.7   08:12  17.6   0.0   0.0   1.1  13.0   00:11   WNW
 8   2.2   5.0   14:34  -0.3   00:17  16.1   0.0   0.0   1.8  22.1   13:50    NW
 9   2.4   4.4   14:38   0.9   04:51  15.9   0.0   3.0   0.8   7.6   18:32   SSE
10   1.4   2.3   00:02   0.6   08:51  17.0   0.0   4.2   7.5  29.8   20:25   ESE
11   0.9   2.6   13:20   0.3   07:46  17.4   0.0   0.0   6.6  29.8   02:01   ESE
12   0.8   2.3   11:21  -0.2   09:07  17.5   0.0   0.0   3.3  13.6   13:23    SE
13   0.0   2.2   22:47  -1.7   08:31  18.4   0.0  16.5   9.9  30.4   16:19   SSE
14   4.1   6.6   14:19   0.9   07:28  14.2   0.0   1.5   4.5  22.1   00:26     W
15   4.5   6.7   13:07   1.9   20:30  13.8   0.0   0.0   2.4  18.3   02:27   WNW
16   4.7   6.4   12:48   2.9   07:13  13.6   0.0   0.0   3.6  15.9   14:34     S
17   3.6   6.9   13:53   0.5   23:57  14.7   0.0   0.0   3.6  22.1   11:49   SSE
18   1.3   5.4   14:58  -2.0   07:46  17.0   0.0   0.0   1.7  13.0   11:44   SSE
19   1.6   7.8   15:35  -3.5   07:50  16.8   0.0   0.0   2.1  14.5   21:24   ESE
20   1.8   3.5   00:02  -1.0   23:06  16.5   0.0   0.0   4.9  15.9   12:14    SE
21  -0.3   2.5   13:52  -2.3   06:40  18.6   0.0   0.0   5.7  21.3   10:22    SE
22  -0.1   1.2   13:07  -0.8   02:39  18.4   0.0   0.0   2.5  13.6   02:23   ESE
23   0.0   1.7   14:34  -0.9   06:35  18.4   0.0   0.3   0.5  12.1   15:21   NNW
24   0.4   2.6   13:29  -1.9   05:29  17.9   0.0   0.6   0.8  15.2   13:48   NNW
25   2.8   6.0   15:50   0.2   00:00  15.5   0.0   0.0   3.1  18.3   20:26     N
26   2.0   4.9   14:32  -1.1   07:20  16.3   0.0   0.0   2.5  15.9   13:24   ESE
27   1.2   7.2   15:30  -2.9   05:10  17.1   0.0   0.0   0.1   6.0   11:12   SSE
28   2.7   9.2   15:39  -3.7   06:29  15.6   0.0   0.0   0.0   8.3   16:16   NNE
----------------------------------------------------------------------------------
     2.0   9.2    28    -3.7    28   456.4   0.0  36.6   4.2  42.5     4      SW

Max >=  27.0:  0
Max <=   0.0:  0
Min <=   0.0: 17
Min <= -18.0:  0
Max Rain: 16.5 on day 13
Days of Rain: 11 (>= 0.2 mm)  6 (>= 2.0 mm)  0 (>= 20.0 mm)
Heat Base: 18.3  Cool Base: 18.3  Method: Integration
Page Updated 23/10/2021 12:15:19
Powered by Cumulus v3.10.4 (3121)