Now
Today
Yesterday
This Month
This Year
Monthly Records
All Time Records
NOAA Style Reports
Archive Data
Trends
Gauges
Clifton PWS


Report for 2012 Jun
                   Monthly Climatological Summary for Jun 2012

Name: Shap Weather Station   City: Shap   State: Cumbria
Elevation: 250 m  Lat: N 54 31' 31"   Lon: W 002 40' 30"

                  Temperature (C), Rain (mm), Wind Speed (mph)

                                      Heat  Cool        Avg
    Mean                              Deg   Deg         Wind                 Dom
Day Temp  High   Time   Low    Time   Days  Days  Rain  Speed High   Time    Dir
----------------------------------------------------------------------------------
 1  12.5  17.6   13:27   9.5   23:59   5.8   0.0   0.3   2.3  14.5   15:09   ESE
 2  10.7  18.0   12:04   7.4   04:49   7.6   0.0   0.0   3.6  25.1   14:11     E
 3   7.7   9.2   15:51   6.7   04:39  10.7   0.0   0.0   4.6  19.7   11:09     E
 4   9.6  18.2   17:36   2.3   05:49   8.7   0.0   0.0   3.1  17.4   13:43    NW
 5   9.8  13.4   14:31   5.1   02:45   8.6   0.0   1.5   3.8  16.8   16:05   SSE
 6  12.9  18.9   18:47   9.7   00:59   5.4   0.0   5.1   5.7  22.1   12:15     S
 7  12.0  15.0   10:40   8.6   04:11   6.3   0.0  16.2   5.5  22.1   22:19    SE
 8  11.7  13.9   13:43  10.3   05:13   6.6   0.0  14.4   5.0  18.3   23:33    NW
 9  13.2  18.4   13:37  10.4   00:28   5.1   0.0   3.0   5.7  19.7   16:10   WNW
10  12.5  16.5   18:28   9.1   04:08   5.8   0.0   0.0   1.9  13.6   22:33     E
11  10.8  13.5   15:32   8.1   23:53   7.6   0.0   0.0   2.7  12.1   00:23     E
12  10.5  14.1   13:31   5.0   05:23   7.8   0.0   0.0   2.8  13.0   10:22   NNW
13  11.4  16.3   16:53   8.1   05:03   6.9   0.0   0.3   2.7  19.0   19:38    SE
14  10.9  15.8   14:50   7.5   04:38   7.4   0.0   0.3   6.6  25.1   16:02   ESE
15  10.2  14.7   15:45   6.9   03:54   8.1   0.0  17.7   8.1  32.7   06:54    SE
16  11.8  13.6   15:33  10.3   04:33   6.5   0.0  22.2   8.4  28.9   12:58     S
17  10.9  13.2   16:21   7.4   23:42   7.4   0.0   0.3   3.7  18.3   01:13   WSW
18  12.3  21.3   18:17   4.5   05:27   6.4   0.3   1.5   2.0  17.4   16:05   SSW
19  13.4  22.1   16:10   7.3   04:27   5.4   0.5   2.1   3.8  22.1   13:43   SSW
20  13.3  22.0   12:02   4.8   04:12   5.4   0.4   0.0   2.9  15.9   17:47   ESE
21  12.0  14.2   19:52   9.7   07:28   6.4   0.0  17.7   4.0  23.5   06:51   ESE
22  10.8  11.9   15:47  10.0   05:37   7.6   0.0  38.4   6.5  29.8   22:22   SSW
23  11.1  13.3   16:28   9.4   04:47   7.2   0.0  15.9   8.7  28.2   17:31    SW
24  12.1  15.7   17:07   9.0   04:57   6.2   0.0   3.0   4.5  22.8   15:30     W
25  12.7  16.3   15:57   8.8   23:58   5.6   0.0   0.0   2.5  15.9   00:27   WNW
26  13.8  18.8   13:09   6.7   04:58   4.5   0.0   0.0   4.1  22.1   20:31     S
27  15.6  19.1   16:17  13.2   04:28   2.8   0.0   0.9   5.2  17.4   21:17     S
28  15.7  18.8   13:18  12.2   23:38   2.6   0.0  25.5   4.1  23.5   17:17   SSE
29  14.1  16.4   13:04  11.9   03:38   4.2   0.0   1.2  12.2  41.8   09:32     S
30  13.1  15.9   15:33  10.8   22:14   5.2   0.0  10.2   9.1  28.9   08:12     S
----------------------------------------------------------------------------------
    12.0  22.1    19     2.3     4   191.8   1.2 197.7   4.9  41.8    29       S

Max >=  27.0:  0
Max <=   0.0:  0
Min <=   0.0:  0
Min <= -18.0:  0
Max Rain: 38.4 on day 22
Days of Rain: 21 (>= 0.2 mm)  13 (>= 2.0 mm)  3 (>= 20.0 mm)
Heat Base: 18.3  Cool Base: 18.3  Method: Integration
Page Updated 23/10/2021 11:15:24
Powered by Cumulus v3.10.4 (3121)