Now
Today
Yesterday
This Month
This Year
Monthly Records
All Time Records
NOAA Style Reports
Archive Data
Trends
Gauges
Clifton PWS


Report for 2012 Apr
                   Monthly Climatological Summary for Apr 2012

Name: Shap Weather Station   City: Shap   State: Cumbria
Elevation: 250 m  Lat: N 54 31' 31"   Lon: W 002 40' 30"

                  Temperature (C), Rain (mm), Wind Speed (mph)

                                      Heat  Cool        Avg
    Mean                              Deg   Deg         Wind                 Dom
Day Temp  High   Time   Low    Time   Days  Days  Rain  Speed High   Time    Dir
----------------------------------------------------------------------------------
 1   6.3  13.0   13:15   0.0   02:38  11.9   0.0   0.0   1.6  13.0   12:33   WNW
 2   7.9  11.1   17:12   5.4   01:42  10.4   0.0   0.3   0.8   9.8   19:59   WNW
 3   4.1   7.4   09:24  -0.1   23:14  14.2   0.0   0.6   3.6  25.1   21:19   NNE
 4   2.9   6.1   14:49  -0.1   00:34  15.4   0.0   0.0   5.4  27.3   08:09    NE
 5   3.2   8.7   16:27  -4.1   06:44  15.1   0.0   0.0   0.9   9.8   17:26    NW
 6   7.3   9.6   15:31   4.5   02:15  11.0   0.0   0.9   2.1  13.6   11:49     W
 7   8.1  11.2   15:15   5.0   06:28  10.2   0.0   1.2   1.1   9.8   14:10    NW
 8   8.7  12.5   12:44   5.6   23:59   9.6   0.0   0.9   2.8  15.2   13:33   WSW
 9   6.5   8.4   13:37   5.0   02:10  11.8   0.0   3.9   4.5  19.0   06:54    SW
10   5.7  10.0   13:53   3.0   04:11  12.6   0.0   5.1   4.8  20.6   02:55   WSW
11   6.5  11.0   16:42   2.8   04:57  11.8   0.0   0.0   1.5  15.2   14:10   WNW
12   6.1  10.9   13:07   3.6   07:18  12.2   0.0   3.6   0.9  13.0   15:46   NNE
13   5.5  10.5   13:23   1.1   23:57  12.8   0.0   0.0   0.8   9.8   15:24   NNE
14   3.2   7.6   14:38  -1.5   04:49  15.2   0.0   0.0   1.8  15.2   14:51   NNE
15   3.1   7.9   13:51  -2.4   06:29  15.2   0.0   0.0   1.4  17.4   10:57   NNW
16   5.0   9.3   13:35   0.0   06:19  13.3   0.0   0.0   2.2  16.8   23:59    SW
17   5.9   9.5   15:20   3.1   03:09  12.4   0.0  14.7   6.2  24.4   05:29    SW
18   4.5   9.3   13:05   0.8   05:44  13.8   0.0   5.7   2.6  15.9   07:53   ENE
19   6.1   9.4   15:26   2.9   00:54  12.2   0.0   3.3   2.2  18.3   15:32   NNE
20   6.7  11.5   14:09   3.8   00:00  11.6   0.0   0.3   1.3  12.1   13:23     W
21   6.6  10.7   15:18   3.9   05:14  11.6   0.0   4.8   1.0  11.4   12:35     W
22   7.4  12.0   13:50   4.3   00:15  10.9   0.0   1.8   1.0  10.7   14:58   NNW
23   6.0  10.5   14:56   2.0   03:10  12.3   0.0   0.3   0.8   9.8   15:27    NE
24   5.9  11.1   13:19   2.2   04:19  12.4   0.0   1.8   0.6   8.3   14:54   WNW
25   5.7   8.6   10:48   2.6   01:55  12.7   0.0   0.3   4.6  23.5   15:53   ENE
26   6.7   7.9   14:51   5.4   23:14  11.7   0.0  23.4   2.2  13.6   12:43   NNE
27   6.1  10.5   14:42   2.4   23:50  12.2   0.0   0.0   1.8  13.6   10:31   NNE
28   4.9  10.1   15:21  -1.0   05:19  13.4   0.0   0.0   3.3  19.7   11:18    NE
29   4.3   6.3   11:50   2.7   02:10  14.1   0.0   5.7   4.2  22.8   10:55    NE
30   9.2  14.4   13:18   5.3   03:00   9.1   0.0   0.0   2.6  17.4   15:34     E
----------------------------------------------------------------------------------
     5.9  14.4    30    -4.1     5   373.1   0.0  78.6   2.4  27.3     4       N

Max >=  27.0:  0
Max <=   0.0:  0
Min <=   0.0:  8
Min <= -18.0:  0
Max Rain: 23.4 on day 26
Days of Rain: 19 (>= 0.2 mm)  9 (>= 2.0 mm)  1 (>= 20.0 mm)
Heat Base: 18.3  Cool Base: 18.3  Method: Integration
Page Updated 02/12/2021 07:45:20
Powered by Cumulus v3.10.4 (3121)