Now
Today
Yesterday
This Month
This Year
Monthly Records
All Time Records
NOAA Style Reports
Archive Data
Trends
Gauges
Clifton PWS


Report for 2011 May
                   Monthly Climatological Summary for May 2011

Name: Shap Weather   City:    State: Cumbria
Elevation: 250 m  Lat: N 54 31' 31"   Lon: W 002 40' 30"

                  Temperature (C), Rain (mm), Wind Speed (mph)

                                      Heat  Cool        Avg
    Mean                              Deg   Deg         Wind                 Dom
Day Temp  High   Time   Low    Time   Days  Days  Rain  Speed High   Time    Dir
----------------------------------------------------------------------------------
 1  11.5  18.3   14:56   4.1   23:54   6.8   0.0   0.0   3.6  23.0   10:49   ESE
 2   8.2  15.3   13:55   1.1   05:34  10.1   0.0   0.0   3.0  21.0   15:57   ESE
 3   7.3  15.0   14:45  -1.7   05:25  11.0   0.0   0.0   2.4  15.0   09:31   ESE
 4   9.6  18.7   16:58  -0.3   03:44   8.7   0.0   0.0   1.4  11.0   12:53     W
 5  11.9  19.1   14:42   6.1   01:35   6.4   0.0   4.2   2.1  15.0   15:36     W
 6  13.7  18.9   16:50  10.1   06:54   4.6   0.0   5.4   2.2  15.0   14:22     W
 7  14.9  18.5   18:24  11.7   05:31   3.4   0.0  30.3   2.0  15.0   00:05   ESE
 8  13.7  19.2   17:09   8.7   23:14   4.6   0.0   6.6   3.0  27.0   12:07     W
 9  11.8  18.2   12:15   8.1   05:04   6.5   0.0   6.0   2.4  16.0   11:11     W
10  11.0  15.3   14:11   8.3   01:06   7.3   0.0   1.2   6.0  25.0   13:24     W
11  10.9  15.0   12:29   8.1   23:16   7.4   0.0   1.8   6.7  27.0   16:28     W
12   9.9  15.2   16:36   7.8   22:07   8.4   0.0   9.6   3.7  16.0   15:52     W
13   9.0  13.3   15:44   5.8   23:55   9.3   0.0   2.7   4.5  22.0   10:46     W
14   9.6  13.9   15:07   5.5   00:45   8.7   0.0   0.6   3.0  16.0   13:08     W
15   9.6  12.6   18:52   6.3   01:26   8.7   0.0   0.6   2.9  18.0   13:21     W
16  12.0  14.5   17:45  10.8   22:45   6.3   0.0   1.5   4.5  21.0   15:13     W
17  12.1  15.6   12:31   9.9   05:35   6.2   0.0   0.3   2.7  16.0   13:45     W
18  11.3  14.1   09:59   8.6   21:54   7.0   0.0   0.9   4.8  21.0   11:31     W
19  10.1  15.4   12:47   5.9   05:34   8.2   0.0   0.0   2.6  15.0   15:45     W
20  10.0  14.4   16:53   6.6   00:05   8.3   0.0   0.3   5.4  27.0   09:30     W
21  10.4  15.4   14:22   6.5   02:45   7.9   0.0  19.5   4.4  22.0   14:36     W
22  10.1  15.4   16:56   7.4   10:15   8.2   0.0  13.2   8.0  36.0   08:32     W
23   9.3  12.0   13:37   6.9   23:14   9.0   0.0  31.2  11.9  48.0   14:58   WNW
24   9.2  13.1   14:31   5.9   23:35   9.1   0.0   0.3   6.1  26.0   12:38     W
25  10.6  17.3   14:36   4.0   04:15   7.7   0.0   0.0   2.6  21.0   13:43     W
26  10.2  14.6   11:21   8.4   06:14   8.1   0.0  17.1   2.3  15.0   13:49   WNW
27   9.5  14.8   13:55   7.3   06:34   8.8   0.0   0.0   4.0  30.0   19:43     W
28  10.1  12.3   16:16   7.9   14:07   8.2   0.0   3.6   5.9  21.0   01:33     W
29  11.2  15.9   15:31   8.1   00:03   7.1   0.0   1.2   5.8  29.0   10:29     W
30  10.0  15.4   17:12   4.9   23:33   8.3   0.0   0.3   2.5  15.0   09:24     W
31  10.5  16.2   17:10   4.1   00:33   7.8   0.0   0.0   2.9  17.0   17:25     W
----------------------------------------------------------------------------------
    10.6  19.2     8    -1.7     3   238.1   0.0 158.4   4.0  48.0    23       W

Max >=  27.0:  0
Max <=   0.0:  0
Min <=   0.0:  2
Min <= -18.0:  0
Max Rain: 31.2 on day 23
Days of Rain: 23 (>= 0.2 mm)  12 (>= 2.0 mm)  2 (>= 20.0 mm)
Heat Base: 18.3  Cool Base: 18.3  Method: Integration
Page Updated 23/10/2021 12:30:17
Powered by Cumulus v3.10.4 (3121)